{"id":2698,"date":"2023-11-03T10:01:26","date_gmt":"2023-11-03T03:01:26","guid":{"rendered":"https:\/\/thanglongbeauty.vn\/?page_id=2698"},"modified":"2023-11-03T10:01:26","modified_gmt":"2023-11-03T03:01:26","slug":"chinh-sach-giao-hang-danh-cho-si-va-ctv","status":"publish","type":"page","link":"https:\/\/thanglongbeauty.vn\/?page_id=2698","title":{"rendered":"CH\u00cdNH S\u00c1CH GIAO H\u00c0NG D\u00c0NH CHO S\u1ec8 V\u00c0 CTV"},"content":{"rendered":"<h1><span style=\"color: #282828;\"><b>CH\u00cdNH S\u00c1CH GIAO H\u00c0NG D\u00c0NH CHO S\u1ec8 V\u00c0 CTV<\/b><\/span><\/h1>\n<ol>\n<li><span style=\"font-weight: 400; color: #282828;\"> Giao h\u00e0ng tr\u00ean \u0111\u1ecba b\u00e0n TP. HCM:<\/span><\/li>\n<\/ol>\n<p><span style=\"font-weight: 400; color: #282828;\">\u2013 CTy Th\u0103ng Long c\u00f3 d\u1ecbch v\u1ee5 giao h\u00e0ng t\u1eadn nh\u00e0 v\u00e0 thu ti\u1ec1n t\u1eadn n\u01a1i tr\u00ean \u0111\u1ecba b\u00e0n TP.HCM.<\/span><\/p>\n<p><span style=\"font-weight: 400; color: #282828;\">\u2013 Th\u00f4ng qua c\u00e1c \u0111\u01a1n v\u1ecb v\u1eadn chuy\u1ec3n uy t\u00edn: Grab, lalamo, VN post\u2026<\/span><\/p>\n<p><span style=\"font-weight: 400; color: #282828;\">\u2013 Th\u1eddi gian giao h\u00e0ng: 1-3 ng\u00e0y<\/span><\/p>\n<p><span style=\"font-weight: 400; color: #282828;\">\u2013 Giao l\u1ea7n 1 kh\u00f4ng th\u00e0nh c\u00f4ng, s\u1ebd giao l\u1ea1i l\u1ea7n 2 trong t\u1eeb 1 \u0111\u1ebfn 2 ng\u00e0y ti\u1ebfp theo<\/span><\/p>\n<ol start=\"2\">\n<li><span style=\"font-weight: 400; color: #282828;\"> G\u1eedi h\u00e0ng t\u1eeb TP.HCM\u00a0 v\u1ec1 t\u1ec9nh\/ th\u00e0nh ph\u1ed1 kh\u00e1c:<\/span><\/li>\n<\/ol>\n<p><span style=\"font-weight: 400; color: #282828;\">\u2013 \u0110\u1ed1i v\u1edbi \u0111\u01a1n \u0111\u1eb7t h\u00e0ng ngo\u00e0i t\u1ec9nh, Th\u0103ng Long s\u1ebd g\u1eedi h\u00e0ng theo B\u01b0u \u0110i\u1ec7n, Xe Kh\u00e1ch ho\u1eb7c Ch\u00e0nh Xe.<\/span><\/p>\n<p><span style=\"font-weight: 400; color: #282828;\">\u2013 \u0110\u1ec3 ti\u1ec7n vi\u1ec7c nh\u1eadn h\u00e0ng, qu\u00fd kh\u00e1ch c\u00f3 th\u1ec3 g\u1eedi k\u00e8m th\u00f4ng tin nh\u00e0 xe n\u00e0o v\u1ec1 g\u1ea7n nh\u00e0, Ch\u00fang t\u00f4i s\u1ebd g\u1eedi h\u00e0ng theo xe \u0111\u00f3 v\u1ec1 cho anh\/ ch\u1ecb.<\/span><\/p>\n<p><span style=\"font-weight: 400; color: #282828;\">\u2013 \u0110\u1ed1i v\u1edbi qu\u00fd kh\u00e1ch \u1edf ngo\u1ea1i th\u00e0nh H\u1ed3 Ch\u00ed Minh v\u00e0 c\u00e1c t\u1ec9nh th\u00e0nh kh\u00e1c, sau khi ho\u00e0n t\u1ea5t th\u1ee7 t\u1ee5c \u0111\u1eb7t h\u00e0ng v\u00e0 th\u1ecfa thu\u1eadn thanh to\u00e1n kh\u00e1ch h\u00e0ng s\u1ebd nh\u1eadn h\u00e0ng trong v\u00f2ng t\u1eeb 02 \u0111\u1ebfn 05 ng\u00e0y t\u00f9y theo c\u00e1ch th\u1ee9c v\u1eadn chuy\u1ec3n.<\/span><\/p>\n<ol start=\"4\">\n<li><span style=\"font-weight: 400; color: #282828;\"> Quy tr\u00ecnh giao h\u00e0ng:<\/span><\/li>\n<\/ol>\n<p><span style=\"font-weight: 400; color: #282828;\">\u2013 Nh\u00e2n vi\u00ean c\u1ee7a ch\u00fang t\u00f4i s\u1ebd li\u00ean h\u1ec7 kh\u00e1ch h\u00e0ng \u0111\u1ec3 t\u01b0 v\u1ea5n ph\u01b0\u01a1ng th\u1ee9c giao h\u00e0ng tr\u1ef1c ti\u1ebfp qua\u00a0<\/span><\/p>\n<p><span style=\"font-weight: 400; color: #282828;\">\u2013 Giao h\u00e0ng \u0111\u1ebfn \u0111\u00fang \u0111\u1ecba ch\u1ec9 trong \u0111\u01a1n h\u00e0ng m\u00e0 kh\u00e1ch h\u00e0ng thanh to\u00e1n y\u00eau c\u1ea7u<\/span><\/p>\n<p><span style=\"font-weight: 400; color: #282828;\">\u2013 Th\u1eddi gian giao h\u00e0ng t\u1eeb th\u1ee9 hai \u0111\u1ebfn th\u1ee9 b\u1ea3y (8h \u0111\u1ebfn 18h)<\/span><\/p>\n<p><span style=\"font-weight: 400; color: #282828;\">\u2013 Th\u1eddi gian ch\u00ednh x\u00e1c c\u1ee7a vi\u1ec7c giao h\u00e0ng kh\u00f4ng th\u1ec3 ch\u1ec9 \u0111\u1ecbnh r\u00f5 (t\u00f9y thu\u1ed9c \u0111\u1ecba \u0111i\u1ec3m giao h\u00e0ng) nh\u01b0ng ch\u00fang t\u00f4i s\u1ebd c\u1ed1 g\u1eafng h\u1ebft s\u1ee9c \u0111\u1ec3 giao \u0111\u00fang th\u1eddi gian cho Qu\u00fd Kh\u00e1ch.<\/span><\/p>\n<p><span style=\"font-weight: 400; color: #282828;\">\u2013 Nh\u1eefng \u0111\u01a1n h\u00e0ng \u0111\u1eb7t mua sau 15h ng\u00e0y th\u1ee9 7 v\u00e0 trong ng\u00e0y Ch\u1ee7 nh\u1eadt s\u1ebd \u0111\u01b0\u1ee3c chuy\u1ec3n v\u00e0o ng\u00e0y th\u1ee9 hai c\u1ee7a tu\u1ea7n k\u1ebf ti\u1ebfp.<\/span><\/p>\n<p><span style=\"font-weight: 400; color: #282828;\">\u2013 Trong tr\u01b0\u1eddng h\u1ee3p v\u1edbi c\u00e1c \u0111\u01a1n h\u00e0ng \u0111\u00e3 \u0111\u01b0\u1ee3c thanh to\u00e1n nh\u01b0ng v\u00ec m\u1ed9t l\u00fd do kho h\u00e0ng h\u1ebft h\u00e0ng ho\u1eb7c h\u00e0ng h\u00f3a kh\u00f4ng \u0111\u1ea3m b\u1ea3o ch\u1ea5t l\u01b0\u1ee3ng. C\u00f4ng ty s\u1ebd th\u00f4ng b\u00e1o \u0111\u1ebfn kh\u00e1ch h\u00e0ng b\u1eb1ng \u0111i\u1ec7n tho\u1ea1i di \u0111\u1ed9ng ho\u1eb7c email thay \u0111\u1ed5i h\u00e0ng h\u00f3a ho\u1eb7c th\u1eddi gian giao h\u00e0ng.<\/span><\/p>\n<p><span style=\"font-weight: 400; color: #282828;\">*** M\u1ecdi chi ti\u1ebft xin li\u00ean h\u1ec7 S\u0110T 0818709009 \u0111\u1ec3 \u0111\u01b0\u1ee3c h\u1ed7 tr\u1ee3 ***<\/span><\/p>\n<p>&nbsp;<\/p>\n","protected":false},"excerpt":{"rendered":"<p>CH\u00cdNH S\u00c1CH GIAO H\u00c0NG D\u00c0NH CHO S\u1ec8 V\u00c0 CTV Giao h\u00e0ng tr\u00ean \u0111\u1ecba b\u00e0n TP. HCM: \u2013 CTy Th\u0103ng Long c\u00f3 d\u1ecbch v\u1ee5 giao h\u00e0ng t\u1eadn nh\u00e0 v\u00e0 thu ti\u1ec1n t\u1eadn n\u01a1i tr\u00ean \u0111\u1ecba b\u00e0n TP.HCM. \u2013 Th\u00f4ng qua c\u00e1c \u0111\u01a1n v\u1ecb v\u1eadn chuy\u1ec3n uy t\u00edn: Grab, lalamo, VN post\u2026 \u2013 Th\u1eddi gian giao h\u00e0ng:&#8230;<\/p>\n","protected":false},"author":1,"featured_media":0,"parent":0,"menu_order":0,"comment_status":"closed","ping_status":"closed","template":"page-blank-title-center.php","meta":{"footnotes":""},"class_list":["post-2698","page","type-page","status-publish","hentry"],"acf":[],"_links":{"self":[{"href":"https:\/\/thanglongbeauty.vn\/index.php?rest_route=\/wp\/v2\/pages\/2698","targetHints":{"allow":["GET"]}}],"collection":[{"href":"https:\/\/thanglongbeauty.vn\/index.php?rest_route=\/wp\/v2\/pages"}],"about":[{"href":"https:\/\/thanglongbeauty.vn\/index.php?rest_route=\/wp\/v2\/types\/page"}],"author":[{"embeddable":true,"href":"https:\/\/thanglongbeauty.vn\/index.php?rest_route=\/wp\/v2\/users\/1"}],"replies":[{"embeddable":true,"href":"https:\/\/thanglongbeauty.vn\/index.php?rest_route=%2Fwp%2Fv2%2Fcomments&post=2698"}],"version-history":[{"count":0,"href":"https:\/\/thanglongbeauty.vn\/index.php?rest_route=\/wp\/v2\/pages\/2698\/revisions"}],"wp:attachment":[{"href":"https:\/\/thanglongbeauty.vn\/index.php?rest_route=%2Fwp%2Fv2%2Fmedia&parent=2698"}],"curies":[{"name":"wp","href":"https:\/\/api.w.org\/{rel}","templated":true}]}}