{"id":5755,"date":"2020-10-02T09:08:00","date_gmt":"2020-10-02T09:08:00","guid":{"rendered":"https:\/\/thanglongbeauty.vn\/?post_type=product&#038;p=5755"},"modified":"2026-01-13T09:48:24","modified_gmt":"2026-01-13T09:48:24","slug":"kem-danh-rang-bis-up-nano-charcoal-100g-han-quoc","status":"publish","type":"product","link":"https:\/\/thanglongbeauty.vn\/?product=kem-danh-rang-bis-up-nano-charcoal-100g-han-quoc","title":{"rendered":"Kem \u0111\u00e1nh r\u0103ng Bis-Up Nano Charcoal 100G (H\u00e0n Qu\u1ed1c)"},"content":{"rendered":"<p><strong>TH\u00d4NG TIN S\u1ea2N PH\u1ea8M<\/strong><\/p>\n<p>S\u1ea3n ph\u1ea9m c\u00f4ng ngh\u1ec7 NANO v\u1edbi c\u00e1c si\u00eau ph\u00e2n t\u1eed ion Charcoal ,c\u00f3 t\u00e1c d\u1ee5ng t\u1ea5n c\u00f4ng v\u00e0 ti\u00eau di\u1ec7t c\u00e1c lo\u1ea1i vi khu\u1ea9n g\u00e2y h\u1ea1i, Canxi cacbonat k\u1ebft t\u1ee7a, xylitol, keo ong ..gi\u00fap ng\u0103n ng\u1eeba cao r\u0103ng,ng\u0103n ng\u1eeba h\u00ecnh th\u00e0nh m\u1ea3ng b\u00e1m,ng\u0103n ng\u1eeba vi\u00eam l\u1ee3i, ph\u00f2ng ch\u1ed1ng c\u00e1c b\u1ec7nh v\u1ec1 n\u1ee9u l\u1ee3i, Charcoal c\u00f3 t\u00ednh h\u1ea5p th\u1ee5 ch\u1ea5t \u0111\u1ed9c cao gi\u00fap ng\u0103n ng\u1eeba v\u00e0 ch\u1eefa tr\u1ecb vi\u00eam lo\u00e9t mi\u1ec7ng, ch\u1ea3y m\u00e1u n\u01b0\u1edbu r\u0103ng, n\u01b0\u1edbu b\u1ecb s\u01b0ng, vi\u00eam nha chu v\u00e0 lo\u1ea1i b\u1ecf c\u00e1c v\u1ebft \u1ed1, v\u1ebft tr\u00e0, v\u1ebft b\u1ea3n, l\u00e0m s\u1ea1ch cho b\u1ea1n h\u00e0m r\u0103ng CH\u1eaeC KH\u1eceE v\u00e0 TR\u1eaeNG S\u00c1NG t\u1ef1 nhi\u00ean. Kem \u0111\u00e1nh r\u0103ng Nano Charcoal k\u1ebft h\u1ee3p c\u00f9ng h\u01b0\u01a1ng v\u1ecb b\u1ea1c h\u00e0 mang \u0111\u1ebfn c\u1ea3m gi\u00e1c s\u1ea3ng kho\u00e1i v\u00e0 h\u01a1i th\u1edf th\u01a1m tho su\u1ed1t c\u1ea3 ng\u00e0y.<\/p>\n<p>&#8211; Kem \u0111\u00e1nh r\u0103ng b\u1ea1c &#038; than ho\u1ea1t t\u00ednh hi\u1ec7u Bis-up \u0111\u01b0\u1ee3c nh\u1eadp kh\u1ea9u t\u1eeb H\u00e0n Qu\u1ed1c.<\/p>\n<p>&#8211; S\u1ea3n ph\u1ea9m \u0111\u1eb7c bi\u1ec7t d\u00e0nh cho r\u0103ng nh\u1ea1y c\u1ea3m v\u1edbi t\u00ednh n\u0103ng ch\u1ed1ng \u00ea bu\u1ed1t v\u01b0\u1ee3t tr\u1ed9i nh\u1edd t\u00e1c d\u1ee5ng kh\u00e1ng khu\u1ea9n v\u00e0 H\u00e0n g\u1eafn t\u1ed5n th\u01b0\u01a1ng nhanh ch\u00f3ng c\u1ee7a Ion b\u1ea1c. <\/p>\n<p>&#8211; T\u00ednh n\u0103ng l\u00e0m tr\u1eafng, ch\u1eafc r\u0103ng, d\u1ec5 d\u00e0ng \u0111\u00e1nh bay m\u1ea3ng b\u00e1m v\u00e0 kh\u1eed m\u00f9i h\u00f4i Charcoal (than tre ho\u1ea1t t\u00ednh) <\/p>\n<p>&#8211; \u0110\u1eb7c bi\u1ec7t h\u1eefu d\u1ee5ng cho ng\u01b0\u1eddi h\u00fat t.l\u00e1<\/p>\n<p><strong>H\u01b0\u1edbng d\u1eabn s\u1eed d\u1ee5ng:<\/strong><\/p>\n<p>D\u00f9ng t\u1ed1i thi\u1ec3u 1g kem \u0111\u00e1nh r\u0103ng m\u1ed7i l\u1ea7n.<\/p>\n<p>Tr\u1ebb em d\u01b0\u1edbi 6 tu\u1ed5i s\u1eed d\u1ee5ng d\u01b0\u1edbi s\u1ef1 h\u01b0\u1edbng d\u1eabn c\u1ee7a ng\u01b0\u1eddi l\u1edbn.<\/p>\n<p>Ch\u1ea3i r\u0103ng 2 l\u1ea7n\/ng\u00e0y ho\u1eb7c theo h\u01b0\u1edbng d\u1eabn c\u1ee7a nha s\u0129.<\/p>\n<p><strong>H\u01b0\u1edbng d\u1eabn b\u1ea3o qu\u1ea3n: <\/strong><\/p>\n<p>B\u1ea3o qu\u1ea3n n\u01a1i kh\u00f4 r\u00e1o, tho\u00e1ng m\u00e1t, tr\u00e1nh \u00e1nh n\u1eafng tr\u1ef1c ti\u1ebfp v\u00e0 nhi\u1ec7t \u0111\u1ed9 cao.<\/p>\n<p>Kh\u1ed1i l\u01b0\u1ee3ng: 100g<br \/>\n<strong>Th\u00f4ng tin th\u01b0\u01a1ng hi\u1ec7u<\/strong><\/p>\n<p>Bis &#8211; up l\u00e0 th\u01b0\u01a1ng hi\u1ec7u c\u1ee7a c\u00f4ng ty Green Wonil Co.,LTD, H\u00e0n Qu\u1ed1c. Tr\u1ea3i qua h\u01a1n 10 n\u0103m kinh nghi\u1ec7m, Green Wonil l\u00e0 c\u00f4ng ty chuy\u00ean s\u1ea3n xu\u1ea5t c\u00e1c d\u00f2ng s\u1ea3n ph\u1ea9m ch\u0103m s\u00f3c t\u00f3c, kem \u0111\u00e1nh r\u0103ng, m\u1ef9 ph\u1ea9m,&#8230; \u0111\u01b0\u1ee3c nhi\u1ec1u ng\u01b0\u1eddi ti\u00eau d\u00f9ng H\u00e0n Qu\u1ed1c \u01b0a chu\u1ed9ng. V\u1edbi ti\u00eau ch\u00ed kh\u00f4ng ch\u1ec9 l\u00e0m \u0111\u1eb9p m\u00e0 c\u00f2n gi\u00fap c\u01a1 th\u1ec3 kh\u1ecfe m\u1ea1nh, c\u00e1c d\u00f2ng s\u1ea3n ph\u1ea9m c\u1ee7a Green Wonil \u0111\u1ec1u \u0111\u01b0\u1ee3c s\u1ea3n xu\u1ea5t v\u1edbi c\u00e1c th\u00e0nh ph\u1ea7n an to\u00e0n cho s\u1ee9c kh\u1ecfe. Hi\u1ec7n nay, th\u01b0\u01a1ng hi\u1ec7u Bis &#8211; up c\u1ee7a c\u00f4ng ty Green Wonil \u0111\u00e3 xu\u1ea5t hi\u1ec7n v\u00e0 \u0111\u01b0\u1ee3c b\u00e0y b\u00e1n t\u1ea1i Vi\u1ec7t Nam.<\/p>\n","protected":false},"excerpt":{"rendered":"<p>TH\u00d4NG TIN S\u1ea2N PH\u1ea8M S\u1ea3n ph\u1ea9m c\u00f4ng ngh\u1ec7 NANO v\u1edbi c\u00e1c si\u00eau ph\u00e2n t\u1eed ion Charcoal ,c\u00f3 t\u00e1c d\u1ee5ng t\u1ea5n c\u00f4ng v\u00e0 ti\u00eau di\u1ec7t c\u00e1c lo\u1ea1i vi khu\u1ea9n g\u00e2y h\u1ea1i, Canxi cacbonat k\u1ebft t\u1ee7a, xylitol, keo ong ..gi\u00fap ng\u0103n ng\u1eeba cao r\u0103ng,ng\u0103n ng\u1eeba h\u00ecnh th\u00e0nh m\u1ea3ng b\u00e1m,ng\u0103n ng\u1eeba vi\u00eam l\u1ee3i, ph\u00f2ng ch\u1ed1ng c\u00e1c b\u1ec7nh v\u1ec1&#8230;<\/p>\n","protected":false},"featured_media":4035,"comment_status":"open","ping_status":"closed","template":"","meta":[],"product_brand":[],"product_cat":[1474,1393,1418,1477],"product_tag":[1774,1775],"class_list":{"0":"post-5755","1":"product","2":"type-product","3":"status-publish","4":"has-post-thumbnail","6":"product_cat-ban-chai-danh-rang","7":"product_cat-cham-soc-suc-khoe","8":"product_cat-cham-soc-rang-mieng","9":"product_cat-kem-danh-rang","10":"product_tag-kem-danh-rang","11":"product_tag-kem-danh-rang-cho-be","13":"first","14":"outofstock","15":"shipping-taxable","16":"purchasable","17":"product-type-simple"},"acf":[],"_links":{"self":[{"href":"https:\/\/thanglongbeauty.vn\/index.php?rest_route=\/wp\/v2\/product\/5755","targetHints":{"allow":["GET"]}}],"collection":[{"href":"https:\/\/thanglongbeauty.vn\/index.php?rest_route=\/wp\/v2\/product"}],"about":[{"href":"https:\/\/thanglongbeauty.vn\/index.php?rest_route=\/wp\/v2\/types\/product"}],"replies":[{"embeddable":true,"href":"https:\/\/thanglongbeauty.vn\/index.php?rest_route=%2Fwp%2Fv2%2Fcomments&post=5755"}],"wp:featuredmedia":[{"embeddable":true,"href":"https:\/\/thanglongbeauty.vn\/index.php?rest_route=\/wp\/v2\/media\/4035"}],"wp:attachment":[{"href":"https:\/\/thanglongbeauty.vn\/index.php?rest_route=%2Fwp%2Fv2%2Fmedia&parent=5755"}],"wp:term":[{"taxonomy":"product_brand","embeddable":true,"href":"https:\/\/thanglongbeauty.vn\/index.php?rest_route=%2Fwp%2Fv2%2Fproduct_brand&post=5755"},{"taxonomy":"product_cat","embeddable":true,"href":"https:\/\/thanglongbeauty.vn\/index.php?rest_route=%2Fwp%2Fv2%2Fproduct_cat&post=5755"},{"taxonomy":"product_tag","embeddable":true,"href":"https:\/\/thanglongbeauty.vn\/index.php?rest_route=%2Fwp%2Fv2%2Fproduct_tag&post=5755"}],"curies":[{"name":"wp","href":"https:\/\/api.w.org\/{rel}","templated":true}]}}