{"id":8840,"date":"2025-10-20T04:10:07","date_gmt":"2025-10-20T04:10:07","guid":{"rendered":"https:\/\/thanglongbeauty.vn\/?post_type=product&#038;p=8840"},"modified":"2025-10-21T07:57:42","modified_gmt":"2025-10-21T07:57:42","slug":"ta-dan-nguoi-lon-caryn-m40-mieng","status":"publish","type":"product","link":"https:\/\/thanglongbeauty.vn\/?product=ta-dan-nguoi-lon-caryn-m40-mieng","title":{"rendered":"T\u00e3 d\u00e1n ng\u01b0\u1eddi l\u1edbn Caryn M40 Mi\u1ebfng"},"content":{"rendered":"<p>T\u00e3 d\u00e1n Caryn cho ng\u01b0\u1eddi gi\u00e0 40 mi\u1ebfng, T\u00e3 d\u00e1n Caryn Size M40 \u2013 V\u00f2ng H\u00f4ng 61 \u2013 106Cm. \u0110ai l\u01b0ng \u00f4m v\u1eeba v\u1eb7n, c\u1ed1 \u0111\u1ecbnh mi\u1ebfng t\u00e3 d\u00e1n t\u1ed1t, cho b\u1ea1n tho\u1ea3i m\u00e1i c\u1eed \u0111\u1ed9ng m\u00e0 kh\u00f4ng lo t\u1ea5m l\u00f3t b\u1ecb x\u00ea d\u1ecbch. T\u00e3 c\u00f3 m\u00e0ng \u0111\u00e1y Air-Active v\u00e0 l\u00f5i b\u00f4ng si\u00eau th\u1ea5m h\u00fat, gi\u1ea3i quy\u1ebft n\u1ed7i lo v\u1ec7 sinh khi cho nh\u1eefng ng\u01b0\u1eddi l\u1edbn tu\u1ed5i ho\u1eb7c nh\u1eefng ng\u01b0\u1eddi kh\u00f4ng th\u1ec3 ki\u1ec3m so\u00e1t v\u1ea5n \u0111\u1ec1 v\u1ec7 sinh.<\/p>\n<p>T\u00e3 d\u00e1n Caryn cho ng\u01b0\u1eddi gi\u00e0 10 mi\u1ebfng, T\u00e3 d\u00e1n Caryn Size M10 \u2013 V\u00f2ng H\u00f4ng 61 \u2013 106Cm<\/p>\n<p>Th\u00f4ng tin s\u1ea3n ph\u1ea9m<\/p>\n<p>L\u00f5i b\u00f4ng si\u00eau th\u1ea5m h\u00fat, m\u00e0ng \u0111\u00e1y Air-Active tho\u00e1ng kh\u00ed<\/p>\n<p>Mi\u1ebfng l\u00f3t thi\u1ebft k\u1ebf l\u00f5i b\u00f4ng si\u00eau th\u1ea5m h\u00fat cho kh\u1ea3 n\u0103ng h\u00fat ch\u1ea5t l\u1ecfng nhanh h\u01a1n, gi\u1eef cho b\u1ec1 m\u1eb7t t\u00e3 lu\u00f4n kh\u00f4 tho\u00e1ng ho\u00e0n h\u1ea3o. T\u00e3 c\u00f3 m\u00e0ng \u0111\u00e1y Air-Active d\u1ea1ng v\u1ea3i v\u1eeba m\u1ec1m m\u1ea1i v\u1eeba \u0111\u1ea9y to\u00e0n b\u1ed9 h\u01a1i \u1ea9m \u1edf b\u00ean trong ra kh\u1ecfi b\u1ec1 m\u1eb7t, kh\u00f4ng g\u00e2y b\u00ed b\u00e1ch, gi\u1eef cho ng\u01b0\u1eddi m\u1eb7c c\u1ea3m gi\u00e1c tho\u1ea3i m\u00e1i h\u01a1n.<\/p>\n<p>Nguy\u00ean l\u00fd \u201cchi\u1ebfu tr\u00fac\u201d t\u0103ng c\u01b0\u1eddng tu\u1ea7n ho\u00e0n m\u00e1u, ch\u1ed1ng tr\u00e0n hi\u1ec7u qu\u1ea3<\/p>\n<p>B\u1ec1 m\u1eb7t t\u00e3 \u0111\u01b0\u1ee3c c\u1ea5u t\u1ea1o theo nguy\u00ean l\u00fd \u201cchi\u1ebfu tr\u00fac\u201d v\u1edbi ch\u1ee9c n\u0103ng m\u00e1t xa, h\u1ed7 tr\u1ee3 qu\u00e1 tr\u00ecnh tu\u1ea7n ho\u00e0n m\u00e1u v\u00e0 gi\u00fap l\u01b0u th\u00f4ng kh\u00f4ng kh\u00ed. Nh\u1edd \u0111\u00f3, t\u00e3 kh\u00f4ng ch\u1ec9 gi\u00fap b\u1ea1n v\u1ec7 sinh c\u01a1 th\u1ec3 t\u1ed1t h\u01a1n m\u00e0 c\u00f2n \u0111\u1ea3m b\u1ea3o s\u1ee9c kh\u1ecfe cho c\u01a1 th\u1ec3 m\u1ed7i ng\u00e0y. Ngo\u00e0i ra, t\u00e3 c\u00f2n c\u00f3 v\u00e1ch ch\u1ed1ng tr\u00e0o si\u00eau m\u1ec1m, ng\u0103n ch\u1ea5t l\u1ecfng tr\u00e0o ra ngo\u00e0i, kh\u00f4ng g\u00e2y kh\u00f3 ch\u1ecbu hay \u0111\u1ec3 l\u1ea1i v\u1ebft h\u1eb1n khi m\u1eb7c.<\/p>\n<p>Kho\u00e1 d\u00ednh d\u1ec5 m\u1eb7c, ti\u1ec7n s\u1eed d\u1ee5ng<\/p>\n<p>S\u1ea3n ph\u1ea9m s\u1eed d\u1ee5ng l\u1ea1i kh\u00f3a d\u00ednh \u0111\u00f4i \u0111\u1eb7c bi\u1ec7t c\u00f3 th\u1ec3 d\u00e1n \u0111i d\u00e1n l\u1ea1i nhi\u1ec1u l\u1ea7n m\u00e0 v\u1eabn b\u00e1m ch\u1eafc ch\u1eafn, cho ph\u00e9p ng\u01b0\u1eddi d\u00f9ng v\u1eadn \u0111\u1ed9ng c\u01a1 th\u1ec3, \u0111i l\u1ea1i m\u00e0 v\u1eabn kh\u00f4ng b\u1ecb x\u00ea d\u1ecbch t\u00e3 l\u00f3t. Khi t\u00e3 th\u1ea5m h\u00fat nhi\u1ec1u, l\u1edbp m\u1ef1c in s\u1ebd m\u1edd d\u1ea7n \u0111\u1ec3 b\u00e1o hi\u1ec7u \u0111\u1ebfn l\u00fac ph\u1ea3i thay t\u00e3 m\u00e0 kh\u00f4ng c\u1ea7n ph\u1ea3i m\u1edf t\u00e3 \u0111\u1ec3 ki\u1ec3m tra, r\u1ea5t ti\u1ec7n l\u1ee3i v\u00e0 d\u1ec5 s\u1eed d\u1ee5ng.<\/p>\n<p>Gi\u00fap b\u1ea1n ch\u0103m s\u00f3c s\u1ee9c kh\u1ecfe v\u1ec7 sinh t\u1ed1t h\u01a1n<\/p>\n<p>T\u00e3 D\u00e1n Caryn l\u00e0 l\u1ef1a ch\u1ecdn \u0111\u00e1ng tin c\u1eady \u0111\u1ec3 ch\u0103m s\u00f3c s\u1ee9c kh\u1ecfe v\u00e0 v\u1ec7 sinh cho nh\u1eefng ng\u01b0\u1eddi l\u1edbn tu\u1ed5i ho\u1eb7c nh\u1eefng ng\u01b0\u1eddi kh\u00f4ng th\u1ec3 ki\u1ec3m so\u00e1t v\u1ea5n \u0111\u1ec1 v\u1ec7 sinh, g\u1eb7p kh\u00f3 kh\u0103n trong qu\u00e1 tr\u00ecnh b\u00e0i ti\u1ebft.<\/p>\n<p>H\u01b0\u1edbng d\u1eabn ch\u1ecdn size<\/p>\n<p>\u2013 M: Ph\u00f9 h\u1ee3p v\u1edbi ng\u01b0\u1eddi c\u00f3 s\u1ed1 \u0111o v\u00f2ng h\u00f4ng 60-100 cm<\/p>\n<p>\u2013 M\/L: Ph\u00f9 h\u1ee3p ng\u01b0\u1eddi c\u00f3 s\u1ed1 \u0111o v\u00f2<\/p>\n","protected":false},"excerpt":{"rendered":"<p>T\u00e3 d\u00e1n Caryn cho ng\u01b0\u1eddi gi\u00e0 40 mi\u1ebfng, T\u00e3 d\u00e1n Caryn Size M40 \u2013 V\u00f2ng H\u00f4ng 61 \u2013 106Cm. \u0110ai l\u01b0ng \u00f4m v\u1eeba v\u1eb7n, c\u1ed1 \u0111\u1ecbnh mi\u1ebfng t\u00e3 d\u00e1n t\u1ed1t, cho b\u1ea1n tho\u1ea3i m\u00e1i c\u1eed \u0111\u1ed9ng m\u00e0 kh\u00f4ng lo t\u1ea5m l\u00f3t b\u1ecb x\u00ea d\u1ecbch. T\u00e3 c\u00f3 m\u00e0ng \u0111\u00e1y Air-Active v\u00e0 l\u00f5i b\u00f4ng si\u00eau th\u1ea5m h\u00fat,&#8230;<\/p>\n","protected":false},"featured_media":6831,"comment_status":"open","ping_status":"closed","template":"","meta":[],"product_brand":[1539],"product_cat":[15,1451,1410,1534,1411],"product_tag":[1654,153,1653,157,511,1652,1655,505,1656,1657,1658,1661,1659,1660],"class_list":{"0":"post-8840","1":"product","2":"type-product","3":"status-publish","4":"has-post-thumbnail","6":"product_brand-caryn","7":"product_cat-chua-phan-loai","8":"product_cat-caryn","9":"product_cat-ta-nguoi-lon","10":"product_cat-ta-bim-nguoi-lon","11":"product_cat-ta-nguoi-lon-caryn","12":"product_tag-bim-nguoi-gia","13":"product_tag-caryn","14":"product_tag-ta-bim-nguoi-gia","15":"product_tag-ta-bim-nguoi-lon","16":"product_tag-ta-caryn","17":"product_tag-ta-dan-caryn","18":"product_tag-ta-dan-nguoi-gia","19":"product_tag-ta-dan-nguoi-lon","20":"product_tag-ta-quan-caryn","21":"product_tag-ta-quan-nguoi-lon","22":"product_tag-tam-lot","23":"product_tag-tam-lot-caryn","24":"product_tag-tam-lot-nguoi-gia","25":"product_tag-tam-lot-nguoi-lon","27":"first","28":"instock","29":"sale","30":"shipping-taxable","31":"purchasable","32":"product-type-simple"},"acf":[],"_links":{"self":[{"href":"https:\/\/thanglongbeauty.vn\/index.php?rest_route=\/wp\/v2\/product\/8840","targetHints":{"allow":["GET"]}}],"collection":[{"href":"https:\/\/thanglongbeauty.vn\/index.php?rest_route=\/wp\/v2\/product"}],"about":[{"href":"https:\/\/thanglongbeauty.vn\/index.php?rest_route=\/wp\/v2\/types\/product"}],"replies":[{"embeddable":true,"href":"https:\/\/thanglongbeauty.vn\/index.php?rest_route=%2Fwp%2Fv2%2Fcomments&post=8840"}],"wp:featuredmedia":[{"embeddable":true,"href":"https:\/\/thanglongbeauty.vn\/index.php?rest_route=\/wp\/v2\/media\/6831"}],"wp:attachment":[{"href":"https:\/\/thanglongbeauty.vn\/index.php?rest_route=%2Fwp%2Fv2%2Fmedia&parent=8840"}],"wp:term":[{"taxonomy":"product_brand","embeddable":true,"href":"https:\/\/thanglongbeauty.vn\/index.php?rest_route=%2Fwp%2Fv2%2Fproduct_brand&post=8840"},{"taxonomy":"product_cat","embeddable":true,"href":"https:\/\/thanglongbeauty.vn\/index.php?rest_route=%2Fwp%2Fv2%2Fproduct_cat&post=8840"},{"taxonomy":"product_tag","embeddable":true,"href":"https:\/\/thanglongbeauty.vn\/index.php?rest_route=%2Fwp%2Fv2%2Fproduct_tag&post=8840"}],"curies":[{"name":"wp","href":"https:\/\/api.w.org\/{rel}","templated":true}]}}