{"id":8876,"date":"2025-10-20T04:10:14","date_gmt":"2025-10-20T04:10:14","guid":{"rendered":"https:\/\/thanglongbeauty.vn\/?post_type=product&#038;p=8876"},"modified":"2026-01-13T11:08:02","modified_gmt":"2026-01-13T11:08:02","slug":"ta-bim-quan-bobby-skt-xl66-6-mieng","status":"publish","type":"product","link":"https:\/\/thanglongbeauty.vn\/?product=ta-bim-quan-bobby-skt-xl66-6-mieng","title":{"rendered":"T\u00e3\/B\u1ec9m Qu\u1ea7n Bobby SKT XL66 (6) Mi\u1ebfng"},"content":{"rendered":"<p>(T\u1eb6NG TH\u00caM 6 MI\u1ebeNG )T\u00c3 QU\u1ea6N BOBBY S54+6 , M42+6 , L38+6 , XL34+6 , XXL30+6 , XXXL24+6<\/p>\n<p>CHI TI\u1ebeT S\u1ea2N PH\u1ea8M<\/p>\n<p>L\u01afU \u00dd : +6 C\u00d3 NGH\u0128A L\u00c0 H\u00c0NG T\u1eb6NG TH\u00caM 6 MI\u1ebeNG . KH\u00c1CH H\u00c0NG CH\u1eccN PH\u00c2N LO\u1ea0I CHO CH\u00cdNH X\u00c1C TR\u00c1CH HI\u1ec2U L\u1ea6M R\u1ed2I KHI\u1ebeU N\u1ea0I SHOP .<\/p>\n<p>TH\u00d4NG TIN S\u1ea2N PH\u1ea8M<\/p>\n<p>Xu\u1ea5t x\u1ee9 : Nh\u1eadt B\u1ea3n<br \/>\nH\u1ea1n s\u1eed d\u1ee5ng : 4 n\u0103m k\u1ec3 t\u1eeb NSX<\/p>\n<p>size S &#8211; 54 mi\u1ebfng d\u00e0nh cho b\u00e9 4-8kg*Size M &#8211; g\u00f3i 42 mi\u1ebfng d\u00e0nh cho b\u00e9 t\u1eeb 6 &#8211; 10kg*Size L &#8211; g\u00f3i 38 mi\u1ebfng d\u00e0nh cho b\u00e9 t\u1eeb 9 &#8211; 13kg*Size XL &#8211; g\u00f3i 34 mi\u1ebfng d\u00e0nh cho b\u00e9 t\u1eeb 12 &#8211; 17kg*Size XXL &#8211; g\u00f3i 30 mi\u1ebfng d\u00e0nh cho b\u00e9 tr\u00ean 16kg<\/p>\n<p>size XXXL g\u00f3i 24 mi\u1ebfng d\u00e0nh cho b\u00e9 20-35kg<\/p>\n<p>&#8211; N\u01a1i s\u1ea3n xu\u1ea5t : Vi\u1ec7t Nam<br \/>\n Cam k\u1ebft mua 1 \u0111\u1ed5i 1 n\u1ebfu ch\u1ea5t l\u01b0\u1ee3ng s\u1ea3n ph\u1ea9m c\u00f3 v\u1ea5n \u0111\u1ec1 Bao b\u00ec thay \u0111\u1ed5i t\u1eebng \u0111\u1ee3t nh\u1eadp h\u00e0ng<br \/>\n.\u0110\u1eb6C \u0110I\u1ec2M N\u1ed4I B\u1eacT<br \/>\n B\u1ec1 m\u1eb7t 3D kh\u00f4 tho\u00e1ng C\u1ea5u t\u1ea1o d\u1ea1ng s\u00f3ng v\u1edbi v\u00f4 s\u1ed1 r\u00e3nh th\u1ea5m h\u00fat si\u00eau nhanh, \u0111\u1ea9y h\u01a1i n\u00f3ng \u1ea9m ra ngo\u00e0i, cho b\u1ec1 m\u1eb7t t\u00e3 kh\u00f4 tho\u00e1ng d\u00e0i l\u00e2u. H\u1ec7 thun linh ho\u1ea1t \u0110\u1ed9 d\u00e0i t\u1eebng s\u1ee3i thun \u0111\u01b0\u1ee3c \u0111i\u1ec1u ch\u1ec9nh d\u00e0i ng\u1eafn ph\u00f9 h\u1ee3p v\u1edbi b\u1ee5ng, eo v\u00e0 m\u00f4ng b\u00e9, co gi\u00e3n linh ho\u1ea1t \u0111a chi\u1ec1u theo t\u1eebng c\u1eed \u0111\u1ed9ng n\u00ean lu\u00f4n \u00f4m v\u1eeba v\u1eb7n, tho\u1ea3i m\u00e1i. Thi\u1ebft k\u1ebf thun cong, \u00f4m v\u1eeba v\u1eb7n \u0110\u01b0\u1eddng thun v\u1edbi thi\u1ebft k\u1ebf cong \u0111\u1eb7c bi\u1ec7t ph\u00eda sau t\u00e3 gi\u00fap \u00f4m tr\u1ecdn h\u1ebft m\u00f4ng n\u00ean lu\u00f4n v\u1eeba v\u1eb7n v\u00e0 ng\u0103n tr\u00e0n t\u1ed1t. L\u00f5i th\u1ea5m h\u00fat m\u1ecfng nh\u1eb9 \u1ee8ng d\u1ee5ng c\u00f4ng ngh\u1ec7 ti\u00ean ti\u1ebfn c\u1ee7a Nh\u1eadt B\u1ea3n, l\u00f5i th\u1ea5m h\u00fat \u0111\u01b0\u1ee3c \u00e9p ch\u1eb7t gi\u00fap t\u00e3 m\u1ecfng nh\u1eb9 h\u01a1n, cho b\u00e9 s\u1ef1 tho\u1ea3i m\u00e1i trong t\u1eebng c\u1eed \u0111\u1ed9ng. D\u1ea3i b\u0103ng d\u00ednh cu\u1ed1n mi\u1ebfng t\u00e3 sau s\u1eed d\u1ee5ng Gi\u00fap m\u1eb9 cu\u1ed1n mi\u1ebfng t\u00e3 l\u1ea1i g\u1ecdn g\u00e0ng sau s\u1eed d\u1ee5ng, gi\u1eef v\u1ec7 sinh v\u00e0 ti\u1ec7n l\u1ee3i. M\u00e0ng \u0111\u00e1y tho\u00e1t \u1ea9m \u0111a chi\u1ec1u \u0110\u1ea9y h\u01a1i n\u00f3ng \u1ea9m ra ngo\u00e0i, gi\u00fap da h\u00f4 h\u1ea5p t\u1ef1 nhi\u00ean, ng\u0103n ng\u1eeba h\u0103m t\u00e3. B\u1ed5 sung h\u01b0\u01a1ng tr\u00e0 xanh Nh\u1eadt B\u1ea3n t\u1ef1 nhi\u00ean si\u00eau d\u1ecbu nh\u1eb9 v\u1edbi 2 c\u00f4ng d\u1ee5ng cho c\u1ea3 b\u00e9 v\u00e0 m\u1eb9 tr\u1ea3i nghi\u1ec7m ho\u00e0n to\u00e0n m\u1edbi: &#8211; Gi\u00fap l\u00e0n da b\u00e9 c\u00f3 c\u1ea3m gi\u00e1c lu\u00f4n lu\u00f4n d\u1ecbu m\u00e1t &#038; kh\u00f4 tho\u00e1ng, t\u0103ng c\u01b0\u1eddng ch\u1ee9c n\u0103ng di\u1ec7t khu\u1ea9n v\u1ed1n c\u00f3 t\u1eeb tr\u00e0 xanh &#8211; \u00c1t b\u1edbt m\u00f9i kh\u00f3 ch\u1ecbu t\u1eeb ch\u1ea5t th\u1ea3i c\u1ee7a b\u00e9, gi\u00fap m\u1eb9 tho\u1ea3i m\u00e1i h\u01a1n trong c\u00f4ng cu\u1ed9c thay t\u00e3 cho b\u00e9 y\u00eau<br \/>\nTH\u00d4NG TIN TH\u01af\u01a0NG HI\u1ec6U Bobby l\u00e0 th\u01b0\u01a1ng hi\u1ec7u n\u1ed5i ti\u1ebfng c\u1ee7a c\u00f4ng ty Diana, thu\u1ed9c t\u1eadp \u0111o\u00e0n Unic<\/p>\n","protected":false},"excerpt":{"rendered":"<p>(T\u1eb6NG TH\u00caM 6 MI\u1ebeNG )T\u00c3 QU\u1ea6N BOBBY S54+6 , M42+6 , L38+6 , XL34+6 , XXL30+6 , XXXL24+6 CHI TI\u1ebeT S\u1ea2N PH\u1ea8M L\u01afU \u00dd : +6 C\u00d3 NGH\u0128A L\u00c0 H\u00c0NG T\u1eb6NG TH\u00caM 6 MI\u1ebeNG . KH\u00c1CH H\u00c0NG CH\u1eccN PH\u00c2N LO\u1ea0I CHO CH\u00cdNH X\u00c1C TR\u00c1CH HI\u1ec2U L\u1ea6M R\u1ed2I KHI\u1ebeU N\u1ea0I SHOP . TH\u00d4NG TIN S\u1ea2N PH\u1ea8M&#8230;<\/p>\n","protected":false},"featured_media":7369,"comment_status":"open","ping_status":"closed","template":"","meta":[],"product_brand":[1506],"product_cat":[15,1444,1392,1496,1402],"product_tag":[1626,1623,146,1624,1622,1625,1621],"class_list":{"0":"post-8876","1":"product","2":"type-product","3":"status-publish","4":"has-post-thumbnail","6":"product_brand-bobby","7":"product_cat-chua-phan-loai","8":"product_cat-bobby","9":"product_cat-me-va-be","10":"product_cat-ta-bim-tre-em","11":"product_cat-ta-bobby","12":"product_tag-bim-le","13":"product_tag-bobby","14":"product_tag-ta-bim","15":"product_tag-ta-bim-bobby","16":"product_tag-ta-quan-bobby","17":"product_tag-ta-quan-em-be","18":"product_tag-ta-tre-em","20":"first","21":"onbackorder","22":"sale","23":"shipping-taxable","24":"purchasable","25":"product-type-simple"},"acf":[],"_links":{"self":[{"href":"https:\/\/thanglongbeauty.vn\/index.php?rest_route=\/wp\/v2\/product\/8876","targetHints":{"allow":["GET"]}}],"collection":[{"href":"https:\/\/thanglongbeauty.vn\/index.php?rest_route=\/wp\/v2\/product"}],"about":[{"href":"https:\/\/thanglongbeauty.vn\/index.php?rest_route=\/wp\/v2\/types\/product"}],"replies":[{"embeddable":true,"href":"https:\/\/thanglongbeauty.vn\/index.php?rest_route=%2Fwp%2Fv2%2Fcomments&post=8876"}],"wp:featuredmedia":[{"embeddable":true,"href":"https:\/\/thanglongbeauty.vn\/index.php?rest_route=\/wp\/v2\/media\/7369"}],"wp:attachment":[{"href":"https:\/\/thanglongbeauty.vn\/index.php?rest_route=%2Fwp%2Fv2%2Fmedia&parent=8876"}],"wp:term":[{"taxonomy":"product_brand","embeddable":true,"href":"https:\/\/thanglongbeauty.vn\/index.php?rest_route=%2Fwp%2Fv2%2Fproduct_brand&post=8876"},{"taxonomy":"product_cat","embeddable":true,"href":"https:\/\/thanglongbeauty.vn\/index.php?rest_route=%2Fwp%2Fv2%2Fproduct_cat&post=8876"},{"taxonomy":"product_tag","embeddable":true,"href":"https:\/\/thanglongbeauty.vn\/index.php?rest_route=%2Fwp%2Fv2%2Fproduct_tag&post=8876"}],"curies":[{"name":"wp","href":"https:\/\/api.w.org\/{rel}","templated":true}]}}