{"id":8931,"date":"2025-10-20T04:10:27","date_gmt":"2025-10-20T04:10:27","guid":{"rendered":"https:\/\/thanglongbeauty.vn\/?post_type=product&#038;p=8931"},"modified":"2026-01-13T11:07:26","modified_gmt":"2026-01-13T11:07:26","slug":"mieng-lot-so-sinh-bobby-nb1-1086tqmmb-nbs2306","status":"publish","type":"product","link":"https:\/\/thanglongbeauty.vn\/?product=mieng-lot-so-sinh-bobby-nb1-1086tqmmb-nbs2306","title":{"rendered":"Mi\u1ebfng l\u00f3t s\u01a1 sinh Bobby NB1 108(6TQMMB NBS)2306"},"content":{"rendered":"<p>Mi\u1ebfng l\u00f3t s\u01a1 sinh bobby newborn 2-60 mi\u1ebfng m\u1edbi t\u1eb7ng 6 mi\u1ebfng t\u1ea3 qu\u1ea7n size m,mi\u1ebfng l\u00f3t bobby s\u01a1 sinh cho b\u00e9 d\u01b0\u1edbi 1 th\u00e1ng<br \/>\nM\u1eaaU M\u1edaI NH\u1ea4T  BAO B\u00cc M\u1edaI NH\u1ea4T SX T9\/2021<br \/>\n&#8211; T\u1eb6NG K\u00c8M TH\u00caM 6 MI\u1ebeNG T\u1ea2 QU\u1ea6N SIZE M TR\u1eca GI\u00c1 37,000 \u0111<br \/>\n&#8211; T\u1ea4M L\u00d3T S\u1ed0 2 D\u00c0I H\u01a0N T\u1ea4M L\u00d3T S\u1ed0 1, D\u00c0NH CHO B\u00c9 D\u01af\u1edaI 1 TH\u00c1NG TU\u1ed4I<br \/>\n&#8211; H\u00c0NG T\u1eb6NG S\u1ed0 L\u01af\u1ee2NG C\u00d3 H\u1ea0N<br \/>\nTH\u00d4NG TIN S\u1ea2N PH\u1ea8M<br \/>\n&#8211; Size NB2: > 1 th\u00e1ng tu\u1ed5i<br \/>\n-s\u1ea3n ph\u1ea9m: mi\u1ebfng l\u00f3t s\u01a1 sinh 60 mi\u1ebfng<br \/>\nth\u01b0\u01a1ng hi\u1ec7u: bobby<br \/>\n&#8211; H\u00c0NG CH\u00cdNH H\u00c3NG<br \/>\nTh\u1ea5u hi\u1ec3u l\u00e0n da b\u00e9 s\u01a1 sinh v\u00f4 c\u00f9ng non n\u1edbt v\u00e0 nh\u1ea1y c\u1ea3m, mi\u1ebfng l\u00f3t Bobby Newborn &#8211; \u1ee9ng d\u1ee5ng c\u00f4ng ngh\u1ec7 t\u1eeb T\u1eadp \u0111o\u00e0n Unicharm (Nh\u1eadt B\u1ea3n) mang \u0111\u1ebfn d\u00f2ng mi\u1ebfng l\u00f3t si\u00eau th\u1ea5m kh\u00f4 tho\u00e1ng v\u1edbi l\u1edbp th\u1ea5m h\u00fat nhanh si\u00eau t\u1ed1c, l\u00e0n da b\u00e9 s\u1ebd lu\u00f4n \u0111\u01b0\u1ee3c b\u1ea3o v\u1ec7, gi\u00fap b\u00e9 tho\u1ea3i m\u00e1i ng\u1ee7 ngon, ch\u01a1i vui su\u1ed1t ng\u00e0y d\u00e0i. Bobby Newborn 2 v\u1edbi 60 mi\u1ebfng ti\u1ec7n l\u1ee3i s\u1ebd gi\u00fap m\u1eb9 b\u1ea3o v\u1ec7 b\u00e9 t\u1ed1t nh\u1ea5t trong nh\u1eefng n\u0103m th<br \/>\n\u0110\u1eb7c \u0111i\u1ec3m n\u1ed5i b\u1eadt c\u1ee7a s\u1ea3n ph\u1ea9m<\/p>\n<p>L\u1edbp th\u1ea5m nhanh si\u00eau t\u1ed1c<\/p>\n<p>Mi\u1ebfng l\u00f3t Bobby Newborn v\u1edbi c\u00f4ng ngh\u1ec7 si\u00eau th\u1ea5m th\u1ea5m h\u00fat th\u1eadt nhanh ch\u1ea5t l\u1ecfng cho da b\u00e9 lu\u00f4n kh\u00f4 tho\u00e1ng, m\u1ec1m m\u1ea1i.<\/p>\n<p>B\u1ec1 m\u1eb7t m\u1ec1m m\u1ea1i<\/p>\n<p>Si\u00eau m\u1ec1m m\u1ea1i b\u1ed5 sung Cream Vitamin E gi\u00fap ch\u0103m s\u00f3c nh\u1eb9 nh\u00e0ng cho l\u00e0n da b\u00e9 s\u01a1 sinh.<\/p>\n<p>M\u1eb7t \u0111\u00e1y tho\u00e1t \u1ea9m \u0111a chi\u1ec1u<\/p>\n<p>\u0110\u1ea9y h\u01a1i n\u00f3ng \u1ea9m ra ngo\u00e0i, gi\u00fap da h\u00f4 h\u1ea5p t\u1ef1 nhi\u00ean, ng\u0103n ng\u1eeba h\u0103m t\u00e3.<\/p>\n<p>V\u00e1ch ch\u1ed1ng tr\u00e0n th\u00f4ng minh<\/p>\n<p>V\u1edbi h\u1ec7 thun co gi\u00e3n linh ho\u1ea1t, ng\u0103n tr\u00e0n hi\u1ec7u qu\u1ea3.<br \/>\n#tasosinh #bobby #newborn260 #60mieng #tadansosinh#mi\u1ebfngl\u00f3ts\u01a1sinhbobbynewborn1 #mi\u1ebfng_l\u00f3t_s\u01a1_sinh_bobby_newborn_1 #mienglotsosinhbobbynewborn1 #mieng_lot_so_sinh_bobby_newborn_1 #mi\u1ebfngl\u00f3ts\u01a1sinh #mi\u1ebfng_l\u00f3t_s\u01a1_sinh #mienglotsosinh #mieng_lot_so_sinh #mi\u1ebfnglots\u01a1sinh #mi\u1ebfng_lot_s\u01a1_sinh #mi\u1ebfngl\u00f3ts\u01a1sinhbobbynewborn2 #mi\u1ebfng_l\u00f3t_s\u01a1_sinh_bobby_newborn_2 #mienglotsosinhbobbynewborn2 #mieng_lot_so_sinh_bobby_newborn_2 #mi\u1ebfngl\u00f3ts\u01a1sinhhuggies #mi\u1ebfng_l\u00f3t_s\u01a1_sinh_huggies #mienglotsosinhhuggies #mieng_lot_so_sinh_huggies #mi\u1ebfnglots\u01a1sinhbobby #mi\u1ebfng_lot_s\u01a1_sinh_bobby #mienglotsosinhbobby #mieng_lot_so_sinh_bobby #mi\u1ebfngl\u00f3ts\u01a1sinhbobby #m<\/p>\n","protected":false},"excerpt":{"rendered":"<p>Mi\u1ebfng l\u00f3t s\u01a1 sinh bobby newborn 2-60 mi\u1ebfng m\u1edbi t\u1eb7ng 6 mi\u1ebfng t\u1ea3 qu\u1ea7n size m,mi\u1ebfng l\u00f3t bobby s\u01a1 sinh cho b\u00e9 d\u01b0\u1edbi 1 th\u00e1ng M\u1eaaU M\u1edaI NH\u1ea4T BAO B\u00cc M\u1edaI NH\u1ea4T SX T9\/2021 &#8211; T\u1eb6NG K\u00c8M TH\u00caM 6 MI\u1ebeNG T\u1ea2 QU\u1ea6N SIZE M TR\u1eca GI\u00c1 37,000 \u0111 &#8211; T\u1ea4M L\u00d3T S\u1ed0 2 D\u00c0I H\u01a0N&#8230;<\/p>\n","protected":false},"featured_media":7568,"comment_status":"open","ping_status":"closed","template":"","meta":[],"product_brand":[1506],"product_cat":[15,1444,1392,1402],"product_tag":[1628,1626,1623,146,1624,1627,1622,1621],"class_list":{"0":"post-8931","1":"product","2":"type-product","3":"status-publish","4":"has-post-thumbnail","6":"product_brand-bobby","7":"product_cat-chua-phan-loai","8":"product_cat-bobby","9":"product_cat-me-va-be","10":"product_cat-ta-bobby","11":"product_tag-bim-dan-tre-em","12":"product_tag-bim-le","13":"product_tag-bobby","14":"product_tag-ta-bim","15":"product_tag-ta-bim-bobby","16":"product_tag-ta-dan-em-be","17":"product_tag-ta-quan-bobby","18":"product_tag-ta-tre-em","20":"first","21":"instock","22":"sale","23":"shipping-taxable","24":"purchasable","25":"product-type-simple"},"acf":[],"_links":{"self":[{"href":"https:\/\/thanglongbeauty.vn\/index.php?rest_route=\/wp\/v2\/product\/8931","targetHints":{"allow":["GET"]}}],"collection":[{"href":"https:\/\/thanglongbeauty.vn\/index.php?rest_route=\/wp\/v2\/product"}],"about":[{"href":"https:\/\/thanglongbeauty.vn\/index.php?rest_route=\/wp\/v2\/types\/product"}],"replies":[{"embeddable":true,"href":"https:\/\/thanglongbeauty.vn\/index.php?rest_route=%2Fwp%2Fv2%2Fcomments&post=8931"}],"wp:featuredmedia":[{"embeddable":true,"href":"https:\/\/thanglongbeauty.vn\/index.php?rest_route=\/wp\/v2\/media\/7568"}],"wp:attachment":[{"href":"https:\/\/thanglongbeauty.vn\/index.php?rest_route=%2Fwp%2Fv2%2Fmedia&parent=8931"}],"wp:term":[{"taxonomy":"product_brand","embeddable":true,"href":"https:\/\/thanglongbeauty.vn\/index.php?rest_route=%2Fwp%2Fv2%2Fproduct_brand&post=8931"},{"taxonomy":"product_cat","embeddable":true,"href":"https:\/\/thanglongbeauty.vn\/index.php?rest_route=%2Fwp%2Fv2%2Fproduct_cat&post=8931"},{"taxonomy":"product_tag","embeddable":true,"href":"https:\/\/thanglongbeauty.vn\/index.php?rest_route=%2Fwp%2Fv2%2Fproduct_tag&post=8931"}],"curies":[{"name":"wp","href":"https:\/\/api.w.org\/{rel}","templated":true}]}}