{"id":8934,"date":"2025-10-20T04:10:28","date_gmt":"2025-10-20T04:10:28","guid":{"rendered":"https:\/\/thanglongbeauty.vn\/?post_type=product&#038;p=8934"},"modified":"2026-01-13T11:06:50","modified_gmt":"2026-01-13T11:06:50","slug":"ta-bim-dan-bobby-skt-xs70-4tqmmb-nbs2306","status":"publish","type":"product","link":"https:\/\/thanglongbeauty.vn\/?product=ta-bim-dan-bobby-skt-xs70-4tqmmb-nbs2306","title":{"rendered":"T\u00e3\/B\u1ec9m D\u00e1n Bobby SKT XS70 (4TQMMB NBS)2306"},"content":{"rendered":"<p>B\u0129m d\u00e1n bobby,t\u00e3 d\u00e1n s\u01a1 sinh si\u00eau th\u1ea5m bobby \u0111\u1ee7 size xs70 s56 s80  t\u1eb7ng k\u00e8m th\u00eam mi\u1ebfng m\u1eabu m\u1edbi l\u00f5i n\u00e9n th\u1ea7n k\u1ef3<br \/>\n*Size XS70 &#8211; S\u01a1 Sinh NB 72 Mi\u1ebfng cho tr\u1ebb <5 kg\n*Size S54 - g\u00f3i 54 mi\u1ebfng d\u00e0nh cho b\u00e9 t\u1eeb 4- 8kg\n*Size S80 - g\u00f3i 80 mi\u1ebfng d\u00e0nh cho b\u00e9 t\u1eeb 4 - 8kg\nT\u00e3 D\u00e1n Bobby S\u01a1 Sinh Si\u00eau Th\u1ea5m S80 (80 Mi\u1ebfng) + 4 Mi\u1ebfng T\u00e3 d\u00e1n c\u00f9ng lo\u1ea1i m\u1ec1m m\u1ea1i h\u01a1n, v\u1eeba v\u1eb7n h\u01a1n\nB\u1ec1 m\u1eb7t Cotton-Soft si\u00eau m\u1ec1m b\u1ed5 sung Cream Vitamin E d\u1ecbu nh\u1eb9, ng\u1eeba h\u0103m, t\u1ed1t nh\u1ea5t cho l\u00e0n da non n\u1edbt c\u1ee7a tr\u1ebb s\u01a1 sinh\nNhu c\u1ea7u s\u1eed d\u1ee5ng t\u00e3 gi\u1ea5y c\u1ee7a b\u00e9 kh\u00e1c nhau theo t\u1eebng th\u1eddi \u0111i\u1ec3m trong ng\u00e0y. N\u1ebfu nh\u01b0 ban \u0111\u00eam, b\u00e9 c\u1ea7n 1 lo\u1ea1i t\u00e3 gi\u1ea5y c\u00f3 kh\u1ea3 n\u0103ng th\u1ea5m h\u00fat t\u1ed1i \u0111a ngay c\u1ea3 khi b\u00e9 t\u00e8 th\u1eadt nhi\u1ec1u th\u00ec ban ng\u00e0y b\u00e9 c\u1ea7n lo\u1ea1i t\u00e3 gi\u1ea5y m\u1ecfng, nh\u1eb9 \u0111\u1ec3 tho\u1ea3i m\u00e1i v\u1eadn \u0111\u1ed9ng. T\u00e3 Bobby si\u00eau m\u1ecfng lo\u1ea1i Jumbo s\u1ebd cho b\u00e9 c\u1ea3m gi\u00e1c tho\u1ea3i m\u00e1i v\u00e0 d\u1ec5 ch\u1ecbu ngay c\u1ea3 khi v\u1eadn \u0111\u1ed9ng nhi\u1ec1u. \u0110\u01b0\u1ee3c l\u00e0m ho\u00e0n to\u00e0n b\u1eb1ng ch\u1ea5t li\u1ec7u cao c\u1ea5p v\u00e0 thi\u1ebft k\u1ebf si\u00eau m\u1ecfng, t\u00e3 gi\u1ea5y si\u00eau m\u1ecfng Bobby Fresh s\u1ebd ph\u00f9 h\u1ee3p cho con b\u1ea1n s\u1eed d\u1ee5ng v\u00e0o ban ng\u00e0y hay nh\u1eefng khi th\u1eddi ti\u1ebft n\u00f3ng \u1ea9m......C\u00c1CH D\u00d9NG Thoa kem ch\u1ed1ng h\u0103m tr\u01b0\u1edbc khi s\u1eed d\u1ee5ng t\u00e3 l\u00f3t cho b\u00e9. Kh\u00f4ng n\u00ean m\u1eb7c t\u00e3 cho b\u00e9 qu\u00e1 6 ti\u1ebfng \u0111\u1ed3ng h\u1ed3 li\u00ean ti\u1ebfp.\nM\u1eb7t \u0111\u00e1y d\u1ea1ng v\u1ea3i\nS\u1ea3n ph\u1ea9m c\u00f3 m\u1eb7t \u0111\u00e1y \u0111\u01b0\u1ee3c thi\u1ebft k\u1ebf d\u1ea1ng v\u1ea3i tho\u00e1t h\u01a1i \u1ea9m, gi\u00fap \u0111\u1ea9y h\u01a1i n\u00f3ng ra ngo\u00e0i, gi\u1ea3m nhi\u1ec7t \u0111\u1ed9 trong l\u00f2ng t\u00e3 v\u00e0 cho da b\u00e9 h\u00f4 h\u1ea5p v\u1edbi kh\u00f4ng kh\u00ed t\u1ef1 nhi\u00ean.\nL\u00f5i b\u00f4ng m\u1ec1m m\u1ea1i\nL\u00f5i b\u00f4ng m\u1ec1m m\u1ea1i v\u1edbi l\u1edbp si\u00eau d\u1eabn th\u1ea5m nhanh ch\u00f3ng th\u1ea5m h\u00fat to\u00e0n b\u1ed9 ch\u1ea5t l\u1ecfng, cho da b\u00e9 lu\u00f4n kh\u00f4 tho\u00e1ng.\nTinh ch\u1ea5t tr\u00e0 xanh\nS\u1ea3n ph\u1ea9m \u0111\u01b0\u1ee3c t\u0103ng c\u01b0\u1eddng tinh ch\u1ea5t tr\u00e0 xanh th\u01a1m m\u00e1t c\u00f3 t\u00e1c d\u1ee5ng kh\u00e1ng khu\u1ea9n v\u00e0 ch\u1ed1ng h\u0103m cho b\u00e9.\nKh\u00f3a d\u00ednh nhi\u1ec1u l\u1ea7n\nThi\u1ebft k\u1ebf kh\u00f3a d\u00ednh nhi\u1ec1u l\u1ea7n \u201cMagic tape\u201d c\u00f3 th\u1ec3 b\u00f3c ra d\u00e1n l\u1ea1i t\u1edbi 100 l\u1ea7n v\u1eabn ch\u1eafc d\u00f9 tay b\u1ea1n c\u00f3 \u01b0\u1edbt, d\u00ednh kem hay b\u1ed9t ph\u1ea5\nMi\u1ebfng d\u00e1n Magic-Tape v\u1edbi ch\u1ea5t li\u1ec7u m\u1ec1m m\u1ea1i, d\u00e1 \u0111\u01b0\u1ee3c nhi\u1ec1u l\u1ea7n m\u00e0 v\u1eabn tho\u1ea3i m\u00e1i cho b\u00e9\nH\u1ec7 thun Flexi-fit co gi\u00e3n v\u00e0 thun h\u00f4ng m\u1ec1m m\u1ea1i, \u00f4m v\u1eeba v\u1eb7n n\u00ean lu\u00f4n tho\u1ea3i m\u00e1i, ng\u0103n tr\u00e0n\nB\u1ec1 m\u1eb7t 3D v\u1edbi r\u00e3nh th\u1ea5m kim c\u01b0\u01a1ng gi\u00fap th\u1ea5m nhanh, d\u00e0n \u0111\u1ec1u v\u00e0 th\u00f3a ch\u1eb7t ch\u1ea5t l\u1ecfng trong l\u00f5i th\u1ea5m\"\nM\u00e0ng \u0111\u00e1y tho\u00e1\n<\/p>\n","protected":false},"excerpt":{"rendered":"<p>B\u0129m d\u00e1n bobby,t\u00e3 d\u00e1n s\u01a1 sinh si\u00eau th\u1ea5m bobby \u0111\u1ee7 size xs70 s56 s80 t\u1eb7ng k\u00e8m th\u00eam mi\u1ebfng m\u1eabu m\u1edbi l\u00f5i n\u00e9n th\u1ea7n k\u1ef3 *Size XS70 &#8211; S\u01a1 Sinh NB 72 Mi\u1ebfng cho tr\u1ebb<\/p>\n","protected":false},"featured_media":7584,"comment_status":"open","ping_status":"closed","template":"","meta":[],"product_brand":[1506],"product_cat":[15,1444,1392,1402],"product_tag":[1628,1626,1623,146,1624,1627,1622,1621],"class_list":{"0":"post-8934","1":"product","2":"type-product","3":"status-publish","4":"has-post-thumbnail","6":"product_brand-bobby","7":"product_cat-chua-phan-loai","8":"product_cat-bobby","9":"product_cat-me-va-be","10":"product_cat-ta-bobby","11":"product_tag-bim-dan-tre-em","12":"product_tag-bim-le","13":"product_tag-bobby","14":"product_tag-ta-bim","15":"product_tag-ta-bim-bobby","16":"product_tag-ta-dan-em-be","17":"product_tag-ta-quan-bobby","18":"product_tag-ta-tre-em","20":"first","21":"onbackorder","22":"sale","23":"shipping-taxable","24":"purchasable","25":"product-type-simple"},"acf":[],"_links":{"self":[{"href":"https:\/\/thanglongbeauty.vn\/index.php?rest_route=\/wp\/v2\/product\/8934","targetHints":{"allow":["GET"]}}],"collection":[{"href":"https:\/\/thanglongbeauty.vn\/index.php?rest_route=\/wp\/v2\/product"}],"about":[{"href":"https:\/\/thanglongbeauty.vn\/index.php?rest_route=\/wp\/v2\/types\/product"}],"replies":[{"embeddable":true,"href":"https:\/\/thanglongbeauty.vn\/index.php?rest_route=%2Fwp%2Fv2%2Fcomments&post=8934"}],"wp:featuredmedia":[{"embeddable":true,"href":"https:\/\/thanglongbeauty.vn\/index.php?rest_route=\/wp\/v2\/media\/7584"}],"wp:attachment":[{"href":"https:\/\/thanglongbeauty.vn\/index.php?rest_route=%2Fwp%2Fv2%2Fmedia&parent=8934"}],"wp:term":[{"taxonomy":"product_brand","embeddable":true,"href":"https:\/\/thanglongbeauty.vn\/index.php?rest_route=%2Fwp%2Fv2%2Fproduct_brand&post=8934"},{"taxonomy":"product_cat","embeddable":true,"href":"https:\/\/thanglongbeauty.vn\/index.php?rest_route=%2Fwp%2Fv2%2Fproduct_cat&post=8934"},{"taxonomy":"product_tag","embeddable":true,"href":"https:\/\/thanglongbeauty.vn\/index.php?rest_route=%2Fwp%2Fv2%2Fproduct_tag&post=8934"}],"curies":[{"name":"wp","href":"https:\/\/api.w.org\/{rel}","templated":true}]}}