{"id":9011,"date":"2025-10-20T04:10:49","date_gmt":"2025-10-20T04:10:49","guid":{"rendered":"https:\/\/thanglongbeauty.vn\/san-pham\/cetaphil-gentle-exfolia-sa-cleanser-236ml\/"},"modified":"2026-03-23T09:24:29","modified_gmt":"2026-03-23T09:24:29","slug":"cetaphil-gentle-exfolia-sa-cleanser-236ml","status":"publish","type":"product","link":"https:\/\/thanglongbeauty.vn\/?product=cetaphil-gentle-exfolia-sa-cleanser-236ml","title":{"rendered":"Gel R\u1eeda M\u1eb7t Cetaphil S\u1ea1ch S\u00e2u, T\u1ea9y T\u1ebf B\u00e0o Ch\u1ebft D\u1ecbu Nh\u1eb9  Gentle Exfolia.SA Cleanser 236ml"},"content":{"rendered":"<p><strong>Gel R\u1eeda M\u1eb7t Cetaphil S\u1ea1ch S\u00e2u, T\u1ea9y T\u1ebf B\u00e0o Ch\u1ebft D\u1ecbu Nh\u1eb9 Gentle Exfoliating SA Cleanser\u00a0<\/strong>l\u00e0 s\u1ea3n ph\u1ea9m\u00a0s\u1eefa r\u1eeda m\u1eb7t\u00a0\u0111\u1ebfn t\u1eeb th\u01b0\u01a1ng hi\u1ec7u\u00a0Cetaphil\u00a0\u2013 Canada, \u0111\u01b0\u1ee3c ch\u1ee9ng minh l\u00e2m s\u00e0ng c\u00f3 kh\u1ea3 n\u0103ng l\u00e0m s\u1ea1ch s\u00e2u, lo\u1ea1i b\u1ecf ho\u00e0n to\u00e0n b\u1ee5i b\u1ea9n, v\u00e0 t\u1ea1p ch\u1ea5t tr\u00ean da m\u1ed9t c\u00e1ch d\u1ecbu nh\u1eb9 nh\u01b0ng v\u1eabn duy tr\u00ec \u0111\u1ed9 \u1ea9m t\u1ef1 nhi\u00ean \u0111\u1ec3 b\u1ea3o v\u1ec7 da kh\u1ecfi t\u00ecnh tr\u1ea1ng kh\u00f4 r\u00e1p. C\u00f4ng th\u1ee9c l\u00e0nh t\u00ednh kh\u00f4ng g\u00e2y k\u00edch \u1ee9ng s\u1ebd an to\u00e0n cho m\u1ecdi lo\u1ea1i da, k\u1ec3 c\u1ea3 da nh\u1ea1y c\u1ea3m.<\/p>\n<p>&nbsp;<\/p>\n<p>&nbsp;<\/p>\n<p><img loading=\"lazy\" decoding=\"async\" title=\"Mua s\u1ea3n ph\u1ea9m Gel R\u1eeda M\u1eb7t Cetaphil S\u1ea1ch S\u00e2u, T\u1ea9y T\u1ebf B\u00e0o Ch\u1ebft D\u1ecbu Nh\u1eb9 Gentle Exfoliating SA Cleanser ch\u00ednh h\u00e3ng t\u1ea1i Hasaki\" src=\"https:\/\/media.hcdn.vn\/wysiwyg\/MaiQuynh\/gel-rua-mat-cetaphil-sach-sau-tay-te-bao-chet-diu-nhe-1.jpg\" alt=\"S\u1ea3n ph\u1ea9m Gel R\u1eeda M\u1eb7t Cetaphil S\u1ea1ch S\u00e2u, T\u1ea9y T\u1ebf B\u00e0o Ch\u1ebft D\u1ecbu Nh\u1eb9 Gentle Exfoliating SA Cleanser hi\u1ec7n \u0111\u00e3 c\u00f3 m\u1eb7t t\u1ea1i Hasaki \" width=\"800\" height=\"1187\" \/><\/p>\n<p>&nbsp;<\/p>\n<h2>Gel R\u1eeda M\u1eb7t Cetaphil S\u1ea1ch S\u00e2u, T\u1ea9y T\u1ebf B\u00e0o Ch\u1ebft D\u1ecbu Nh\u1eb9 ph\u00f9 h\u1ee3p v\u1edbi lo\u1ea1i da n\u00e0o?<\/h2>\n<ul>\n<li>S\u1ea3n ph\u1ea9m th\u00edch h\u1ee3p cho m\u1ecdi lo\u1ea1i da.<\/li>\n<\/ul>\n<h2>\u0110\u1ed1i t\u01b0\u1ee3ng s\u1eed d\u1ee5ng Gel R\u1eeda M\u1eb7t Cetaphil S\u1ea1ch S\u00e2u, T\u1ea9y T\u1ebf B\u00e0o Ch\u1ebft D\u1ecbu Nh\u1eb9:<\/h2>\n<ul>\n<li>Da nhi\u1ec1u\u00a0d\u1ea7u, d\u1ec5\u00a0m\u1ee5n\u00a0(m\u1ee5n \u1ea9n, m\u1ee5n \u0111\u1ea7u \u0111en, m\u1ee5n \u0111\u1ea7u tr\u1eafng), b\u1ec1 m\u1eb7t da s\u1ea7n s\u00f9i, th\u00f4 r\u00e1p.<\/li>\n<li>Da\u00a0nh\u1ea1y c\u1ea3m.<\/li>\n<\/ul>\n<h2>\u01afu th\u1ebf n\u1ed5i b\u1eadt c\u1ee7a Gel R\u1eeda M\u1eb7t Cetaphil S\u1ea1ch S\u00e2u, T\u1ea9y T\u1ebf B\u00e0o Ch\u1ebft D\u1ecbu Nh\u1eb9:<\/h2>\n<ul>\n<li><strong>Ph\u1ee9c h\u1ee3p ba acid d\u1ecbu l\u00e0nh<\/strong>\u00a0g\u1ed3m\u00a0<strong>Salicylic Acid (BHA), Mandelic Acid (AHA)\u00a0<\/strong>v\u00e0<strong>\u00a0Gluconolactone (PHA)\u00a0<\/strong>\u0111em l\u1ea1i hi\u1ec7u qu\u1ea3 ch\u0103m s\u00f3c da v\u01b0\u1ee3t tr\u1ed9i cho da d\u1ea7u &#8211; m\u1ee5n &#8211; nh\u1ea1y c\u1ea3m.\n<ul>\n<li>Gi\u00fap l\u00e0m s\u1ea1ch s\u00e2u hi\u1ec7u qu\u1ea3 \u0111\u1ebfn 99% d\u1ea7u th\u1eeba, b\u00e3 nh\u1eddn, t\u1ea1p ch\u1ea5t t\u1eadn s\u00e2u trong b\u1ec1 m\u1eb7t da.<\/li>\n<li>Nh\u1eb9 nh\u00e0ng lo\u1ea1i b\u1ecf t\u1ebf b\u00e0o ch\u1ebft m\u00e0 v\u1eabn duy tr\u00ec m\u00e0ng \u1ea9m t\u1ef1 nhi\u00ean c\u1ee7a da.<\/li>\n<li>C\u1ea3m nh\u1eadn l\u00e0n da tr\u1edf n\u00ean m\u1ec1m, m\u1ecbn, m\u01b0\u1edbt ngay l\u1ea7n d\u00f9ng \u0111\u1ea7u ti\u00ean.<\/li>\n<li>H\u1ed7 tr\u1ee3 gi\u1ea3m t\u00ecnh tr\u1ea1ng m\u1ee5n \u1ea9n, m\u1ee5n \u0111\u1ea7u \u0111en, m\u1ee5n \u0111\u1ea7u tr\u1eafng, ch\u1ee7 \u0111\u1ed9ng gi\u00fap ng\u0103n m\u1ee5n t\u1eeb g\u1ed1c nh\u1edd hi\u1ec7u qu\u1ea3 l\u00e0m s\u1ea1ch s\u00e2u v\u01b0\u1ee3t tr\u1ed9i.<\/li>\n<li>Gi\u00fap l\u00e0m m\u1edd c\u00e1c v\u1ebft th\u00e2m m\u1ee5n, gi\u00fap l\u00e0n da \u0111\u1ec1u m\u00e0u h\u01a1n ch\u1ec9 sau 2 ng\u00e0y.<\/li>\n<li>Gi\u00fap th\u00fac \u0111\u1ea9y qu\u00e1 tr\u00ecnh t\u00e1i t\u1ea1o t\u1ebf b\u00e0o da m\u1edbi nhanh h\u01a1n, t\u1eeb \u0111\u00f3 gi\u00fap l\u00e0n da \u0111\u1ec1u m\u00e0u, s\u00e1ng kh\u1ecfe v\u00e0 r\u1ea1ng r\u1ee1 h\u01a1n ch\u1ec9 sau 7 ng\u00e0y.<\/li>\n<li>\u0110\u01b0\u1ee3c ch\u1ee9ng minh l\u00e2m s\u00e0ng gi\u00fap gi\u1ea3m \u0111\u1ebfn -38% c\u00e1c v\u1ea5n \u0111\u1ec1 da nh\u1ea1y c\u1ea3m &amp; gi\u1ea3m \u0111\u1ebfn 45% t\u00ecnh tr\u1ea1ng da m\u1ea9n \u0111\u1ecf ch\u1ec9 sau 7 ng\u00e0y.<\/li>\n<\/ul>\n<\/li>\n<li>D\u1ea1ng gel trong, h\u00f2a v\u1edbi n\u01b0\u1edbc t\u1ea1o b\u1ecdt m\u1ecbn nh\u1eb9 nh\u00e0ng lo\u1ea1i b\u1ecf t\u1ebf b\u00e0o da ch\u1ebft, gi\u00fap l\u00e0m s\u1ea1ch c\u00e1c t\u1ebf b\u00e0o da ch\u1ebft g\u00e2y b\u00edt t\u1eafc t\u1eadn s\u00e2u b\u00ean trong da m\u00e0 kh\u00f4ng l\u00e0m t\u1ed5n h\u1ea1i h\u00e0ng r\u00e0o b\u1ea3o v\u1ec7 da.<\/li>\n<\/ul>\n<p>&nbsp;<\/p>\n<p><img loading=\"lazy\" decoding=\"async\" title=\"Mua s\u1ea3n ph\u1ea9m Gel R\u1eeda M\u1eb7t Cetaphil Gentle Exfoliating SA Cleanser ch\u00ednh h\u00e3ng t\u1ea1i Hasaki\" src=\"https:\/\/media.hcdn.vn\/wysiwyg\/MaiQuynh\/gel-rua-mat-cetaphil-sach-sau-tay-te-bao-chet-diu-nhe-2.jpg\" alt=\"S\u1ea3n ph\u1ea9m Gel R\u1eeda M\u1eb7t Cetaphil Gentle Exfoliating SA Cleanser hi\u1ec7n \u0111\u00e3 c\u00f3 m\u1eb7t t\u1ea1i Hasaki \" width=\"800\" height=\"800\" \/><\/p>\n<p>&nbsp;<\/p>\n<p><img loading=\"lazy\" decoding=\"async\" title=\"Mua s\u1ea3n ph\u1ea9m Gel R\u1eeda M\u1eb7t Cetaphil S\u1ea1ch S\u00e2u, T\u1ea9y T\u1ebf B\u00e0o Ch\u1ebft D\u1ecbu Nh\u1eb9 ch\u00ednh h\u00e3ng t\u1ea1i Hasaki\" src=\"https:\/\/media.hcdn.vn\/wysiwyg\/MaiQuynh\/gel-rua-mat-cetaphil-sach-sau-tay-te-bao-chet-diu-nhe-3.jpg\" alt=\"S\u1ea3n ph\u1ea9m Gel R\u1eeda M\u1eb7t Cetaphil S\u1ea1ch S\u00e2u, T\u1ea9y T\u1ebf B\u00e0o Ch\u1ebft D\u1ecbu Nh\u1eb9 hi\u1ec7n \u0111\u00e3 c\u00f3 m\u1eb7t t\u1ea1i Hasaki \" width=\"800\" height=\"518\" \/><\/p>\n<p>&nbsp;<\/p>\n<h2>\u0110\u1ed9 an to\u00e0n:<\/h2>\n<ul>\n<li>C\u00f4ng th\u1ee9c an to\u00e0n &amp; l\u00e0nh t\u00ednh: kh\u00f4ng g\u00e2y d\u1ecb \u1ee9ng, kh\u00f4ng h\u01b0\u01a1ng li\u1ec7u, kh\u00f4ng paraben, kh\u00f4ng g\u00e2y b\u00edt t\u1eafc.<\/li>\n<li>Hi\u1ec7u qu\u1ea3 \u0111\u00e3 \u0111\u01b0\u1ee3c ki\u1ec3m ch\u1ee9ng l\u00e2m s\u00e0ng. An to\u00e0n v\u00e0 l\u00e0nh t\u00ednh \u0111\u1ec3 s\u1eed d\u1ee5ng d\u00f9ng h\u00e0ng ng\u00e0y cho l\u00e0n da nh\u1ea1y c\u1ea3m.<\/li>\n<li>B\u1ea3o v\u1ec7 da kh\u1ecfi 5 d\u1ea5u hi\u1ec7u nh\u1ea1y c\u1ea3m: Kh\u00f4 da \u2013 C\u0103ng Da \u2013 Da th\u00f4 r\u00e1p \u2013 Da k\u00edch \u1ee9ng \u2013 H\u00e0ng r\u00e0o b\u1ea3o v\u1ec7 da suy y\u1ebfu.<\/li>\n<\/ul>\n<p>&nbsp;<\/p>\n<p><img loading=\"lazy\" decoding=\"async\" title=\"Mua s\u1ea3n ph\u1ea9m Cetaphil Gentle Exfoliating SA Cleanser ch\u00ednh h\u00e3ng t\u1ea1i Hasaki\" src=\"https:\/\/media.hcdn.vn\/wysiwyg\/MaiQuynh\/gel-rua-mat-cetaphil-sach-sau-tay-te-bao-chet-diu-nhe-4.jpg\" alt=\"S\u1ea3n ph\u1ea9m Cetaphil Gentle Exfoliating SA Cleanser hi\u1ec7n \u0111\u00e3 c\u00f3 m\u1eb7t t\u1ea1i Hasaki \" width=\"800\" height=\"958\" \/><\/p>\n<p>&nbsp;<\/p>\n<h2>H\u01b0\u1edbng d\u1eabn b\u1ea3o qu\u1ea3n Gel R\u1eeda M\u1eb7t Cetaphil S\u1ea1ch S\u00e2u, T\u1ea9y T\u1ebf B\u00e0o Ch\u1ebft D\u1ecbu Nh\u1eb9:<\/h2>\n<ul>\n<li>N\u01a1i kh\u00f4 r\u00e1o tho\u00e1ng m\u00e1t.<\/li>\n<li>Tr\u00e1nh \u00e1nh n\u1eafng tr\u1ef1c\u00a0 ti\u1ebfp, n\u01a1i c\u00f3 nhi\u1ec7t \u0111\u1ed9 cao ho\u1eb7c \u1ea9m \u01b0\u1edbt.<\/li>\n<li>\u0110\u1ec3 xa t\u1ea7m tay tr\u1ebb em.<\/li>\n<\/ul>\n<h2>L\u01b0u \u00fd:<\/h2>\n<ul>\n<li><strong>Ng\u00e0y s\u1ea3n xu\u1ea5t:\u00a0<\/strong>Xem tr\u00ean bao b\u00ec.<\/li>\n<li><strong>H\u1ea1n s\u1eed d\u1ee5ng:\u00a0<\/strong>03 n\u0103m k\u1ec3 t\u1eeb ng\u00e0y s\u1ea3n xu\u1ea5t.<\/li>\n<\/ul>\n","protected":false},"excerpt":{"rendered":"<p>Gel R\u1eeda M\u1eb7t Cetaphil S\u1ea1ch S\u00e2u, T\u1ea9y T\u1ebf B\u00e0o Ch\u1ebft D\u1ecbu Nh\u1eb9 Gentle Exfoliating SA Cleanser\u00a0l\u00e0 s\u1ea3n ph\u1ea9m\u00a0s\u1eefa r\u1eeda m\u1eb7t\u00a0\u0111\u1ebfn t\u1eeb th\u01b0\u01a1ng hi\u1ec7u\u00a0Cetaphil\u00a0\u2013 Canada, \u0111\u01b0\u1ee3c ch\u1ee9ng minh l\u00e2m s\u00e0ng c\u00f3 kh\u1ea3 n\u0103ng l\u00e0m s\u1ea1ch s\u00e2u, lo\u1ea1i b\u1ecf ho\u00e0n to\u00e0n b\u1ee5i b\u1ea9n, v\u00e0 t\u1ea1p ch\u1ea5t tr\u00ean da m\u1ed9t c\u00e1ch d\u1ecbu nh\u1eb9 nh\u01b0ng v\u1eabn duy tr\u00ec \u0111\u1ed9&#8230;<\/p>\n","protected":false},"featured_media":6282,"comment_status":"open","ping_status":"closed","template":"","meta":[],"product_brand":[1493],"product_cat":[15,1467,1398,1458],"product_tag":[397,1710,401,1709],"class_list":{"0":"post-9011","1":"product","2":"type-product","3":"status-publish","4":"has-post-thumbnail","6":"product_brand-cetaphil","7":"product_cat-chua-phan-loai","8":"product_cat-cetaphil","9":"product_cat-cham-soc-da","10":"product_cat-gel-sua-rua-mat","11":"product_tag-gel-rua-mat","12":"product_tag-rua-mat-diu-nhe","13":"product_tag-sua-rua-mat","14":"product_tag-sua-rua-mat-tri-mun","16":"first","17":"onbackorder","18":"sale","19":"shipping-taxable","20":"purchasable","21":"product-type-simple"},"acf":[],"_links":{"self":[{"href":"https:\/\/thanglongbeauty.vn\/index.php?rest_route=\/wp\/v2\/product\/9011","targetHints":{"allow":["GET"]}}],"collection":[{"href":"https:\/\/thanglongbeauty.vn\/index.php?rest_route=\/wp\/v2\/product"}],"about":[{"href":"https:\/\/thanglongbeauty.vn\/index.php?rest_route=\/wp\/v2\/types\/product"}],"replies":[{"embeddable":true,"href":"https:\/\/thanglongbeauty.vn\/index.php?rest_route=%2Fwp%2Fv2%2Fcomments&post=9011"}],"wp:featuredmedia":[{"embeddable":true,"href":"https:\/\/thanglongbeauty.vn\/index.php?rest_route=\/wp\/v2\/media\/6282"}],"wp:attachment":[{"href":"https:\/\/thanglongbeauty.vn\/index.php?rest_route=%2Fwp%2Fv2%2Fmedia&parent=9011"}],"wp:term":[{"taxonomy":"product_brand","embeddable":true,"href":"https:\/\/thanglongbeauty.vn\/index.php?rest_route=%2Fwp%2Fv2%2Fproduct_brand&post=9011"},{"taxonomy":"product_cat","embeddable":true,"href":"https:\/\/thanglongbeauty.vn\/index.php?rest_route=%2Fwp%2Fv2%2Fproduct_cat&post=9011"},{"taxonomy":"product_tag","embeddable":true,"href":"https:\/\/thanglongbeauty.vn\/index.php?rest_route=%2Fwp%2Fv2%2Fproduct_tag&post=9011"}],"curies":[{"name":"wp","href":"https:\/\/api.w.org\/{rel}","templated":true}]}}