{"id":9032,"date":"2025-10-20T04:10:54","date_gmt":"2025-10-20T04:10:54","guid":{"rendered":"https:\/\/thanglongbeauty.vn\/san-pham\/bong-tay-trang-pop-puffme\/"},"modified":"2026-03-23T09:28:40","modified_gmt":"2026-03-23T09:28:40","slug":"bong-tay-trang-pop-puffme","status":"publish","type":"product","link":"https:\/\/thanglongbeauty.vn\/?product=bong-tay-trang-pop-puffme","title":{"rendered":"B\u00f4ng t\u1ea9y trang Pop-Puffme"},"content":{"rendered":"<p>B\u00f4ng Trang \u0110i\u1ec3m Pop Puf H\u1ed3ng (100 Mi\u1ebfng \/ H\u1ed9p)<br \/>\n#\u01afu \u0110i\u1ec3m<br \/>\n&#8211; Thi\u1ebft k\u1ebf \u0111\u1ed9c \u0111\u00e1o hai c\u00f4ng d\u1ee5ng, m\u1ed9t m\u1eb7t b\u1eb1ng b\u00f4ng d\u00f9ng \u0111\u1ec3 d\u01b0\u1ee1ng da v\u00e0 m\u1ed9t m\u1eb7t b\u1eb1ng v\u1ea3i kh\u00f4ng d\u1ec7t l\u1ed7 \u0111\u1ec3 t\u1ea9y trang.<br \/>\n&#8211; B\u00f4ng \u0111\u01b0\u1ee3c s\u1ea3n xu\u1ea5t theo c\u00f4ng ngh\u1ec7 ti\u00ean ti\u1ebfn, \u0111\u1ea3m b\u1ea3o tuy\u1ec7t \u0111\u1ed1i an to\u00e0n cho l\u00e0n da ng\u01b0\u1eddi s\u1eed d\u1ee5ng. \u0110\u1eb7c bi\u1ec7t, s\u1edf h\u1eefu thi\u1ebft k\u1ebf d\u1ea1ng h\u1ed9p \u0111\u1ed9c \u0111\u00e1o, s\u1ea3n ph\u1ea9m ho\u00e0n to\u00e0n kh\u00f4ng \u0111\u1ec3 l\u1ea1i x\u01a1 b\u00f4ng\/ b\u1ee5i b\u00f4ng\/ t\u01b0a b\u00f4ng tr\u00ean da.<\/p>\n<p>&#8211; Gi\u00fap b\u1ea1n d\u01b0\u1ee1ng da nhanh h\u01a1n v\u00e0 l\u00e0m s\u1ea1ch l\u1edbp trang \u0111i\u1ec3m, h\u1ea1n ch\u1ebf m\u1ef9 ph\u1ea9m v\u00e0 b\u1ee5i b\u1ea9n c\u00f2n s\u00f3t l\u1ea1i tr\u00ean da.<br \/>\nThi\u1ebft k\u1ebf \u0111\u1ed9c \u0111\u00e1o hai c\u00f4ng d\u1ee5ng, m\u1ed9t m\u1eb7t b\u1eb1ng b\u00f4ng d\u00f9ng \u0111\u1ec3 d\u01b0\u1ee1ng da v\u00e0 m\u1ed9t m\u1eb7t b\u1eb1ng v\u1ea3i kh\u00f4ng d\u1ec7t l\u1ed7 \u0111\u1ec3 t\u1ea9y trang.<\/p>\n<p>S\u1ea3n ph\u1ea9m \u0111\u01b0\u1ee3c l\u00e0m t\u1eeb 100% cotton t\u1ef1 nhi\u00ean cao c\u1ea5p nh\u1eadp kh\u1ea9u tuy\u1ec7t \u0111\u1ed1i kh\u00f4ng s\u1eed d\u1ee5ng keo h\u00f3a h\u1ecdc, m\u1ec1m m\u1ea1i, t\u1ea1o c\u1ea3m gi\u00e1c an to\u00e0n, tho\u1ea3i m\u00e1i khi s\u1eed d\u1ee5ng.<br \/>\nS\u1ee3i b\u00f4ng d\u00e0i v\u1edbi k\u1ebft c\u1ea5u ch\u1eb7t ch\u1ebd, kh\u00f4ng \u0111\u1ec3 l\u1ea1i x\u01a1 b\u00f4ng tr\u00ean m\u1eb7t.<br \/>\nK\u00edch th\u01b0\u1edbc: 5x6cm\/mi\u1ebfng<\/p>\n","protected":false},"excerpt":{"rendered":"<p>B\u00f4ng Trang \u0110i\u1ec3m Pop Puf H\u1ed3ng (100 Mi\u1ebfng \/ H\u1ed9p) #\u01afu \u0110i\u1ec3m &#8211; Thi\u1ebft k\u1ebf \u0111\u1ed9c \u0111\u00e1o hai c\u00f4ng d\u1ee5ng, m\u1ed9t m\u1eb7t b\u1eb1ng b\u00f4ng d\u00f9ng \u0111\u1ec3 d\u01b0\u1ee1ng da v\u00e0 m\u1ed9t m\u1eb7t b\u1eb1ng v\u1ea3i kh\u00f4ng d\u1ec7t l\u1ed7 \u0111\u1ec3 t\u1ea9y trang. &#8211; B\u00f4ng \u0111\u01b0\u1ee3c s\u1ea3n xu\u1ea5t theo c\u00f4ng ngh\u1ec7 ti\u00ean ti\u1ebfn, \u0111\u1ea3m b\u1ea3o tuy\u1ec7t \u0111\u1ed1i an to\u00e0n&#8230;<\/p>\n","protected":false},"featured_media":6770,"comment_status":"open","ping_status":"closed","template":"","meta":[],"product_brand":[1524],"product_cat":[1475,1486,1398,1440],"product_tag":[148,532,197,520,212,214],"class_list":{"0":"post-9032","1":"product","2":"type-product","3":"status-publish","4":"has-post-thumbnail","6":"product_brand-pop-puf","7":"product_cat-bong-tay-trang","8":"product_cat-bong-tay-trang-2","9":"product_cat-cham-soc-da","10":"product_cat-pop-pup-thuong-hieu-ban-yeu-thich","11":"product_tag-bong-tay-trang","12":"product_tag-bong-tay-trang-150-mieng","13":"product_tag-bong-tay-trang-222","14":"product_tag-bong-tay-trang-cotton","15":"product_tag-bong-tay-trang-han-quoc","16":"product_tag-cotton-pads","18":"first","19":"onbackorder","20":"shipping-taxable","21":"purchasable","22":"product-type-simple"},"acf":[],"_links":{"self":[{"href":"https:\/\/thanglongbeauty.vn\/index.php?rest_route=\/wp\/v2\/product\/9032","targetHints":{"allow":["GET"]}}],"collection":[{"href":"https:\/\/thanglongbeauty.vn\/index.php?rest_route=\/wp\/v2\/product"}],"about":[{"href":"https:\/\/thanglongbeauty.vn\/index.php?rest_route=\/wp\/v2\/types\/product"}],"replies":[{"embeddable":true,"href":"https:\/\/thanglongbeauty.vn\/index.php?rest_route=%2Fwp%2Fv2%2Fcomments&post=9032"}],"wp:featuredmedia":[{"embeddable":true,"href":"https:\/\/thanglongbeauty.vn\/index.php?rest_route=\/wp\/v2\/media\/6770"}],"wp:attachment":[{"href":"https:\/\/thanglongbeauty.vn\/index.php?rest_route=%2Fwp%2Fv2%2Fmedia&parent=9032"}],"wp:term":[{"taxonomy":"product_brand","embeddable":true,"href":"https:\/\/thanglongbeauty.vn\/index.php?rest_route=%2Fwp%2Fv2%2Fproduct_brand&post=9032"},{"taxonomy":"product_cat","embeddable":true,"href":"https:\/\/thanglongbeauty.vn\/index.php?rest_route=%2Fwp%2Fv2%2Fproduct_cat&post=9032"},{"taxonomy":"product_tag","embeddable":true,"href":"https:\/\/thanglongbeauty.vn\/index.php?rest_route=%2Fwp%2Fv2%2Fproduct_tag&post=9032"}],"curies":[{"name":"wp","href":"https:\/\/api.w.org\/{rel}","templated":true}]}}