{"id":9052,"date":"2025-10-20T04:10:59","date_gmt":"2025-10-20T04:10:59","guid":{"rendered":"https:\/\/thanglongbeauty.vn\/?post_type=product&#038;p=9052"},"modified":"2026-01-13T11:06:49","modified_gmt":"2026-01-13T11:06:49","slug":"nuoc-hoa-jbaby-hoa-ban-mai-50ml36","status":"publish","type":"product","link":"https:\/\/thanglongbeauty.vn\/?product=nuoc-hoa-jbaby-hoa-ban-mai-50ml36","title":{"rendered":"N\u01b0\u1edbc hoa J&#038;Baby hoa ban mai 50ml*36"},"content":{"rendered":"<p>N\u01b0\u1edbc Hoa H\u01b0\u01a1ng Ban Mai Johnson\u2019s Baby 21623610 (125ml)\u00a0cho b\u00e9 h\u01b0\u01a1ng th\u01a1m t\u01b0\u01a1i m\u00e1t m\u1ecdi l\u00fac, m\u1ecdi n\u01a1i, t\u1ea1o c\u1ea3m gi\u00e1c s\u1ea1ch s\u1ebd v\u00e0 \u0111\u00e1ng y\u00eau cho tr\u1ebb. N\u01b0\u1edbc hoa mang h\u01b0\u01a1ng th\u01a1m d\u1ecbu nh\u1eb9 nh\u01b0 h\u01b0\u01a1ng hoa c\u1ecf s\u1edbm mai. N\u01b0\u1edbc Hoa H\u01b0\u01a1ng Ban Mai v\u1edbi h\u01b0\u01a1ng th\u01a1m t\u01b0\u01a1i m\u00e1t, d\u1ec5 ch\u1ecbu s\u1ebd mang \u0111\u1ebfn cho tr\u1ebb c\u1ea3m gi\u00e1c th\u1eadt tho\u1ea3i m\u00e1i v\u00e0 s\u1ea3ng kho\u00e1i su\u1ed1t c\u1ea3 ng\u00e0y.<\/p>\n<p>\u01afu \u0111i\u1ec3m n\u1ed5i b\u1eadt c\u1ee7a s\u1ea3n ph\u1ea9m\u00a0. An to\u00e0n cho b\u00e9:\u00a0S\u1ea3n ph\u1ea9m \u0111\u01b0\u1ee3c ch\u1ee9ng nh\u1eadn kh\u00f4ng g\u00e2y k\u00edch \u1ee9ng da, ho\u00e0n to\u00e0n ph\u00f9 h\u1ee3p s\u1eed d\u1ee5ng tr\u00ean da v\u00e0 qu\u1ea7n \u00e1o c\u1ee7a b\u00e9;. H\u01b0\u01a1ng th\u01a1m d\u1ecbu nh\u1eb9:\u00a0S\u1ea3n ph\u1ea9m c\u00f3 m\u00f9i h\u01b0\u01a1ng d\u1ecbu nh\u1eb9, thoang tho\u1ea3ng nh\u01b0 m\u00f9i hoa c\u1ecf s\u1edbm b\u00ecnh minh, t\u1ea1o h\u01b0\u01a1ng th\u01a1m d\u1ec5 ch\u1ecbu v\u00e0 \u0111\u00e1ng y\u00eau cho qu\u1ea7n \u00e1o c\u1ee7a tr\u1ebb;. \u0110\u1ed9 l\u01b0u h\u01b0\u01a1ng b\u1ec1n l\u00e2u:\u00a0S\u1ea3n ph\u1ea9m l\u01b0u l\u1ea1i m\u00f9i h\u01b0\u01a1ng tr\u00ean qu\u1ea7n \u00e1o c\u1ee7a tr\u1ebb v\u1edbi m\u00f9i h\u01b0\u01a1ng t\u01b0\u01a1ng \u0111\u1ed1i b\u1ec1n, cho tr\u1ebb lu\u00f4n th\u01a1m m\u00e1t;. K\u00edch th\u00edch kh\u1ee9u gi\u00e1c c\u1ee7a tr\u1ebb:\u00a0S\u1ea3n ph\u1ea9m mang \u0111\u1ebfn c\u1ea3m gi\u00e1c khoang kho\u00e1i, d\u1ec5 ch\u1ecbu gi\u00fap k\u00edch th\u00edch kh\u1ee9u gi\u00e1c c\u1ee7a tr\u1ebb, gi\u00fap tr\u1ebb vui h\u01a1n v\u00e0 h\u1ea1n ch\u1ebf kh\u00f3 ch\u1ecbu n\u01a1i tr\u1ebb.H\u01b0\u1edbng d\u1eabn s\u1eed d\u1ee5ngThoa n\u01b0\u1edbc hoa l\u00ean qu\u1ea7n \u00e1o c\u1ee7a tr\u1ebb, \u0111\u1eady k\u00edn n\u1eafp sau khi s\u1eed d\u1ee5ng.L\u01b0u \u00fd:\u00a0Tr\u00e1nh xa t\u1ea7m tay tr\u1ebb em\u00a0H\u01b0\u1edbng d\u1eabn b\u1ea3o qu\u1ea3n\u00a0B\u1ea3o qu\u1ea3n s\u1ea3n ph\u1ea9m n\u01a1i tho\u00e1ng m\u00e1t.\u00a0Th\u00f4ng tin chi ti\u1ebft\u00a0. T\u00ean s\u1ea3n ph\u1ea9m:\u00a0N\u01b0\u1edbc hoa h\u01b0\u01a1ng ban mai Johnson Baby (125ml). Th\u01b0\u01a1ng hi\u1ec7u: Johnson\u2019s Baby. Xu\u1ea5t x\u1ee9: M\u1ef9. Th\u1ec3 t\u00edch: 125ml<\/p>\n","protected":false},"excerpt":{"rendered":"<p>N\u01b0\u1edbc Hoa H\u01b0\u01a1ng Ban Mai Johnson\u2019s Baby 21623610 (125ml)\u00a0cho b\u00e9 h\u01b0\u01a1ng th\u01a1m t\u01b0\u01a1i m\u00e1t m\u1ecdi l\u00fac, m\u1ecdi n\u01a1i, t\u1ea1o c\u1ea3m gi\u00e1c s\u1ea1ch s\u1ebd v\u00e0 \u0111\u00e1ng y\u00eau cho tr\u1ebb. N\u01b0\u1edbc hoa mang h\u01b0\u01a1ng th\u01a1m d\u1ecbu nh\u1eb9 nh\u01b0 h\u01b0\u01a1ng hoa c\u1ecf s\u1edbm mai. N\u01b0\u1edbc Hoa H\u01b0\u01a1ng Ban Mai v\u1edbi h\u01b0\u01a1ng th\u01a1m t\u01b0\u01a1i m\u00e1t, d\u1ec5 ch\u1ecbu s\u1ebd mang&#8230;<\/p>\n","protected":false},"featured_media":7120,"comment_status":"open","ping_status":"closed","template":"","meta":[],"product_brand":[1577],"product_cat":[15,1771,1392],"product_tag":[],"class_list":{"0":"post-9052","1":"product","2":"type-product","3":"status-publish","4":"has-post-thumbnail","6":"product_brand-jonsonhbaby","7":"product_cat-chua-phan-loai","8":"product_cat-dau-thom-nuoc-hoa-be","9":"product_cat-me-va-be","11":"first","12":"outofstock","13":"sale","14":"shipping-taxable","15":"purchasable","16":"product-type-simple"},"acf":[],"_links":{"self":[{"href":"https:\/\/thanglongbeauty.vn\/index.php?rest_route=\/wp\/v2\/product\/9052","targetHints":{"allow":["GET"]}}],"collection":[{"href":"https:\/\/thanglongbeauty.vn\/index.php?rest_route=\/wp\/v2\/product"}],"about":[{"href":"https:\/\/thanglongbeauty.vn\/index.php?rest_route=\/wp\/v2\/types\/product"}],"replies":[{"embeddable":true,"href":"https:\/\/thanglongbeauty.vn\/index.php?rest_route=%2Fwp%2Fv2%2Fcomments&post=9052"}],"wp:featuredmedia":[{"embeddable":true,"href":"https:\/\/thanglongbeauty.vn\/index.php?rest_route=\/wp\/v2\/media\/7120"}],"wp:attachment":[{"href":"https:\/\/thanglongbeauty.vn\/index.php?rest_route=%2Fwp%2Fv2%2Fmedia&parent=9052"}],"wp:term":[{"taxonomy":"product_brand","embeddable":true,"href":"https:\/\/thanglongbeauty.vn\/index.php?rest_route=%2Fwp%2Fv2%2Fproduct_brand&post=9052"},{"taxonomy":"product_cat","embeddable":true,"href":"https:\/\/thanglongbeauty.vn\/index.php?rest_route=%2Fwp%2Fv2%2Fproduct_cat&post=9052"},{"taxonomy":"product_tag","embeddable":true,"href":"https:\/\/thanglongbeauty.vn\/index.php?rest_route=%2Fwp%2Fv2%2Fproduct_tag&post=9052"}],"curies":[{"name":"wp","href":"https:\/\/api.w.org\/{rel}","templated":true}]}}