{"id":9092,"date":"2025-10-20T04:11:11","date_gmt":"2025-10-20T04:11:11","guid":{"rendered":"https:\/\/thanglongbeauty.vn\/san-pham\/xit-khu-mui-hanayuki-deodorant-spray-60g\/"},"modified":"2026-05-14T09:33:36","modified_gmt":"2026-05-14T09:33:36","slug":"xit-khu-mui-hanayuki-deodorant-spray-60g","status":"publish","type":"product","link":"https:\/\/thanglongbeauty.vn\/?product=xit-khu-mui-hanayuki-deodorant-spray-60g","title":{"rendered":"X\u1ecbt kh\u1eed m\u00f9i Hanayuki Deodorant Spray 60g"},"content":{"rendered":"<p>X\u1ecbt Kh\u1eed M\u00f9i C\u01a1 Th\u1ec3 Deodorant Spray60gGi\u00e1 : 195.000C\u00f4ng d\u1ee5ng : X\u1ecbt th\u01a1m, kh\u1eed m\u00f9i, ng\u0103n m\u00f9i c\u01a1 th\u1ec3. Mang l\u1ea1i m\u00f9i h\u01b0\u01a1ng d\u1ec5 ch\u1ecbu cho c\u01a1 th\u1ec3.<br \/>\nTh\u00e0nh ph\u1ea7n ch\u00ednh: N\u01b0\u1edbc, Glycerin, L\u00f4 H\u1ed9i, D\u1ea7u Tr\u00e0m Tr\u00e0, D\u1ea7u H\u1ea1t Nho, S\u00e1p Jojoba, D\u1ea7u H\u1ea1nh Nh\u00e2n, D\u1ea7u H\u1ea1t \u0110\u00e0o, Ch\u1ea5t t\u1ea1o m\u00f9i.<br \/>\nX\u1ecaT KH\u1eec M\u00d9I C\u01a0 TH\u1ec2 DEODORRANT SPRAY<br \/>\nX\u1ecbt th\u01a1m, kh\u1eed m\u00f9i, ng\u0103n m\u00f9i c\u01a1 th\u1ec3. Mang l\u1ea1i m\u00f9i h\u01b0\u01a1ng d\u1ec5 ch\u1ecbu cho c\u01a1 th\u1ec3.<\/p>\n<p>X\u1ecbt Kh\u1eed M\u00f9i Chi\u1ebft Xu\u1ea5t Thi\u00ean Nhi\u00ean DEODORANT SPRAY 60g l\u00e0 d\u00f2ng s\u1ea3n ph\u1ea9m\u00a0x\u1ecbt kh\u1eed m\u00f9i\u00a0d\u00e0nh cho n\u1eef \u0111\u1ebfn t\u1eeb\u00a0th\u01b0\u01a1ng hi\u1ec7u Hanayuki:<br \/>\nGi\u00fap kh\u1eed m\u00f9i c\u01a1 th\u1ec3 v\u00e0 gi\u1ea3m ti\u1ebft m\u1ed3 h\u00f4i hi\u1ec7u qu\u1ea3 v\u1edbi th\u00e0nh ph\u1ea7n chi\u1ebft xu\u1ea5t t\u1eeb thi\u00ean nhi\u00ean (kh\u00f4ng ch\u1ee9a c\u1ed3n, Paraben, mu\u1ed1i Nh\u00f4m), th\u00e2n thi\u1ec7n v\u00e0 an to\u00e0n cho l\u00e0n da.<br \/>\n\u0110\u1ed3ng th\u1eddi, s\u1ea3n ph\u1ea9m c\u00f2n h\u1ed7 tr\u1ee3 l\u00e0m s\u00e1ng da v\u00f9ng d\u01b0\u1edbi c\u00e1nh tay, cho ph\u00e1i \u0111\u1eb9p t\u1ef1 tin di\u1ec7n nh\u1eefng b\u1ed9 c\u00e1nh m\u00ecnh y\u00eau th\u00edch.<br \/>\nM\u00f9i c\u01a1 th\u1ec3 khi\u1ebfn b\u1ea1n tr\u1edf n\u00ean m\u1ea5t t\u1ef1 tin khi di\u1ec7n nh\u1eefng chi\u1ebfc \u00e1o tr\u1ec5 vai, \u00e1o d\u00e2y c\u00e1ch \u0111i\u1ec7u? Hay ng\u1ea1i ng\u00f9ng giao ti\u1ebfp tr\u01b0\u1edbc \u0111\u00e1m \u0111\u00f4ng? \u0110\u1eebng lo l\u1eafng n\u1eefa nh\u00e9 v\u00ec gi\u1edd \u0111\u00e2y \u0111\u00e3 c\u00f3\u00a0X\u1ecbt Kh\u1eed M\u00f9i DEODORANT SPRAY\u00a0s\u1ebd gi\u00fap b\u1ea1n \u0111\u1eadp tan m\u1ecdi n\u1ed5i ni\u1ec1m kh\u00f3 n\u00f3i c\u1ee7a con g\u00e1i ch\u00fang ta mang \u0111\u1ebfn h\u01b0\u01a1ng th\u01a1m nh\u1eb9 nh\u00e0ng su\u1ed1t c\u1ea3 ng\u00e0y d\u00e0i, cho b\u1ea1n t\u1ef1 tin khoe c\u00e1 t\u00ednh!<br \/>\nX\u1ecbt Kh\u1eed M\u00f9i Hanayuki \u0111\u01b0\u1ee3c chi\u1ebft xu\u1ea5t t\u1eeb c\u00e1c th\u00e0nh ph\u1ea7n thi\u00ean nhi\u00ean l\u00e0nh t\u00ednh:<br \/>\nN\u01b0\u1edbc, Glycerin, L\u00f4 H\u1ed9i, D\u1ea7u Tr\u00e0m Tr\u00e0, D\u1ea7u H\u1ea1t Nho, S\u00e1p Jojoba, D\u1ea7u H\u1ea1nh Nh\u00e2n, D\u1ea7u H\u1ea1t \u0110\u00e0o, Ch\u1ea5t t\u1ea1o m\u00f9i.<br \/>\nC\u00f3 kh\u1ea3 n\u0103ng kh\u1eed m\u00f9i hi\u1ec7u qu\u1ea3 cho b\u1ea1n th\u00eam ph\u1ea7n t\u1ef1 tin th\u1ec3 hi\u1ec7n phong c\u00e1ch ri\u00eang c\u1ee7a ch\u00ednh m\u00ecnh.<br \/>\nCh\u1ee9a c\u00e1c h\u1ea1t ph\u1ea5n si\u00eau nh\u1ecf, c\u1ef1c m\u1ecbn s\u1ebd gi\u00fap h\u00fat \u1ea9m m\u1ed9t c\u00e1ch nhanh ch\u00f3ng \u0111\u1ed3ng th\u1eddi h\u1ed7 tr\u1ee3 se nh\u1ecf l\u1ed7 ch\u00e2n l\u00f4ng, gi\u1eef cho v\u00f9ng da d\u01b0\u1edbi c\u00e1nh tay b\u1ea1n lu\u00f4n kh\u00f4 tho\u00e1ng, s\u00e1ng m\u1ecbn su\u1ed1t c\u1ea3 ng\u00e0y d\u00e0i.<br \/>\nS\u1ea3n ph\u1ea9m c\u00f3 thi\u1ebft k\u1ebf d\u1ea1ng x\u1ecbt nh\u1ecf g\u1ecdn, ti\u1ec7n l\u1ee3i, gi\u00fap b\u1ea1n c\u00f3 th\u1ec3 mang theo \u0111\u1ebfn b\u1ea5t k\u00ec \u0111\u00e2u. Ngo\u00e0i ra, b\u1ea1n c\u00f3 th\u1ec3 s\u1eed d\u1ee5ng\u00a0DEODORANT SPRAY\u00a0kh\u00f4ng ch\u1ec9 v\u00f9ng da d\u01b0\u1edbi c\u00e1nh tay m\u00e0 c\u00f2n \u1edf c\u1ed5, c\u1ed5 tay \u0111\u1ec3 l\u01b0u h\u01b0\u01a1ng kh\u1eafp c\u01a1 th\u1ec3.<br \/>\nS\u1ea3n ph\u1ea9m th\u00edch h\u1ee3p v\u1edbi m\u1ecdi lo\u1ea1i da.<br \/>\nB\u1ea3o qu\u1ea3n:<br \/>\nB\u1ea3o qu\u1ea3n n\u01a1i kh\u00f4 r\u00e1o, tho\u00e1ng m\u00e1t.<br \/>\nTr\u00e1nh \u00e1nh n\u1eafng tr\u1ef1c ti\u1ebfp m\u1eb7t tr\u1eddi.<br \/>\n\u0110\u1eady k\u00edn n\u1eafp sau khi s\u1eed d\u1ee5ng<\/p>\n","protected":false},"excerpt":{"rendered":"<p>X\u1ecbt Kh\u1eed M\u00f9i C\u01a1 Th\u1ec3 Deodorant Spray60gGi\u00e1 : 195.000C\u00f4ng d\u1ee5ng : X\u1ecbt th\u01a1m, kh\u1eed m\u00f9i, ng\u0103n m\u00f9i c\u01a1 th\u1ec3. Mang l\u1ea1i m\u00f9i h\u01b0\u01a1ng d\u1ec5 ch\u1ecbu cho c\u01a1 th\u1ec3. Th\u00e0nh ph\u1ea7n ch\u00ednh: N\u01b0\u1edbc, Glycerin, L\u00f4 H\u1ed9i, D\u1ea7u Tr\u00e0m Tr\u00e0, D\u1ea7u H\u1ea1t Nho, S\u00e1p Jojoba, D\u1ea7u H\u1ea1nh Nh\u00e2n, D\u1ea7u H\u1ea1t \u0110\u00e0o, Ch\u1ea5t t\u1ea1o m\u00f9i. X\u1ecaT KH\u1eec M\u00d9I&#8230;<\/p>\n","protected":false},"featured_media":7875,"comment_status":"open","ping_status":"closed","template":"","meta":[],"product_brand":[1556],"product_cat":[15,1415,1460],"product_tag":[429,434,1696,1694,435],"class_list":{"0":"post-9092","1":"product","2":"type-product","3":"status-publish","4":"has-post-thumbnail","6":"product_brand-hanayuki","7":"product_cat-chua-phan-loai","8":"product_cat-cham-soc-co-the","9":"product_cat-cham-soc-vung-nach","10":"product_tag-kem-tri-tham-nach","11":"product_tag-lan-khu-mui","12":"product_tag-lan-khu-mui-etaxil","13":"product_tag-lan-khu-mui-hoi","14":"product_tag-lan-nach","16":"first","17":"outofstock","18":"sale","19":"shipping-taxable","20":"purchasable","21":"product-type-simple"},"acf":[],"_links":{"self":[{"href":"https:\/\/thanglongbeauty.vn\/index.php?rest_route=\/wp\/v2\/product\/9092","targetHints":{"allow":["GET"]}}],"collection":[{"href":"https:\/\/thanglongbeauty.vn\/index.php?rest_route=\/wp\/v2\/product"}],"about":[{"href":"https:\/\/thanglongbeauty.vn\/index.php?rest_route=\/wp\/v2\/types\/product"}],"replies":[{"embeddable":true,"href":"https:\/\/thanglongbeauty.vn\/index.php?rest_route=%2Fwp%2Fv2%2Fcomments&post=9092"}],"wp:featuredmedia":[{"embeddable":true,"href":"https:\/\/thanglongbeauty.vn\/index.php?rest_route=\/wp\/v2\/media\/7875"}],"wp:attachment":[{"href":"https:\/\/thanglongbeauty.vn\/index.php?rest_route=%2Fwp%2Fv2%2Fmedia&parent=9092"}],"wp:term":[{"taxonomy":"product_brand","embeddable":true,"href":"https:\/\/thanglongbeauty.vn\/index.php?rest_route=%2Fwp%2Fv2%2Fproduct_brand&post=9092"},{"taxonomy":"product_cat","embeddable":true,"href":"https:\/\/thanglongbeauty.vn\/index.php?rest_route=%2Fwp%2Fv2%2Fproduct_cat&post=9092"},{"taxonomy":"product_tag","embeddable":true,"href":"https:\/\/thanglongbeauty.vn\/index.php?rest_route=%2Fwp%2Fv2%2Fproduct_tag&post=9092"}],"curies":[{"name":"wp","href":"https:\/\/api.w.org\/{rel}","templated":true}]}}