{"id":9095,"date":"2025-10-20T04:11:15","date_gmt":"2025-10-20T04:11:15","guid":{"rendered":"https:\/\/thanglongbeauty.vn\/?post_type=product&#038;p=9095"},"modified":"2026-05-14T09:33:36","modified_gmt":"2026-05-14T09:33:36","slug":"kem-chong-nang-hanayuki-mat","status":"publish","type":"product","link":"https:\/\/thanglongbeauty.vn\/?product=kem-chong-nang-hanayuki-mat","title":{"rendered":"Kem ch\u1ed1ng n\u1eafng Hanayuki m\u1eb7t"},"content":{"rendered":"<p>KEM CH\u1ed0NG N\u1eaeNG N\u00c2NG T\u00d4NG D\u01af\u1ee0NG DA CHO M\u1eb6T V\u00c0 BODY \u0110\u00c3 C\u00d3 H\u00c0NG<br \/>\nNhi\u1ec1u b\u1ea1n b\u1ea3o thanh ch\u1ed1ng n\u1eafng d\u1ea1ng l\u0103n c\u1ee7a Hanayuki ti\u1ec7n th\u1eadt nh\u01b0ng e mu\u1ed1n d\u1ea1ng kem ch\u1ed1ng n\u1eafng c\u00f3 n\u00e2ng t\u00f4ng \u0111\u1ec3 thay th\u1ebf makeup \u0111\u1ec3 ti\u1ec7n h\u01a1n trong vi\u1ec7c ra \u0111\u01b0\u1eddng . Ok th\u00ec \u0111\u00e2y , 1 cho m\u1eb7t v\u00e0 1 cho body . Th\u1ea5m ngay sau 10 gi\u00e2y . \u0110\u1ea3m b\u1ea3o ch\u1ecb em s\u1ebd th\u00edch m\u00ea.<br \/>\n\u00a0\u0110\u00e1p \u1ee9ng nhu c\u1ea7u 3 trong 1 s\u1ea3n ph\u1ea9m<br \/>\n\u00a0Ch\u1ed1ng n\u1eafng, b\u1ea3o v\u1ec7 l\u00e0n da<br \/>\n\u00a0N\u00e2ng t\u00f4ng da, makeup t\u1ee9c th\u00ec<br \/>\n\u00a0C\u1ea5p \u1ea9m, d\u01b0\u1ee1ng da tr\u1eafng s\u00e1ng, ng\u0103n ng\u1eeba l\u00e3o ho\u00e1<br \/>\nHanayuki Sunscreen Face<br \/>\nSPF 50 PA++++<br \/>\nGi\u00fap ch\u1ed1ng n\u1eafng, b\u1ea3o v\u1ec7 da kh\u1ecfi t\u00e1c h\u1ea1i \u00e1nh n\u1eafng tia UV.<br \/>\nGi\u00fap n\u00e2ng t\u00f4ng da m\u1eb7t, makeup da t\u1ee9c th\u00ec.<br \/>\nGi\u00fap cung c\u1ea5p \u0111\u1ed9 \u1ea9m, d\u01b0\u1ee1ng da tr\u1eafng s\u00e1ng m\u1ecbn m\u00e0ng.<br \/>\nTh\u00e0nh ph\u1ea7n ch\u00ednh\u00a0:<br \/>\nNiacinamide (Vitamin B3) , Panthenol (Vitamin B5) , Tocopheryl acetate (Vitamin E) , Alatonin , Chi\u1ebft xu\u1ea5t L\u00f4 H\u1ed9i, Titanium dioxide, Uvinul MC80, Uvinul A Plus<br \/>\nHDSD:<br \/>\n1. R\u1eeda s\u1ea1ch v\u00f9ng da c\u1ea7n s\u1eed d\u1ee5ng.<br \/>\n2. L\u1ea5y l\u01b0\u1ee3ng kem v\u1eeba \u0111\u1ee7 thoa l\u00ean v\u00f9ng da c\u1ea7n s\u1eed d\u1ee5ng.<br \/>\n3. M\u00e1t xa nh\u1eb9 nh\u00e0ng \u0111\u1ec3 kem th\u1ea5m s\u00e2u v\u00e0o da.<br \/>\n4.N\u00ean thoa kem tr\u01b0\u1edbc khi ti\u1ebfp x\u00fac \u00e1nh n\u1eafng 20-30 ph\u00fat.<\/p>\n","protected":false},"excerpt":{"rendered":"<p>KEM CH\u1ed0NG N\u1eaeNG N\u00c2NG T\u00d4NG D\u01af\u1ee0NG DA CHO M\u1eb6T V\u00c0 BODY \u0110\u00c3 C\u00d3 H\u00c0NG Nhi\u1ec1u b\u1ea1n b\u1ea3o thanh ch\u1ed1ng n\u1eafng d\u1ea1ng l\u0103n c\u1ee7a Hanayuki ti\u1ec7n th\u1eadt nh\u01b0ng e mu\u1ed1n d\u1ea1ng kem ch\u1ed1ng n\u1eafng c\u00f3 n\u00e2ng t\u00f4ng \u0111\u1ec3 thay th\u1ebf makeup \u0111\u1ec3 ti\u1ec7n h\u01a1n trong vi\u1ec7c ra \u0111\u01b0\u1eddng . Ok th\u00ec \u0111\u00e2y , 1 cho m\u1eb7t&#8230;<\/p>\n","protected":false},"featured_media":8097,"comment_status":"open","ping_status":"closed","template":"","meta":[],"product_brand":[1556],"product_cat":[15,1398,1488,1407],"product_tag":[362,465,472,363],"class_list":{"0":"post-9095","1":"product","2":"type-product","3":"status-publish","4":"has-post-thumbnail","6":"product_brand-hanayuki","7":"product_cat-chua-phan-loai","8":"product_cat-cham-soc-da","9":"product_cat-cham-soc-mat","10":"product_cat-kem-chong-nang","11":"product_tag-chong-nang","12":"product_tag-chong-nang-nang-tone","13":"product_tag-chong-nang-nang-tong","14":"product_tag-kem-chong-nang","16":"first","17":"outofstock","18":"sale","19":"shipping-taxable","20":"purchasable","21":"product-type-simple"},"acf":[],"_links":{"self":[{"href":"https:\/\/thanglongbeauty.vn\/index.php?rest_route=\/wp\/v2\/product\/9095","targetHints":{"allow":["GET"]}}],"collection":[{"href":"https:\/\/thanglongbeauty.vn\/index.php?rest_route=\/wp\/v2\/product"}],"about":[{"href":"https:\/\/thanglongbeauty.vn\/index.php?rest_route=\/wp\/v2\/types\/product"}],"replies":[{"embeddable":true,"href":"https:\/\/thanglongbeauty.vn\/index.php?rest_route=%2Fwp%2Fv2%2Fcomments&post=9095"}],"wp:featuredmedia":[{"embeddable":true,"href":"https:\/\/thanglongbeauty.vn\/index.php?rest_route=\/wp\/v2\/media\/8097"}],"wp:attachment":[{"href":"https:\/\/thanglongbeauty.vn\/index.php?rest_route=%2Fwp%2Fv2%2Fmedia&parent=9095"}],"wp:term":[{"taxonomy":"product_brand","embeddable":true,"href":"https:\/\/thanglongbeauty.vn\/index.php?rest_route=%2Fwp%2Fv2%2Fproduct_brand&post=9095"},{"taxonomy":"product_cat","embeddable":true,"href":"https:\/\/thanglongbeauty.vn\/index.php?rest_route=%2Fwp%2Fv2%2Fproduct_cat&post=9095"},{"taxonomy":"product_tag","embeddable":true,"href":"https:\/\/thanglongbeauty.vn\/index.php?rest_route=%2Fwp%2Fv2%2Fproduct_tag&post=9095"}],"curies":[{"name":"wp","href":"https:\/\/api.w.org\/{rel}","templated":true}]}}