{"id":9098,"date":"2025-10-20T04:11:16","date_gmt":"2025-10-20T04:11:16","guid":{"rendered":"https:\/\/thanglongbeauty.vn\/?post_type=product&#038;p=9098"},"modified":"2025-10-28T07:15:01","modified_gmt":"2025-10-28T07:15:01","slug":"gel-rua-mat-simple-50-ml","status":"publish","type":"product","link":"https:\/\/thanglongbeauty.vn\/?product=gel-rua-mat-simple-50-ml","title":{"rendered":"Gel R\u1eeda m\u1eb7t Simple 50 ml"},"content":{"rendered":"<p>Gel R\u1eeda M\u1eb7t T\u01b0\u01a1i M\u00e1t Simple Kind To Skin r\u1eeda s\u1ea1ch ho\u00e0n to\u00e0n l\u1edbp trang \u0111i\u1ec3m, b\u1ee5i b\u1ea9n v\u00e0 nh\u1eefng t\u1ea1p ch\u1ea5t kh\u00e1c, cho l\u00e0n da s\u1ea1ch m\u00e1t v\u00e0 ph\u1ee5c h\u1ed3i s\u1ee9c s\u1ed1ng.<\/p>\n<p>K\u1ebft h\u1ee3p nh\u1eefng th\u00e0nh ph\u1ea7n t\u1ed1t cho da g\u1ed3m N\u01b0\u1edbc Tinh L\u1ecdc 3 L\u1ea7n v\u00e0 vitamin gi\u00fap ph\u1ee5c h\u1ed3i v\u00e0 nu\u00f4i d\u01b0\u1ee1ng da m\u00e0 kh\u00f4ng g\u00e2y k\u00edch \u1ee9ng. Ho\u00e0n h\u1ea3o cho c\u1ea3 l\u00e0n da nh\u1ea1y c\u1ea3m.<br \/>\n\u00a0<br \/>\nS\u1eefa R\u1eeda M\u1eb7t Simple mang \u0111\u1ebfn nhi\u1ec1u \u01b0u th\u1ebf n\u1ed5i b\u1eadt:<br \/>\n\u00a0<br \/>\n\u2013 V\u1edbi k\u1ebft c\u1ea5u d\u1ea1ng gel d\u1ecbu nh\u1eb9, s\u1ea3n ph\u1ea9m nh\u1eb9 nh\u00e0ng l\u00e0m s\u1ea1ch da, lo\u1ea1i b\u1ecf l\u1edbp d\u1ea7u th\u1eeba, b\u1ee5i b\u1ea9n v\u00e0 makeup c\u00f2n s\u00f3t l\u1ea1i tr\u00ean da.<br \/>\n\u00a0<br \/>\n\u2013 S\u1eefa r\u1eeda m\u1eb7t ch\u1ee9a n\u01b0\u1edbc tinh khi\u1ebft \u0111\u00e3 \u0111\u01b0\u1ee3c l\u1ecdc 3 l\u1ea7n, c\u1ef1c k\u1ef3 d\u1ecbu nh\u1eb9 v\u00e0 an to\u00e0n cho l\u00e0n da nh\u1ea1y c\u1ea3m, \u0111\u1ed3ng th\u1eddi h\u1ed7 tr\u1ee3 l\u00e0m d\u1ecbu da.<br \/>\n\u00a0<br \/>\n\u2013 S\u1ea3n ph\u1ea9m c\u00f2n ch\u1ee9a Pro-vitamin B5, gi\u00fap da m\u1ecbn m\u00e0ng, l\u00e0m d\u1ecbu da v\u00e0 nu\u00f4i d\u01b0\u1ee1ng da t\u1eeb b\u00ean trong.<br \/>\n\u00a0<br \/>\n\u2013 \u0110\u1eb7c bi\u1ec7t, S\u1eefa R\u1eeda M\u1eb7t Simple cung c\u1ea5p \u0111\u1ebfn da 2 l\u1ea7n h\u00e0m l\u01b0\u1ee3ng Vitamin E, gi\u00fap da t\u01b0\u01a1i m\u00e1t, ch\u1ed1ng oxi h\u00f3a v\u00e0 ph\u1ee5c h\u1ed3i \u0111\u1ed9 \u1ea9m.<br \/>\n\u00a0<br \/>\n\u2013 S\u1ea3n ph\u1ea9m kh\u00f4ng ch\u1ee9a n\u01b0\u1edbc hoa ho\u1eb7c m\u00e0u nh\u00e2n t\u1ea1o, kh\u00f4ng c\u00f3 h\u00f3a ch\u1ea5t m\u1ea1nh, kh\u00f4ng c\u1ed3n, kh\u00f4ng x\u00e0 ph\u00f2ng, kh\u00f4ng paraben v\u00e0 kh\u00f4ng phthalates.<br \/>\n\u00a0<br \/>\n\u2013 \u0110\u1eb7c bi\u1ec7t, v\u1ecf chai c\u1ee7a s\u1ea3n ph\u1ea9m \u0111\u01b0\u1ee3c l\u00e0m t\u1eeb 100% nh\u1ef1a t\u00e1i ch\u1ebf v\u00e0 phi\u00ean b\u1ea3n m\u1edbi gi\u1ea3m 25% l\u01b0\u1ee3ng nh\u1ef1a trong bao b\u00ec, th\u1ec3 hi\u1ec7n cam k\u1ebft th\u00e2n thi\u1ec7n v\u1edbi m\u00f4i tr\u01b0\u1eddng.<\/p>\n<p>Dung t\u00edch: 150ml;<br \/>\nTh\u01b0\u01a1ng hi\u1ec7u: Simple<br \/>\nXu\u1ea5t x\u1ee9 th\u01b0\u01a1ng hi\u1ec7u: Anh Qu\u1ed1c<br \/>\nN\u01a1i s\u1ea3n xu\u1ea5t: Ba Lan<br \/>\nTh\u00f4ng s\u1ed1 s\u1ea3n ph\u1ea9mBarcode5011451103863Th\u01b0\u01a1ng Hi\u1ec7uSimpleXu\u1ea5t x\u1ee9 th\u01b0\u01a1ng hi\u1ec7uAnhN\u01a1i s\u1ea3n xu\u1ea5tPolandLo\u1ea1i daDa nh\u1ea1y c\u1ea3m\u0110\u1eb7c T\u00ednhKh\u00f4ng X\u00e0 Ph\u00f2ngGi\u1edbi t\u00ednhT\u1ea5t c\u1ea3V\u1ea5n \u0111\u1ec1 v\u1ec1 daDa nh\u1ea1y c\u1ea3m, k\u00edch \u1ee9ng, m\u1ea9n \u0111\u1ecf#gelruamat #simple #ruamatsimple #gelruamatsimple #suaruamat #ruamatchodathuong<\/p>\n","protected":false},"excerpt":{"rendered":"<p>Gel R\u1eeda M\u1eb7t T\u01b0\u01a1i M\u00e1t Simple Kind To Skin r\u1eeda s\u1ea1ch ho\u00e0n to\u00e0n l\u1edbp trang \u0111i\u1ec3m, b\u1ee5i b\u1ea9n v\u00e0 nh\u1eefng t\u1ea1p ch\u1ea5t kh\u00e1c, cho l\u00e0n da s\u1ea1ch m\u00e1t v\u00e0 ph\u1ee5c h\u1ed3i s\u1ee9c s\u1ed1ng. K\u1ebft h\u1ee3p nh\u1eefng th\u00e0nh ph\u1ea7n t\u1ed1t cho da g\u1ed3m N\u01b0\u1edbc Tinh L\u1ecdc 3 L\u1ea7n v\u00e0 vitamin gi\u00fap ph\u1ee5c h\u1ed3i v\u00e0 nu\u00f4i d\u01b0\u1ee1ng&#8230;<\/p>\n","protected":false},"featured_media":8123,"comment_status":"open","ping_status":"closed","template":"","meta":[],"product_brand":[1504],"product_cat":[15,1398,1488,1458,1425],"product_tag":[397,1710,399,401,1708,1709],"class_list":{"0":"post-9098","1":"product","2":"type-product","3":"status-publish","4":"has-post-thumbnail","6":"product_brand-simple","7":"product_cat-chua-phan-loai","8":"product_cat-cham-soc-da","9":"product_cat-cham-soc-mat","10":"product_cat-gel-sua-rua-mat","11":"product_cat-simple","12":"product_tag-gel-rua-mat","13":"product_tag-rua-mat-diu-nhe","14":"product_tag-simple","15":"product_tag-sua-rua-mat","16":"product_tag-sua-rua-mat-simple","17":"product_tag-sua-rua-mat-tri-mun","19":"first","20":"onbackorder","21":"sale","22":"shipping-taxable","23":"purchasable","24":"product-type-simple"},"acf":[],"_links":{"self":[{"href":"https:\/\/thanglongbeauty.vn\/index.php?rest_route=\/wp\/v2\/product\/9098","targetHints":{"allow":["GET"]}}],"collection":[{"href":"https:\/\/thanglongbeauty.vn\/index.php?rest_route=\/wp\/v2\/product"}],"about":[{"href":"https:\/\/thanglongbeauty.vn\/index.php?rest_route=\/wp\/v2\/types\/product"}],"replies":[{"embeddable":true,"href":"https:\/\/thanglongbeauty.vn\/index.php?rest_route=%2Fwp%2Fv2%2Fcomments&post=9098"}],"wp:featuredmedia":[{"embeddable":true,"href":"https:\/\/thanglongbeauty.vn\/index.php?rest_route=\/wp\/v2\/media\/8123"}],"wp:attachment":[{"href":"https:\/\/thanglongbeauty.vn\/index.php?rest_route=%2Fwp%2Fv2%2Fmedia&parent=9098"}],"wp:term":[{"taxonomy":"product_brand","embeddable":true,"href":"https:\/\/thanglongbeauty.vn\/index.php?rest_route=%2Fwp%2Fv2%2Fproduct_brand&post=9098"},{"taxonomy":"product_cat","embeddable":true,"href":"https:\/\/thanglongbeauty.vn\/index.php?rest_route=%2Fwp%2Fv2%2Fproduct_cat&post=9098"},{"taxonomy":"product_tag","embeddable":true,"href":"https:\/\/thanglongbeauty.vn\/index.php?rest_route=%2Fwp%2Fv2%2Fproduct_tag&post=9098"}],"curies":[{"name":"wp","href":"https:\/\/api.w.org\/{rel}","templated":true}]}}