{"id":9121,"date":"2025-10-20T04:11:24","date_gmt":"2025-10-20T04:11:24","guid":{"rendered":"https:\/\/thanglongbeauty.vn\/?post_type=product&#038;p=9121"},"modified":"2026-05-14T09:32:34","modified_gmt":"2026-05-14T09:32:34","slug":"dung-dich-ve-sinh-hanayuki-soft-silk-xanh-150g","status":"publish","type":"product","link":"https:\/\/thanglongbeauty.vn\/?product=dung-dich-ve-sinh-hanayuki-soft-silk-xanh-150g","title":{"rendered":"Dung d\u1ecbch v\u1ec7 sinh Hanayuki soft silk xanh 150g"},"content":{"rendered":"<p>Xu\u1ea5t X\u1ee9 : Cty VB Universal ( Cty Hanayuki )<br \/>\nDung t\u00edch : 150 ml<br \/>\nS\u1ea3n ph\u1ea9m c\u00f3 chi\u1ebft xu\u1ea5t t\u1eeb thi\u00ean nhi\u00ean , \u0111\u00e3 qua ki\u1ec3m tra an to\u00e0n cho l\u00e0n da baby do c\u00e1c c\u1ea5p th\u1ea9m quy\u1ec1n x\u00e1c nh\u1eadn<br \/>\nC\u00f3 Team ch\u1ed1ng h\u00e0ng gi\u1ea3 v\u00e0 4 con d\u1ea5u an to\u00e0n do c\u00e1c c\u1ea5p th\u1ea9m quy\u1ec1n c\u1ea5p<\/p>\n<p>V\u00f9ng k\u00edn l\u00e0 b\u1ed9 ph\u1eadn nh\u1ea1y c\u1ea3m c\u1ee7a c\u01a1 th\u1ec3, c\u00f3 kh\u1ea3 n\u0103ng \u1ea3nh h\u01b0\u1edfng \u0111\u1ebfn ch\u1ee9c n\u0103ng sinh s\u1ea3n c\u1ee7a ph\u1ee5 n\u1eef. \u0110\u1eb7c bi\u1ec7t, do c\u1ea5u t\u1ea1o n\u00ean v\u00f9ng k\u00edn ph\u1ee5 n\u1eef th\u01b0\u1eddng xuy\u00ean b\u1ecb \u1ea9m \u01b0\u1edbt v\u00e0 d\u1ec5 b\u1ecb vi\u00eam nhi\u1ec5m ph\u1ee5 khoa. V\u00ec th\u1ebf, nhi\u1ec1u ng\u01b0\u1eddi \u0111\u00e3 ch\u1ee7 \u0111\u1ed9ng l\u1ef1a ch\u1ecdn c\u00e1c s\u1ea3n ph\u1ea9m v\u1ec7 sinh \u0111\u1ec3 ch\u0103m s\u00f3c v\u00f9ng k\u00edn, b\u1ea3o v\u1ec7 s\u1ee9c kh\u1ecfe sinh s\u1ea3n, gi\u00fap ph\u1ee5 n\u1eef th\u00eam t\u1ef1 tin, quy\u1ebfn r\u0169. Tuy nhi\u00ean, \u0111i\u1ec1u n\u00e0y kh\u00f4ng ph\u1ea3i \u0111\u01a1n gi\u1ea3n v\u00ec tr\u00ean th\u1ecb tr\u01b0\u1eddng c\u00f3 r\u1ea5t nhi\u1ec1u s\u1ea3n ph\u1ea9m c\u1ee7a c\u00e1c th\u01b0\u01a1ng hi\u1ec7u kh\u00e1c nhau \u0111ang \u0111\u01b0\u1ee3c l\u01b0u h\u00e0nh.\u00a0<br \/>\nDung d\u1ecbch v\u1ec7 sinh hana soft silk s\u1ea3n xu\u1ea5t \u1edf \u0111\u00e2u ?\u0110\u00e1p \u1ee9ng nhu c\u1ea7u cu\u1ed9c s\u1ed1ng c\u1ee7a nhi\u1ec1u ch\u1ecb em ph\u1ee5 n\u1eef, s\u1ea3n ph\u1ea9m dung d\u1ecbch v\u1ec7 sinh\u00a0hana soft silk\u00a0ra \u0111\u1eddi v\u00e0 nh\u1eadn \u0111\u01b0\u1ee3c s\u1ef1 quan t\u00e2m c\u1ee7a \u0111\u00f4ng \u0111\u1ea3o kh\u00e1ch h\u00e0ng. S\u1ea3n ph\u1ea9m n\u00e0y c\u00f2n \u0111\u01b0\u1ee3c g\u1ecdi l\u00e0 n\u01b0\u1edbc r\u1eeda ph\u1ee5 khoa, \u0111\u01b0\u1ee3c d\u00f9ng \u0111\u1ec3 r\u1eeda s\u1ea1ch v\u00f9ng k\u00edn, t\u1eeb \u0111\u00f3 gi\u00fap ph\u1ee5 n\u1eef tr\u00e1nh \u0111\u01b0\u1ee3c nguy c\u01a1 b\u1ecb vi\u00eam nhi\u1ec5m n\u1ea5m ng\u1ee9a ph\u1ee5 khoa.<br \/>\nHi\u1ec7n nay, tr\u00ean th\u1ecb tr\u01b0\u1eddng c\u00f3 r\u1ea5t nhi\u1ec1u s\u1ea3n ph\u1ea9m v\u1ec7 sinh ph\u1ee5 n\u1eef c\u1ee7a c\u00e1c th\u01b0\u01a1ng hi\u1ec7u, \u0111a d\u1ea1ng v\u1ec1 m\u1eabu m\u00e3, th\u00e0nh ph\u1ea7n v\u00e0 c\u1ea3 m\u00f9i h\u01b0\u01a1ng\u2026 \u0110\u1ec3 \u0111\u00e1p \u1ee9ng nhu c\u1ea7u c\u1ee7a ng\u01b0\u1eddi ti\u00eau d\u00f9ng dung d\u1ecbch v\u1ec7 sinh hanayuki ra \u0111\u1eddi v\u1edbi t\u00ean g\u1ecdi ( Hana soft &#038; silk )<br \/>\nHana soft &#038; silk \u0111\u01b0\u1ee3c s\u1ea3n xu\u1ea5t t\u1ea1i nh\u00e0 m\u00e1y Hanayuki t\u1ea1i Vi\u1ec7t nam c\u00f3 tr\u1ee5 s\u1edf Qu\u1eadn 7 v\u00e0 nguy\u00ean li\u1ec7u d\u00f9ng s\u1ea3n xu\u1ea5t l\u00e0 ho\u00e0n to\u00e0n t\u1eeb nh\u1eefng tinh ch\u1ea5t thi\u00ean nhi\u00ean v\u00e0 an to\u00e0n nh\u1ea5t cho C\u00f4 b\u00e9 c\u1ee7a ch\u1ecb em.<br \/>\nGi\u1edbi thi\u1ec7u s\u01a1 l\u01b0\u1ee3c v\u1ec1 dung d\u1ecbch v\u1ec7 sinh hana soft silkDung d\u1ecbch v\u1ec7 sinh ph\u1ee5 n\u1eef Hana Soft &#038; Silk cung c\u1ea5p gi\u1ea3i ph\u00e1p cho nh\u1eefng v\u1ea5n \u0111\u1ec1 th\u01b0\u1eddng g\u1eb7p nh\u01b0 l\u00e0m s\u1ea1ch, kh\u1eed m\u00f9i, di\u1ec7t khu\u1ea9n.<br \/>\n\u2013 T\u00ean s\u1ea3n ph\u1ea9m: Dung d\u1ecbch v\u1ec7 sinh\u00a0Hana Soft &#038; Silk<br \/>\n\u2013 Dung t\u00edch: 150 ml<br \/>\n\u2013 Gi\u00e1 th\u00e0nh: 135.000 vn\u0111<br \/>\n\u0110\u01b0\u1ee3c chi\u1ebft xu\u1ea5t t\u1eeb c\u00e1c th\u00e0nh ph\u1ea7n thi\u00ean nhi\u00ean, Dung d\u1ecbch v\u1ec7 sinh ph\u1ee5 n\u1eef Hana Soft Silk 150ml \u2013 xanh d\u01b0\u01a1ng mang \u0111\u1ebfn c\u1ea3m gi\u00e1c tho\u1ea3i m\u00e1i, kh\u00f4ng g\u00e2y c\u1ea3m gi\u00e1c kh\u00f4 r\u00e1t nh\u01b0 nh\u1eefng s\u1ea3n ph\u1ea9m kh\u00e1c tr\u00ean<\/p>\n","protected":false},"excerpt":{"rendered":"<p>Xu\u1ea5t X\u1ee9 : Cty VB Universal ( Cty Hanayuki ) Dung t\u00edch : 150 ml S\u1ea3n ph\u1ea9m c\u00f3 chi\u1ebft xu\u1ea5t t\u1eeb thi\u00ean nhi\u00ean , \u0111\u00e3 qua ki\u1ec3m tra an to\u00e0n cho l\u00e0n da baby do c\u00e1c c\u1ea5p th\u1ea9m quy\u1ec1n x\u00e1c nh\u1eadn C\u00f3 Team ch\u1ed1ng h\u00e0ng gi\u1ea3 v\u00e0 4 con d\u1ea5u an to\u00e0n do c\u00e1c c\u1ea5p&#8230;<\/p>\n","protected":false},"featured_media":8308,"comment_status":"open","ping_status":"closed","template":"","meta":[],"product_brand":[1556],"product_cat":[15,1480,1479,1414],"product_tag":[1641,192,1640,1634,193,1638,1637,1635,1639,1636,196],"class_list":{"0":"post-9121","1":"product","2":"type-product","3":"status-publish","4":"has-post-thumbnail","6":"product_brand-hanayuki","7":"product_cat-chua-phan-loai","8":"product_cat-dung-dich-ve-sinh","9":"product_cat-hanayuki-thuong-hieu-ban-yeu-thich","10":"product_cat-suc-khoe-phu-khoa","11":"product_tag-dung-dich-ve-sinh-diana","12":"product_tag-dung-dich-ve-sinh-hanayuki","13":"product_tag-dung-dich-ve-sinh-lactacyd","14":"product_tag-dung-dich-ve-sinh-nam","15":"product_tag-dung-dich-ve-sinh-phu-nu","16":"product_tag-dung-dich-ve-sinh-phu-nu-bac-si-khuyen-dung","17":"product_tag-dung-dich-ve-sinh-phu-nu-femfresh","18":"product_tag-dung-dich-ve-sinh-phu-nu-intima","19":"product_tag-dung-dich-ve-sinh-phu-nu-lactacyd","20":"product_tag-dung-dich-ve-sinh-phu-nu-tot-nhat","21":"product_tag-hanayuki","23":"first","24":"outofstock","25":"sale","26":"shipping-taxable","27":"purchasable","28":"product-type-simple"},"acf":[],"_links":{"self":[{"href":"https:\/\/thanglongbeauty.vn\/index.php?rest_route=\/wp\/v2\/product\/9121","targetHints":{"allow":["GET"]}}],"collection":[{"href":"https:\/\/thanglongbeauty.vn\/index.php?rest_route=\/wp\/v2\/product"}],"about":[{"href":"https:\/\/thanglongbeauty.vn\/index.php?rest_route=\/wp\/v2\/types\/product"}],"replies":[{"embeddable":true,"href":"https:\/\/thanglongbeauty.vn\/index.php?rest_route=%2Fwp%2Fv2%2Fcomments&post=9121"}],"wp:featuredmedia":[{"embeddable":true,"href":"https:\/\/thanglongbeauty.vn\/index.php?rest_route=\/wp\/v2\/media\/8308"}],"wp:attachment":[{"href":"https:\/\/thanglongbeauty.vn\/index.php?rest_route=%2Fwp%2Fv2%2Fmedia&parent=9121"}],"wp:term":[{"taxonomy":"product_brand","embeddable":true,"href":"https:\/\/thanglongbeauty.vn\/index.php?rest_route=%2Fwp%2Fv2%2Fproduct_brand&post=9121"},{"taxonomy":"product_cat","embeddable":true,"href":"https:\/\/thanglongbeauty.vn\/index.php?rest_route=%2Fwp%2Fv2%2Fproduct_cat&post=9121"},{"taxonomy":"product_tag","embeddable":true,"href":"https:\/\/thanglongbeauty.vn\/index.php?rest_route=%2Fwp%2Fv2%2Fproduct_tag&post=9121"}],"curies":[{"name":"wp","href":"https:\/\/api.w.org\/{rel}","templated":true}]}}