{"id":9144,"date":"2025-10-20T04:11:30","date_gmt":"2025-10-20T04:11:30","guid":{"rendered":"https:\/\/thanglongbeauty.vn\/?post_type=product&#038;p=9144"},"modified":"2026-01-13T09:36:36","modified_gmt":"2026-01-13T09:36:36","slug":"bong-tay-trang-lily-bell-extra-thin-240-mieng","status":"publish","type":"product","link":"https:\/\/thanglongbeauty.vn\/?product=bong-tay-trang-lily-bell-extra-thin-240-mieng","title":{"rendered":"B\u00f4ng t\u1ea9y trang Lily Bell Extra Thin 240 Mi\u1ebfng"},"content":{"rendered":"<p>M\u1ecfng nh\u01b0ng dai m\u00e0 kh\u00f4ng h\u1ec1 x\u01a1 b\u00f4ng, \u0111\u01b0\u1ee3c s\u1ea3n xu\u1ea5t theo ti\u00eau chu\u1ea9n<br \/>\n Th\u1ea5m h\u00fat t\u1ed1t c\u00e1c lo\u1ea1i n\u01b0\u1edbc hoa h\u1ed3ng \u0111\u1ec3 l\u00e0m c\u00e2n b\u1eb1ng da, n\u01b0\u1edbc t\u1ea9y trang \u0111\u1ec3 l\u00e0m s\u1ea1ch da m\u00e0 kh\u00f4ng t\u1ed1n qu\u00e1 nhi\u1ec1u s\u1ea3n ph\u1ea9m.<br \/>\n V\u1edbi thi\u1ebft k\u1ebf mi\u1ebfng b\u00f4ng \u0111\u01b0\u1ee3c d\u1ec7t th\u00e0nh 2 m\u1eb7t kh\u00e1c nhau gi\u00fap t\u1eadn d\u1ee5ng \u0111\u01b0\u1ee3c t\u1ed1i \u0111a s\u1ea3n ph\u1ea9m kh\u00f4ng b\u1ecb l\u1ea5y qu\u00e1 nhi\u1ec1u.<br \/>\n S\u1ee3i b\u00f4ng m\u1ec1m m\u1ecbn th\u1ea5m h\u00fat s\u00e2u dung d\u1ecbch, nh\u1eb9 nh\u00e0ng t\u1ea9y s\u1ea1ch da m\u00e0 kh\u00f4ng \u0111\u1ec3 l\u1ea1i x\u01a1 b\u00f4ng tr\u00ean da sau khi d\u00f9ng.<br \/>\n B\u00f4ng t\u1ea9y trang gi\u00fap v\u1ec7 sinh l\u00e0m s\u1ea1ch l\u1edbp trang \u0111i\u1ec3m nh\u01b0 kem n\u1ec1n, ph\u1ea5n n\u1ec1n cho da th\u00f4ng tho\u00e1ng.<br \/>\n B\u00f4ng m\u1ecfng nh\u01b0ng r\u1ea5t dai v\u00e0 m\u1ecbn, lau \u0111i lau l\u1ea1i c\u0169ng ko b\u1ecb n\u00e1t, ko b\u1ecb x\u01a1 b\u00f4ng d\u00ednh l\u00ean m\u1eb7t<\/p>\n","protected":false},"excerpt":{"rendered":"<p>M\u1ecfng nh\u01b0ng dai m\u00e0 kh\u00f4ng h\u1ec1 x\u01a1 b\u00f4ng, \u0111\u01b0\u1ee3c s\u1ea3n xu\u1ea5t theo ti\u00eau chu\u1ea9n Th\u1ea5m h\u00fat t\u1ed1t c\u00e1c lo\u1ea1i n\u01b0\u1edbc hoa h\u1ed3ng \u0111\u1ec3 l\u00e0m c\u00e2n b\u1eb1ng da, n\u01b0\u1edbc t\u1ea9y trang \u0111\u1ec3 l\u00e0m s\u1ea1ch da m\u00e0 kh\u00f4ng t\u1ed1n qu\u00e1 nhi\u1ec1u s\u1ea3n ph\u1ea9m. V\u1edbi thi\u1ebft k\u1ebf mi\u1ebfng b\u00f4ng \u0111\u01b0\u1ee3c d\u1ec7t th\u00e0nh 2 m\u1eb7t kh\u00e1c nhau gi\u00fap t\u1eadn&#8230;<\/p>\n","protected":false},"featured_media":6899,"comment_status":"open","ping_status":"closed","template":"","meta":[],"product_brand":[1490],"product_cat":[1475,1486,1398,1431],"product_tag":[148,532,197,520,212,214],"class_list":{"0":"post-9144","1":"product","2":"type-product","3":"status-publish","4":"has-post-thumbnail","6":"product_brand-lili-bell","7":"product_cat-bong-tay-trang","8":"product_cat-bong-tay-trang-2","9":"product_cat-cham-soc-da","10":"product_cat-lily-bell","11":"product_tag-bong-tay-trang","12":"product_tag-bong-tay-trang-150-mieng","13":"product_tag-bong-tay-trang-222","14":"product_tag-bong-tay-trang-cotton","15":"product_tag-bong-tay-trang-han-quoc","16":"product_tag-cotton-pads","18":"first","19":"instock","20":"sale","21":"shipping-taxable","22":"purchasable","23":"product-type-simple"},"acf":[],"_links":{"self":[{"href":"https:\/\/thanglongbeauty.vn\/index.php?rest_route=\/wp\/v2\/product\/9144","targetHints":{"allow":["GET"]}}],"collection":[{"href":"https:\/\/thanglongbeauty.vn\/index.php?rest_route=\/wp\/v2\/product"}],"about":[{"href":"https:\/\/thanglongbeauty.vn\/index.php?rest_route=\/wp\/v2\/types\/product"}],"replies":[{"embeddable":true,"href":"https:\/\/thanglongbeauty.vn\/index.php?rest_route=%2Fwp%2Fv2%2Fcomments&post=9144"}],"wp:featuredmedia":[{"embeddable":true,"href":"https:\/\/thanglongbeauty.vn\/index.php?rest_route=\/wp\/v2\/media\/6899"}],"wp:attachment":[{"href":"https:\/\/thanglongbeauty.vn\/index.php?rest_route=%2Fwp%2Fv2%2Fmedia&parent=9144"}],"wp:term":[{"taxonomy":"product_brand","embeddable":true,"href":"https:\/\/thanglongbeauty.vn\/index.php?rest_route=%2Fwp%2Fv2%2Fproduct_brand&post=9144"},{"taxonomy":"product_cat","embeddable":true,"href":"https:\/\/thanglongbeauty.vn\/index.php?rest_route=%2Fwp%2Fv2%2Fproduct_cat&post=9144"},{"taxonomy":"product_tag","embeddable":true,"href":"https:\/\/thanglongbeauty.vn\/index.php?rest_route=%2Fwp%2Fv2%2Fproduct_tag&post=9144"}],"curies":[{"name":"wp","href":"https:\/\/api.w.org\/{rel}","templated":true}]}}