{"id":9191,"date":"2025-10-20T10:09:08","date_gmt":"2025-10-20T10:09:08","guid":{"rendered":"https:\/\/thanglongbeauty.vn\/?post_type=product&#038;p=9191"},"modified":"2025-10-25T09:49:23","modified_gmt":"2025-10-25T09:49:23","slug":"khan-uot-fressi-care-cool-20-mieng","status":"publish","type":"product","link":"https:\/\/thanglongbeauty.vn\/?product=khan-uot-fressi-care-cool-20-mieng","title":{"rendered":"Kh\u0103n \u01af\u1edbt Fressi Care Cool 20 mi\u1ebfng"},"content":{"rendered":"<p>Th\u00edch h\u1ee3p s\u1eed d\u1ee5ng trong:C\u00e1c ho\u1ea1t \u0111\u1ed9ng ngo\u1ea1i tr\u1eddi nh\u01b0 th\u1ec3 thao, d\u00e3 ngo\u1ea1i, du l\u1ecbch,\u2026<br \/>\n C\u00f3 th\u1ec3 s\u1eed d\u1ee5ng lau ch\u00f9i tay, v\u1ebft b\u1ea9n trong b\u1eefa \u0103n.<br \/>\n \u01afu th\u1ebf n\u1ed5i b\u1eadt: C\u00f4ng ngh\u1ec7 Nano B\u1ea1c kh\u00e1ng khu\u1ea9n an to\u00e0n v\u00e0 v\u01b0\u1ee3t tr\u1ed9i thu\u1ea7n v\u1eadt l\u00fd v\u00e0 lo\u1ea1i b\u1ecf kh\u00e1ng kh\u00e1ng sinh.<br \/>\n Kh\u00f4ng l\u00e0m kh\u00f4 da v\u00e0 b\u1ea3o v\u1ec7 da an to\u00e0n.<br \/>\n M\u00f9i h\u01b0\u01a1ng b\u1ea1c h\u00e0 hoa c\u1ecf th\u01b0 gi\u00e3n cho l\u00e0n da t\u01b0\u01a1i m\u00e1t v\u00e0 s\u1ea1ch nh\u1eddn.<br \/>\n Nguy\u00ean li\u1ec7u m\u1ec1m m\u1ea1i, nh\u1eb9 nh\u00e0ng l\u00e0m s\u1ea1ch da.<br \/>\n C\u00f4ng th\u1ee9c 99% n\u01b0\u1edbc tinh khi\u1ebft an to\u00e0n v\u00e0 ph\u00f9 h\u1ee3p cho m\u1ecdi l\u00e0n da.<br \/>\n S\u1ea3n xu\u1ea5t trong m\u00f4i tr\u01b0\u1eddng v\u00f4 tr\u00f9ng.<\/p>\n<p> \u0110\u1ed9 an to\u00e0n:Kh\u00f4ng ch\u1ee9a c\u1ed3n v\u00e0 parabens<br \/>\n B\u1ea3o qu\u1ea3n:N\u01a1i kh\u00f4 r\u00e1o tho\u00e1ng m\u00e1t.<br \/>\n Tr\u00e1nh \u00e1nh n\u1eafng tr\u1ef1c ti\u1ebfp, n\u01a1i c\u00f3 nhi\u1ec7t \u0111\u1ed9 cao ho\u1eb7c \u1ea9m \u01b0\u1edbt.<br \/>\n \u0110\u1eady n\u1eafp k\u00edn sau khi s\u1eed d\u1ee5ng.<br \/>\n Th\u00f4ng s\u1ed1 s\u1ea3n ph\u1ea9m:Quy c\u00e1ch \u0111\u00f3ng g\u00f3i: 20 Mi\u1ebfng<br \/>\n Th\u01b0\u01a1ng hi\u1ec7u: Fressi<br \/>\n Xu\u1ea5t x\u1ee9 th\u01b0\u01a1ng hi\u1ec7u: Nh\u1eadt B\u1ea3n<br \/>\n S\u1ea3n xu\u1ea5t t\u1ea1i: Nh\u1eadt B\u1ea3n.<\/p>\n","protected":false},"excerpt":{"rendered":"<p>Th\u00edch h\u1ee3p s\u1eed d\u1ee5ng trong:C\u00e1c ho\u1ea1t \u0111\u1ed9ng ngo\u1ea1i tr\u1eddi nh\u01b0 th\u1ec3 thao, d\u00e3 ngo\u1ea1i, du l\u1ecbch,\u2026 C\u00f3 th\u1ec3 s\u1eed d\u1ee5ng lau ch\u00f9i tay, v\u1ebft b\u1ea9n trong b\u1eefa \u0103n. \u01afu th\u1ebf n\u1ed5i b\u1eadt: C\u00f4ng ngh\u1ec7 Nano B\u1ea1c kh\u00e1ng khu\u1ea9n an to\u00e0n v\u00e0 v\u01b0\u1ee3t tr\u1ed9i thu\u1ea7n v\u1eadt l\u00fd v\u00e0 lo\u1ea1i b\u1ecf kh\u00e1ng kh\u00e1ng sinh. Kh\u00f4ng l\u00e0m kh\u00f4&#8230;<\/p>\n","protected":false},"featured_media":8010,"comment_status":"open","ping_status":"closed","template":"","meta":[],"product_brand":[1499],"product_cat":[15,1401],"product_tag":[516,1615,1617,1616,1620,1618,1619,1703],"class_list":{"0":"post-9191","1":"product","2":"type-product","3":"status-publish","4":"has-post-thumbnail","6":"product_brand-fressi","7":"product_cat-chua-phan-loai","8":"product_cat-khan-uot","9":"product_tag-khan-giay","10":"product_tag-khan-uot","11":"product_tag-khan-uot-bobby","12":"product_tag-khan-uot-cho-be","13":"product_tag-khan-uot-khong-con","14":"product_tag-khan-uot-khong-mui","15":"product_tag-khan-uot-mini","16":"product_tag-khan-uot-nguoi-lon","18":"first","19":"outofstock","20":"shipping-taxable","21":"purchasable","22":"product-type-simple"},"acf":[],"_links":{"self":[{"href":"https:\/\/thanglongbeauty.vn\/index.php?rest_route=\/wp\/v2\/product\/9191","targetHints":{"allow":["GET"]}}],"collection":[{"href":"https:\/\/thanglongbeauty.vn\/index.php?rest_route=\/wp\/v2\/product"}],"about":[{"href":"https:\/\/thanglongbeauty.vn\/index.php?rest_route=\/wp\/v2\/types\/product"}],"replies":[{"embeddable":true,"href":"https:\/\/thanglongbeauty.vn\/index.php?rest_route=%2Fwp%2Fv2%2Fcomments&post=9191"}],"wp:featuredmedia":[{"embeddable":true,"href":"https:\/\/thanglongbeauty.vn\/index.php?rest_route=\/wp\/v2\/media\/8010"}],"wp:attachment":[{"href":"https:\/\/thanglongbeauty.vn\/index.php?rest_route=%2Fwp%2Fv2%2Fmedia&parent=9191"}],"wp:term":[{"taxonomy":"product_brand","embeddable":true,"href":"https:\/\/thanglongbeauty.vn\/index.php?rest_route=%2Fwp%2Fv2%2Fproduct_brand&post=9191"},{"taxonomy":"product_cat","embeddable":true,"href":"https:\/\/thanglongbeauty.vn\/index.php?rest_route=%2Fwp%2Fv2%2Fproduct_cat&post=9191"},{"taxonomy":"product_tag","embeddable":true,"href":"https:\/\/thanglongbeauty.vn\/index.php?rest_route=%2Fwp%2Fv2%2Fproduct_tag&post=9191"}],"curies":[{"name":"wp","href":"https:\/\/api.w.org\/{rel}","templated":true}]}}