{"id":9231,"date":"2025-10-20T10:09:17","date_gmt":"2025-10-20T10:09:17","guid":{"rendered":"https:\/\/thanglongbeauty.vn\/san-pham\/nuoc-rua-tay-hoa-hong-aqua-vera_500ml\/"},"modified":"2025-10-20T10:09:17","modified_gmt":"2025-10-20T10:09:17","slug":"nuoc-rua-tay-hoa-hong-aqua-vera_500ml","status":"publish","type":"product","link":"https:\/\/thanglongbeauty.vn\/?product=nuoc-rua-tay-hoa-hong-aqua-vera_500ml","title":{"rendered":"N\u01b0\u1edbc R\u1eeda Tay hoa h\u1ed3ng Aqua Vera_500ml"},"content":{"rendered":"<p>&#8220;N\u01b0\u1edbc r\u1eeda tay, N\u01b0\u1edbc r\u1eeda tay Aqua Vera 500ml Th\u1ed5 Nh\u0129 K\u1ef3 nhi\u1ec1u v\u1ecb<br \/>\n Xu\u1ea5t x\u1ee9: Th\u1ed5 Nh\u0129 K\u1ef3<br \/>\n H\u00e3ng s\u1ea3n xu\u1ea5t : Aqua Vera<br \/>\n H\u1ea1n s\u1eed d\u1ee5ng: 03 n\u0103m<br \/>\n Dung t\u00edch: 500ml<br \/>\n \u2013 N\u01b0\u1edbc R\u1eeda Tay Aquavera th\u01b0\u01a1ng hi\u1ec7u h\u00f3a m\u1ef9 ph\u1ea9m c\u1ee7a h\u00e3ng Beyaz Cosmetic<br \/>\n  \u2013 Th\u1ed5 Nh\u0129 K\u1ef3 v\u1edbi ti\u00eau chu\u1ea9n k\u1ef9 thu\u1eadt v\u00e0 ch\u1ea5t l\u01b0\u1ee3ng s\u1ea3n ph\u1ea9m \u0111\u1ea3m b\u1ea3o nghi\u00eam ng\u1eb7t c\u00e1c quy t\u1eafc GMP c\u1ee7a ng\u00e0nh c\u00f4ng nghi\u1ec7p m\u1ef9 ph\u1ea9m.<br \/>\n \u2013 C\u00e1c s\u1ea3n ph\u1ea9n n\u01b0\u1edbc r\u1eeda tay c\u1ee7a Aqua Vera \u0111\u01b0\u1ee3c B\u1ed9 y t\u1ebf ch\u1ee9ng nh\u1eadn l\u00e0 s\u1ea3n ph\u1ea9m c\u00f3 t\u00e1c d\u1ee5ng di\u1ec7t khu\u1ea9n 99% v\u00e0 an to\u00e0n tuy\u1ec7t \u0111\u1ed1i cho ng\u01b0\u1eddi s\u1eed d\u1ee5ng.<br \/>\n S\u1ea3n ph\u1ea9m N\u01b0\u1edbc R\u1eeda Tay Aquavera c\u00f2n c\u00f3 nhi\u1ec1u d\u01b0\u1ee1ng ch\u1ea5t nh\u01b0 tinh ch\u1ea5t Glicerine gi\u00fap ch\u0103m s\u00f3c v\u00e0 d\u01b0\u1ee1ng da tay m\u1ec1m m\u1ecbn.<br \/>\n Nh\u00e0 nh\u1eadp kh\u1ea9u v\u00e0 ph\u00e2n ph\u1ed1i t\u1ea1i Vi\u1ec7t Nam: C\u00f4ng ty C\u1ed5 ph\u1ea7n Xu\u1ea5t nh\u1eadp kh\u1ea9u Th\u01b0\u01a1ng m\u1ea1i \u0110\u00e0i Linh, \u0110C: 29\/150 Gi\u1ea3ng V\u00f5 &#8211; Ba \u0110\u00ecnh &#8211; H\u00e0 N\u1ed9i.<br \/>\n &#8211; Nh\u1edd c\u00f4ng th\u1ee9c \u0111\u1eb7c bi\u1ec7t gi\u00fap ng\u0103n ng\u1eeba v\u00e0 di\u1ec7t khu\u1ea9n, n\u01b0\u1edbc r\u1eeda tay Aqua Vera d\u01b0\u1ee1ng ch\u1ea5t hoa h\u1ed3ng l\u00e0m cho da tay b\u1ea1n tr\u1edf n\u00ean m\u1ec1m m\u1ea1i, m\u1ecbn m\u00e0ng v\u00e0 t\u01b0\u01a1i m\u00e1t sau khi s\u1eed d\u1ee5ng. \u0110\u1ed3ng th\u1eddi, da tay b\u1ea1n s\u1ebd \u0111\u01b0\u1ee3c b\u1ea3o v\u1ec7 v\u00e0 gi\u1eef \u0111\u01b0\u1ee3c h\u01b0\u01a1ng th\u01a1m d\u1ecbu nh\u1eb9.<br \/>\n &#8211; S\u1ea3n ph\u1ea9m c\u00f3 nhi\u1ec1u m\u00f9i h\u01b0\u01a1ng cho b\u1ea1n l\u1ef1a ch\u1ecdn: h\u01b0\u01a1ng th\u01a1m d\u1ecbu ng\u1ecdt c\u1ee7a tr\u00e1i l\u1ef1u \u0111\u1ecf, h\u01b0\u01a1ng th\u01a1m d\u1ecbu nh\u1eb9 c\u1ee7a l\u00f4 h\u1ed9i, h\u01b0\u01a1ng th\u01a1m l\u00e3ng m\u1ea1n c\u1ee7a hoa h\u1ed3ng, h\u01b0\u01a1ng th\u01a1m t\u01b0\u01a1i m\u00e1t c\u1ee7a hoa nh\u00e0i, h\u01b0\u01a1ng hoa qu\u1ea3.<br \/>\n * H\u01b0\u1edbng d\u1eabn s\u1eed d\u1ee5ng v\u00e0 b\u1ea3o qu\u1ea3n<br \/>\n &#8211; Cho m\u1ed9t l\u01b0\u1ee3ng v\u1eeba \u0111\u1ee7 ra tay, xoa \u0111\u1ec1u l\u00ean b\u00ean trong v\u00e0 b\u00ean ngo\u00e0i b\u00e0n tay, sau \u0111\u00f3 r\u1eeda l\u1ea1i b\u1eb1ng n\u01b0\u1edbc<br \/>\n &#8211; B\u1ea3o qu\u1ea3n n\u01a1i kh\u00f4 r\u00e1o v\u00e0 tho\u00e1ng m\u00e1t<br \/>\n * C\u00e1c d\u00f2ng s\u1ea3n ph\u1ea9m:<br \/>\n 1. M\u00e0u h\u1ed3ng &#8211; H\u01b0\u01a1ng hoa h\u1ed3ng (Rose)<br \/>\n 2. M\u00e0u Xanh Lam &#8211; Bi\u1ec3n S\u00e2u<br \/>\n 3. M\u00e0u t\u00edm &#8211; H\u01b0\u01a1ng hoa T\u1eed \u0110inh H\u01b0\u01a1ng<br \/>\n 4. M\u00e0u tr\u1eafng &#8211; H\u01b0\u01a1ng hoa nh\u00e0i (Jasmin)<br \/>\n 5. M\u00e0u xanh L\u00e1 &#8211; H\u01b0\u01a1ng l\u00f4 h\u1ed9i (Aloe Vera)<br \/>\n #aqua #nuocruatay #nuocruatayaqua #nuocruatayaquavera #n\u01b0\u1edbcr\u1eedatay<br \/>\n #n\u01b0\u1edbc_r\u1eeda_tay<br \/>\n #nuocruatay<br \/>\n #nuoc_rua_tay<br \/>\n #n\u01b0\u1edbcr\u1eedatayt\u1ea1ob\u1ecdt<br \/>\n #n\u01b0\u1edbc_r\u1eeda_tay_t\u1ea1o_b\u1ecdt<br \/>\n #nuocruataytaobot<br \/>\n #nuoc_rua_tay_tao_bot<br \/>\n #n\u01b0\u1edbcr\u1eedatayaquala<br \/>\n #n\u01b0\u1edbc_r\u1eeda_tay_aquala<br \/>\n #nuocruatayaquala<br \/>\n #nuoc_rua_tay_aquala<br \/>\n #N\u01b0\u1edbcr\u1eedatayAquaVera<br \/>\n #N\u01b0\u1edbc_r\u1eeda_tay_Aqua_Vera<br\/\n<\/p>\n","protected":false},"excerpt":{"rendered":"<p>&#8220;N\u01b0\u1edbc r\u1eeda tay, N\u01b0\u1edbc r\u1eeda tay Aqua Vera 500ml Th\u1ed5 Nh\u0129 K\u1ef3 nhi\u1ec1u v\u1ecb Xu\u1ea5t x\u1ee9: Th\u1ed5 Nh\u0129 K\u1ef3 H\u00e3ng s\u1ea3n xu\u1ea5t : Aqua Vera H\u1ea1n s\u1eed d\u1ee5ng: 03 n\u0103m Dung t\u00edch: 500ml \u2013 N\u01b0\u1edbc R\u1eeda Tay Aquavera th\u01b0\u01a1ng hi\u1ec7u h\u00f3a m\u1ef9 ph\u1ea9m c\u1ee7a h\u00e3ng Beyaz Cosmetic \u2013 Th\u1ed5 Nh\u0129 K\u1ef3 v\u1edbi ti\u00eau chu\u1ea9n k\u1ef9&#8230;<\/p>\n","protected":false},"featured_media":0,"comment_status":"open","ping_status":"closed","template":"","meta":[],"product_brand":[1582],"product_cat":[15],"product_tag":[],"class_list":{"0":"post-9231","1":"product","2":"type-product","3":"status-publish","5":"product_brand-aqua-vera","6":"product_cat-chua-phan-loai","8":"first","9":"outofstock","10":"shipping-taxable","11":"purchasable","12":"product-type-simple"},"acf":[],"_links":{"self":[{"href":"https:\/\/thanglongbeauty.vn\/index.php?rest_route=\/wp\/v2\/product\/9231","targetHints":{"allow":["GET"]}}],"collection":[{"href":"https:\/\/thanglongbeauty.vn\/index.php?rest_route=\/wp\/v2\/product"}],"about":[{"href":"https:\/\/thanglongbeauty.vn\/index.php?rest_route=\/wp\/v2\/types\/product"}],"replies":[{"embeddable":true,"href":"https:\/\/thanglongbeauty.vn\/index.php?rest_route=%2Fwp%2Fv2%2Fcomments&post=9231"}],"wp:attachment":[{"href":"https:\/\/thanglongbeauty.vn\/index.php?rest_route=%2Fwp%2Fv2%2Fmedia&parent=9231"}],"wp:term":[{"taxonomy":"product_brand","embeddable":true,"href":"https:\/\/thanglongbeauty.vn\/index.php?rest_route=%2Fwp%2Fv2%2Fproduct_brand&post=9231"},{"taxonomy":"product_cat","embeddable":true,"href":"https:\/\/thanglongbeauty.vn\/index.php?rest_route=%2Fwp%2Fv2%2Fproduct_cat&post=9231"},{"taxonomy":"product_tag","embeddable":true,"href":"https:\/\/thanglongbeauty.vn\/index.php?rest_route=%2Fwp%2Fv2%2Fproduct_tag&post=9231"}],"curies":[{"name":"wp","href":"https:\/\/api.w.org\/{rel}","templated":true}]}}