{"id":9315,"date":"2025-10-20T10:42:28","date_gmt":"2025-10-20T10:42:28","guid":{"rendered":"https:\/\/thanglongbeauty.vn\/san-pham\/san-pham-14\/"},"modified":"2026-01-13T09:49:58","modified_gmt":"2026-01-13T09:49:58","slug":"san-pham-14","status":"publish","type":"product","link":"https:\/\/thanglongbeauty.vn\/?product=san-pham-14","title":{"rendered":"Kem d\u01b0\u1ee1ng redwin vitamin E"},"content":{"rendered":"<p>Kem d\u01b0\u1ee1ng da vitamin E v\u00e0 tinh d\u1ea7u hoa anh th\u1ea3o Redwin Vitamin E Cream c\u1ee7a \u00dac 300gKem d\u01b0\u1ee1ng da Vitamin E v\u00e0 tinh d\u1ea7u hoa anh th\u1ea3o Redwin Vitamin E Cream c\u1ee7a \u00dac 300g l\u00e0 m\u1ed9t s\u1ea3n ph\u1ea9m \u0111\u01b0\u1ee3c chi\u1ebft xu\u1ea5t t\u1eeb thi\u00ean nhi\u00ean, c\u00f3 kh\u1ea3 n\u0103ng th\u1ea9m th\u1ea5u nhanh qua da. Kem ch\u1ee9a Vitamin E v\u00e0 tinh d\u1ea7u hoa anh th\u1ea3o, hai th\u00e0nh ph\u1ea7n ch\u00ednh gi\u00fap nu\u00f4i d\u01b0\u1ee1ng v\u00e0 l\u00e0m m\u1ec1m l\u00e0n da, \u0111\u1ed3ng th\u1eddi kh\u00f3a \u0111\u1ed9 \u1ea9m s\u00e2u trong da, gi\u00fap da lu\u00f4n m\u1ec1m m\u1ea1i v\u00e0 m\u1ecbn m\u00e0ng.<br \/>\n Th\u00e0nh ph\u1ea7n kem bao g\u1ed3m n\u01b0\u1edbc, d\u1ea7u kho\u00e1ng, glyceryl stearate, cetyl alcohol, stearic acid, propylene glycol, dimethicone, triethanolamine, lanolin alcohol, oleyl alcohol, carbomer, fragrance, triticum vulgare (l\u00faa m\u00ec) d\u1ea7u m\u1ea7m, phenoxyethanol, methylparaben, ethyparaben, butylparaben, propylparaben, isobutylparaben, d\u1ea7u Oenothera Biennis (hoa anh th\u1ea3o), v\u00e0 tetrasodium EDTA.<br \/>\n Kem d\u01b0\u1ee1ng da Redwin c\u00f2n gi\u00fap gi\u1eef \u1ea9m ho\u00e0n h\u1ea3o, l\u00e0m m\u1ec1m m\u1ecbn v\u00e0 s\u00e1ng da. \u0110\u1eb7c bi\u1ec7t, sau l\u1ea7n s\u1eed d\u1ee5ng \u0111\u1ea7u ti\u00ean, b\u1ea1n c\u00f3 th\u1ec3 c\u1ea3m nh\u1eadn r\u00f5 s\u1ef1 hi\u1ec7u qu\u1ea3 c\u1ee7a vi\u1ec7c d\u01b0\u1ee1ng \u1ea9m t\u1eeb kem n\u00e0y. M\u00f9i th\u01a1m nh\u1eb9 t\u1eeb tinh d\u1ea7u hoa anh th\u1ea3o c\u00f9ng v\u1edbi kh\u1ea3 n\u0103ng c\u1ea3i thi\u1ec7n s\u1ef1 th\u00f4 r\u00e1p v\u00e0 n\u1ee9t n\u1ebb do l\u00e3o h\u00f3a l\u00e0m cho s\u1ea3n ph\u1ea9m tr\u1edf n\u00ean \u0111\u1eb7c bi\u1ec7t.<br \/>\n Redwin Vitamin E Cream ph\u00f9 h\u1ee3p cho m\u1ecdi lo\u1ea1i da, \u0111\u1eb7c bi\u1ec7t l\u00e0 da kh\u00f4 v\u00e0 nh\u1ea1y c\u1ea3m. H\u01b0\u1edbng d\u1eabn s\u1eed d\u1ee5ng \u0111\u01a1n gi\u1ea3n, ch\u1ec9 c\u1ea7n l\u1ea5y m\u1ed9t l\u01b0\u1ee3ng kem nh\u1ecf v\u00e0 thoa \u0111\u1ec1u l\u00ean v\u00f9ng da c\u1ea7n d\u01b0\u1ee1ng \u1ea9m. \u0110\u1ec3 \u0111\u1ea1t \u0111\u01b0\u1ee3c k\u1ebft qu\u1ea3 t\u1ed1t nh\u1ea5t, n\u00ean s\u1eed d\u1ee5ng kem hai l\u1ea7n m\u1ed7i ng\u00e0y, v\u00e0 thoa th\u00eam khi c\u1ea3m th\u1ea5y da qu\u00e1 kh\u00f4. Kem c\u00f3 th\u1ec3 s\u1eed d\u1ee5ng cho to\u00e0n b\u1ed9 c\u01a1 th\u1ec3.<\/p>\n<p> \u0110\u1ec3 b\u1ea3o qu\u1ea3n kem, b\u1ea1n n\u00ean \u0111\u1eb7t \u1edf n\u01a1i kh\u00f4 r\u00e1o, tho\u00e1ng m\u00e1t, tr\u00e1nh \u00e1nh n\u1eafng m\u1eb7t tr\u1eddi tr\u1ef1c ti\u1ebfp. S\u1ea3n ph\u1ea9m \u0111\u01b0\u1ee3c s\u1ea3n xu\u1ea5t b\u1edfi Redwin, m\u1ed9t th\u01b0\u01a1ng hi\u1ec7u uy t\u00edn \u0111\u1ebfn t\u1eeb \u00dac, v\u00e0 c\u00f3 quy c\u00e1ch \u0111\u00f3ng g\u00f3i l\u00e0 h\u0169 300g.<\/p>\n","protected":false},"excerpt":{"rendered":"<p>Kem d\u01b0\u1ee1ng da vitamin E v\u00e0 tinh d\u1ea7u hoa anh th\u1ea3o Redwin Vitamin E Cream c\u1ee7a \u00dac 300gKem d\u01b0\u1ee1ng da Vitamin E v\u00e0 tinh d\u1ea7u hoa anh th\u1ea3o Redwin Vitamin E Cream c\u1ee7a \u00dac 300g l\u00e0 m\u1ed9t s\u1ea3n ph\u1ea9m \u0111\u01b0\u1ee3c chi\u1ebft xu\u1ea5t t\u1eeb thi\u00ean nhi\u00ean, c\u00f3 kh\u1ea3 n\u0103ng th\u1ea9m th\u1ea5u nhanh qua da. Kem ch\u1ee9a&#8230;<\/p>\n","protected":false},"featured_media":8171,"comment_status":"open","ping_status":"closed","template":"","meta":[],"product_brand":[1602],"product_cat":[15,1415,1461],"product_tag":[299,300,1776],"class_list":{"0":"post-9315","1":"product","2":"type-product","3":"status-publish","4":"has-post-thumbnail","6":"product_brand-redwin","7":"product_cat-chua-phan-loai","8":"product_cat-cham-soc-co-the","9":"product_cat-kem-duong-am","10":"product_tag-kem-duong-body","11":"product_tag-kem-duong-da-body","12":"product_tag-kem-duong-toan-than","14":"first","15":"onbackorder","16":"shipping-taxable","17":"purchasable","18":"product-type-simple"},"acf":[],"_links":{"self":[{"href":"https:\/\/thanglongbeauty.vn\/index.php?rest_route=\/wp\/v2\/product\/9315","targetHints":{"allow":["GET"]}}],"collection":[{"href":"https:\/\/thanglongbeauty.vn\/index.php?rest_route=\/wp\/v2\/product"}],"about":[{"href":"https:\/\/thanglongbeauty.vn\/index.php?rest_route=\/wp\/v2\/types\/product"}],"replies":[{"embeddable":true,"href":"https:\/\/thanglongbeauty.vn\/index.php?rest_route=%2Fwp%2Fv2%2Fcomments&post=9315"}],"wp:featuredmedia":[{"embeddable":true,"href":"https:\/\/thanglongbeauty.vn\/index.php?rest_route=\/wp\/v2\/media\/8171"}],"wp:attachment":[{"href":"https:\/\/thanglongbeauty.vn\/index.php?rest_route=%2Fwp%2Fv2%2Fmedia&parent=9315"}],"wp:term":[{"taxonomy":"product_brand","embeddable":true,"href":"https:\/\/thanglongbeauty.vn\/index.php?rest_route=%2Fwp%2Fv2%2Fproduct_brand&post=9315"},{"taxonomy":"product_cat","embeddable":true,"href":"https:\/\/thanglongbeauty.vn\/index.php?rest_route=%2Fwp%2Fv2%2Fproduct_cat&post=9315"},{"taxonomy":"product_tag","embeddable":true,"href":"https:\/\/thanglongbeauty.vn\/index.php?rest_route=%2Fwp%2Fv2%2Fproduct_tag&post=9315"}],"curies":[{"name":"wp","href":"https:\/\/api.w.org\/{rel}","templated":true}]}}