{"id":9326,"date":"2025-10-20T10:42:30","date_gmt":"2025-10-20T10:42:30","guid":{"rendered":"https:\/\/thanglongbeauty.vn\/?post_type=product&#038;p=9326"},"modified":"2025-10-25T04:23:41","modified_gmt":"2025-10-25T04:23:41","slug":"import-placeholder-for-8938552365013","status":"publish","type":"product","link":"https:\/\/thanglongbeauty.vn\/?product=import-placeholder-for-8938552365013","title":{"rendered":"B\u1ed9t \u0110\u1eadu \u0110\u1ecf MIZUKI 100g"},"content":{"rendered":"<p>B\u1ed9t \u0110\u1eadu \u0110\u1ecf Mizuki Nguy\u00ean Ch\u1ea5t, \u1ee6 Tr\u1eafng S\u00e1ng Da<br \/>\n &#8211; HSD: 12 th\u00e1ng t\u1eeb ng\u00e0y sx<br \/>\n &#8211; B\u1ea3o qu\u1ea3n n\u01a1i kh\u00f4 r\u00e1o tho\u00e1ng m\u00e1t.<br \/>\n * Xu\u1ea5t X\u1ee9: Vi\u1ec7t Nam<\/p>\n<p> GI\u1edaI THI\u1ec6U V\u1ec0 S\u1ea2N PH\u1ea8M:<br \/>\n B\u1ed9t \u0111\u1eadu \u0111\u1ecf Mizuki th\u00e0nh ph\u1ea7n t\u1eeb h\u1ea1t \u0111\u1eadu \u0111\u1ecf th\u01b0\u1ee3ng h\u1ea1ng thu\u1ea7n chay, l\u00e0nh t\u00ednh, \u0111\u01b0\u1ee3c xay m\u1ecbn, ray l\u1ecdc k\u1ef9 l\u01b0\u1ee1ng \u0111\u1ea1t \u0111\u1ebfn \u0111\u1ed9 tinh khi\u1ebft cao. M\u1eb7t n\u1ea1 b\u1ed9t \u0111\u1eadu \u0111\u1ecf gi\u00fap d\u01b0\u1ee1ng tr\u1eafng da, ch\u1ed1ng oxy ho\u00e1, m\u1edd th\u00e2m s\u1ea1m d\u00f9ng th\u01b0\u1eddng xuy\u00ean s\u1ebd mang l\u1ea1i cho b\u1ea1n 1 l\u00e0n da s\u00e1ng m\u1ecbn v\u00e0 th\u00f4ng tho\u00e1ng.<br \/>\n \u0110\u1eb6C \u0110I\u1ec2M N\u1ed4I B\u1eacT:<br \/>\n \u2022 100% b\u1ed9t \u0111\u1eadu \u0111\u1ecf nguy\u00ean ch\u1ea5t l\u00e0nh t\u00ednh.<br \/>\n \u2022 M\u00f9i th\u01a1m t\u1ef1 nhi\u00ean d\u1ecbu nh\u1eb9, kh\u00f4ng ch\u1ea5t b\u1ea3o qu\u1ea3n.<br \/>\n \u2022 S\u1eed d\u1ee5ng t\u1ea1i nh\u00e0 d\u1ec5 d\u00e0ng.<br \/>\n \u2022 S\u1ea3n ph\u1ea9m ch\u00ednh h\u00e3ng c\u00f3 m\u00e3 v\u1ea1ch.<br \/>\n \u2022 Chi ph\u00ed ph\u00f9 h\u1ee3p v\u1edbi ng\u01b0\u1eddi ti\u00eau d\u00f9ng.<\/p>\n<p> TH\u00c0NH PH\u1ea6N:<br \/>\n 100% h\u1ea1t \u0111\u1eadu \u0111\u1ecf nguy\u00ean ch\u1ea5t, trong \u0111\u00f3 g\u1ed3m c\u00f3:<br \/>\n &#8211; Vitamin A &#8211; C &#8211; E<br \/>\n &#8211; Folid Acid (Vitamin B9)<br \/>\n &#8211; Thiamine (Vitamin B1)<br \/>\n C\u00d4NG D\u1ee4NG:<br \/>\n &#8211; D\u01b0\u1ee1ng da tr\u1eafng h\u1ed3ng, \u0111\u1ed3ng \u0111\u1ec1u m\u00e0u da, l\u00e0m d\u1ecbu da, ng\u0103n s\u1ea1m da.<br \/>\n &#8211; T\u1ea9y t\u1ebf b\u00e0o ch\u1ebft cho da, s\u1eed d\u1ee5ng th\u01b0\u1eddng xuy\u00ean da s\u1ebd m\u1ec1m m\u01b0\u1ee3t b\u1ea5t ng\u1edd.<br \/>\n &#8211; Trong th\u00e0nh ph\u1ea7n b\u1ed9t \u0111\u1eadu \u0111\u1ecf c\u00f3 ch\u1ee9a nhi\u1ec1u vitamin B1, B6 ch\u1ed1ng oxy h\u00f3a m\u1ea1nh m\u1ebd, gi\u00fap tr\u1ebb h\u00f3a v\u00e0 t\u0103ng s\u1ee9c \u0111\u1ec1 kh\u00e1ng cho da, \u0111\u1ed3ng th\u1eddi \u1ee9c ch\u1ebf h\u1eafc s\u1eafc t\u1ed1 melanin, d\u01b0\u1ee1ng s\u00e1ng, n\u00e2ng tone da hi\u1ec7u qu\u1ea3.<br \/>\n &#8211; Vitamin A, C, E h\u1ed7 tr\u1ee3 s\u1ea3n sinh collagen t\u0103ng \u0111\u1ed9 \u0111\u00e0n h\u1ed3i cho da, \u0111\u1ed3ng th\u1eddi ng\u0103n ch\u1eb7n qu\u00e1 tr\u00ecnh l\u00e3o h\u00f3a da, l\u00e0m m\u1edd c\u00e1c n\u1ebfp nh\u0103n tr\u00ean da.<\/p>\n<p> H\u01af\u1edaNG D\u1eaaN S\u1eec D\u1ee4NG :<br \/>\n 1. R\u1eeda m\u1eb7t: L\u00e0m \u01b0\u1edbt m\u1eb7t, d\u00f9ng m\u1ed9t \u00edt b\u1ed9t \u0111\u1ecf pha th\u00eam ch\u00fat n\u01b0\u1edbc, thoa nh\u1eb9 nh\u00e0ng l\u00ean da, r\u1eeda l\u1ea1i v\u1edbi n\u01b0\u1edbc \u1ea5m, lau kh\u00f4. Ch\u1ec9 \u00e1p d\u1ee5ng m\u1ed9t tu\u1ea7n 2 l\u1ea7n \u0111\u1ec3 tr\u00e1nh l\u00e0m m\u1ecfng da, khi\u1ebfn da b\u1ecb t\u1ed5n th\u01b0\u01a1ng.<br \/>\n 2. M\u1eb7t n\u1ea1 d\u01b0\u1ee1ng da: Pha 1 th\u00eca b\u1ed9t \u0111\u1eadu \u0111\u1ecf v\u1edbi s\u1eefa chua\/ m\u1eadt ong nguy\u00ean ch\u1ea5t ho\u1eb7c s\u1eefa t\u01b0\u01a1i kh\u00f4ng \u0111\u01b0\u1eddng, tr\u1ed9n \u0111\u1ec1u h\u1ed7n h\u1ee3p l\u1ea1i v\u1edbi nhau. Sau 15-20 ph\u00fat l\u01b0u l\u1ea1i tr\u00ean da h\u00e3y l\u00e0m s\u1ea1ch v\u1edbi n\u01b0\u1edbc l\u1ea1nh. B\u1ea1n s\u1ebd th\u1ea5y ng\u1ea1c nhi\u00ean khi da c\u0103ng b\u00f3ng, n\u1ebfp nh\u0103n s\u1ebd \u0111\u1ee1 h\u1eb1n s\u00e2u h\u01a1n r\u1ea5t nhi\u1ec1u.<br \/>\n 3. M\u1eb7t n\u1ea1 d\u01b0\u1ee1ng tr\u1eafng, c\u0103ng da m\u1eb7t: Tr\u1ed9n \u0111\u1ec1u 1 th\u00eca b\u1ed9t \u0111\u1eadu \u0111\u1ecf v\u1edbi l\u00f2ng \u0111\u1ecf tr\u1ee9ng g\u00e0 v\u00e0 m\u1eadt ong nguy\u00ean ch\u1ea5t, \u0111\u1eafp h\u1ed7n h\u1ee3p l\u00ean da 15p, sau \u0111\u00f3 r\u1eeda s\u1ea1ch.<br \/>\n 4. T\u1eafm, d\u01b0\u1ee1ng<\/p>\n","protected":false},"excerpt":{"rendered":"<p>B\u1ed9t \u0110\u1eadu \u0110\u1ecf Mizuki Nguy\u00ean Ch\u1ea5t, \u1ee6 Tr\u1eafng S\u00e1ng Da &#8211; HSD: 12 th\u00e1ng t\u1eeb ng\u00e0y sx &#8211; B\u1ea3o qu\u1ea3n n\u01a1i kh\u00f4 r\u00e1o tho\u00e1ng m\u00e1t. * Xu\u1ea5t X\u1ee9: Vi\u1ec7t Nam GI\u1edaI THI\u1ec6U V\u1ec0 S\u1ea2N PH\u1ea8M: B\u1ed9t \u0111\u1eadu \u0111\u1ecf Mizuki th\u00e0nh ph\u1ea7n t\u1eeb h\u1ea1t \u0111\u1eadu \u0111\u1ecf th\u01b0\u1ee3ng h\u1ea1ng thu\u1ea7n chay, l\u00e0nh t\u00ednh, \u0111\u01b0\u1ee3c xay m\u1ecbn, ray&#8230;<\/p>\n","protected":false},"featured_media":8355,"comment_status":"open","ping_status":"closed","template":"","meta":[],"product_brand":[1559],"product_cat":[15],"product_tag":[],"class_list":{"0":"post-9326","1":"product","2":"type-product","3":"status-publish","4":"has-post-thumbnail","6":"product_brand-mizuki","7":"product_cat-chua-phan-loai","9":"first","10":"outofstock","11":"shipping-taxable","12":"purchasable","13":"product-type-simple"},"acf":[],"_links":{"self":[{"href":"https:\/\/thanglongbeauty.vn\/index.php?rest_route=\/wp\/v2\/product\/9326","targetHints":{"allow":["GET"]}}],"collection":[{"href":"https:\/\/thanglongbeauty.vn\/index.php?rest_route=\/wp\/v2\/product"}],"about":[{"href":"https:\/\/thanglongbeauty.vn\/index.php?rest_route=\/wp\/v2\/types\/product"}],"replies":[{"embeddable":true,"href":"https:\/\/thanglongbeauty.vn\/index.php?rest_route=%2Fwp%2Fv2%2Fcomments&post=9326"}],"wp:featuredmedia":[{"embeddable":true,"href":"https:\/\/thanglongbeauty.vn\/index.php?rest_route=\/wp\/v2\/media\/8355"}],"wp:attachment":[{"href":"https:\/\/thanglongbeauty.vn\/index.php?rest_route=%2Fwp%2Fv2%2Fmedia&parent=9326"}],"wp:term":[{"taxonomy":"product_brand","embeddable":true,"href":"https:\/\/thanglongbeauty.vn\/index.php?rest_route=%2Fwp%2Fv2%2Fproduct_brand&post=9326"},{"taxonomy":"product_cat","embeddable":true,"href":"https:\/\/thanglongbeauty.vn\/index.php?rest_route=%2Fwp%2Fv2%2Fproduct_cat&post=9326"},{"taxonomy":"product_tag","embeddable":true,"href":"https:\/\/thanglongbeauty.vn\/index.php?rest_route=%2Fwp%2Fv2%2Fproduct_tag&post=9326"}],"curies":[{"name":"wp","href":"https:\/\/api.w.org\/{rel}","templated":true}]}}