{"id":9352,"date":"2025-10-20T10:42:38","date_gmt":"2025-10-20T10:42:38","guid":{"rendered":"https:\/\/thanglongbeauty.vn\/?post_type=product&#038;p=9352"},"modified":"2026-03-23T10:16:32","modified_gmt":"2026-03-23T10:16:32","slug":"import-placeholder-for-8851932388115","status":"publish","type":"product","link":"https:\/\/thanglongbeauty.vn\/?product=import-placeholder-for-8851932388115","title":{"rendered":"Serum D\u01b0\u1ee1ng Th\u1ec3 Vaseline Ch\u1ed1ng N\u1eafng Body S\u00e1ng Da 50+ PA++++ 300ml"},"content":{"rendered":"<p>Serum D\u01b0\u1ee1ng Th\u1ec3 Vaseline Healthy Bright Daily Protection &#038; Brightening Serum SPF 50+ PA++++ l\u00e0 d\u00f2ng s\u1ea3n ph\u1ea9m d\u01b0\u1ee1ng th\u1ec3 k\u1ebft h\u1ee3p ch\u1ed1ng n\u1eafng to\u00e0n th\u00e2n \u0111\u1ebfn t\u1eeb th\u01b0\u01a1ng hi\u1ec7u m\u1ef9 ph\u1ea9m Vaseline. Phi\u00ean b\u1ea3n n\u00e2ng c\u1ea5p m\u1edbi nh\u1ea5t cho kh\u1ea3 n\u0103ng b\u1ea3o v\u1ec7 da tr\u01b0\u1edbc 5 t\u00e1c nh\u00e2n c\u00f3 h\u1ea1i (UVA \/ UVB \/ \u00f4 nhi\u1ec5m \/ \u00e1nh s\u00e1ng xanh \/ m\u00f4i tr\u01b0\u1eddng \u0111i\u1ec1u ho\u00e0) g\u1ea5p 50 l\u1ea7n, c\u00f9ng h\u1ed7n h\u1ee3p Vitamin g\u1ed3m Niacinamide, Vitamin C&#038;E gi\u00fap d\u01b0\u1ee1ng da s\u00e1ng r\u1ea1ng r\u1ee1 h\u01a1n g\u1ea5p 2 l\u1ea7n.<\/p>\n<p> V\u1edbi Serum D\u01b0\u1ee1ng Th\u1ec3 Vaseline Ch\u1ed1ng N\u1eafng S\u00e1ng Da, l\u00e0n da c\u01a1 th\u1ec3 b\u1ea1n s\u1ebd lu\u00f4n \u0111\u01b0\u1ee3c b\u1ea3o v\u1ec7 v\u00e0 nu\u00f4i d\u01b0\u1ee1ng, ng\u0103n ng\u1eeba h\u00ecnh th\u00e0nh c\u00e1c d\u1ea5u hi\u1ec7u l\u00e3o ho\u00e1 c\u0169ng nh\u01b0 c\u1ea3i thi\u1ec7n t\u00ecnh tr\u1ea1ng da th\u00e2m s\u1ea1m, x\u1ec9n m\u00e0u hi\u1ec7u qu\u1ea3.<\/p>\n<p> Serum D\u01b0\u1ee1ng Th\u1ec3 Vaseline Healthy Bright Daily Protection &#038; Brightening Serum SPF 50+ PA++++ ph\u00f9 h\u1ee3p v\u1edbi lo\u1ea1i da n\u00e0o?<br \/>\n S\u1ea3n ph\u1ea9m ph\u00f9 h\u1ee3p cho m\u1ecdi lo\u1ea1i da. <\/p>\n<p> \u0110\u1ed1i t\u01b0\u1ee3ng s\u1eed d\u1ee5ng Serum D\u01b0\u1ee1ng Th\u1ec3 Vaseline Healthy Bright Daily Protection &#038; Brightening Serum SPF 50+ PA++++:<br \/>\n D\u00e0nh cho l\u00e0n da c\u01a1 th\u1ec3<\/p>\n<p> D\u00e0nh cho l\u00e0n da kh\u00f4 r\u00e1p, thi\u1ebfu \u1ea9m.<\/p>\n<p> D\u00e0nh cho l\u00e0n da x\u1ec9n m\u00e0u, th\u00e2m s\u1ea1m, m\u1ea5t s\u1ee9c s\u1ed1ng<\/p>\n<p> D\u00e0nh cho nh\u1eefng b\u1ea1n mu\u1ed1n s\u1eed d\u1ee5ng s\u1ea3n ph\u1ea9m s\u1eefa d\u01b0\u1ee1ng th\u1ec3 c\u00f3 ch\u1ec9 s\u1ed1 ch\u1ed1ng n\u1eafng cao.<\/p>\n<p> \u01afu th\u1ebf n\u1ed5i b\u1eadt c\u1ee7a Serum D\u01b0\u1ee1ng Th\u1ec3 Vaseline Healthy Bright Daily Protection &#038; Brightening Serum SPF 50+ PA++++:<br \/>\n Serum D\u01b0\u1ee1ng Th\u1ec3 Vaseline Healthy Bright Daily Protection &#038; Brightening Serum SPF 50+ PA++++ l\u00e0 gi\u1ea3i ph\u00e1p ho\u00e0n h\u1ea3o \u0111\u1ec3 b\u1ea3o v\u1ec7 g\u1ea5p 50 l\u1ea7n tr\u01b0\u1edbc 5 t\u00e1c nh\u00e2n c\u00f3 h\u1ea1i cho da d\u00f9 \u1edf trong nh\u00e0 hay \u1edf ngo\u00e0i tr\u1eddi:<\/p>\n<p> B\u1ea3o v\u1ec7 tr\u01b0\u1edbc tia UVA: PA++++, v\u1edbi g\u1ea5p 50x kho\u00e1ng ch\u1ea5t ch\u1ed1ng n\u1eafng gi\u00fap ng\u0103n ng\u1eeba s\u1ef1 x\u1ec9n m\u00e0u v\u00e0 h\u01b0 t\u1ed5n do tia UVA.<\/p>\n<p> B\u1ea3o v\u1ec7 tr\u01b0\u1edbc tia UVB: SPF50+ \u0111\u1ed9 quang ph\u1ed5 r\u1ed9ng gi\u00fap b\u1ea3o v\u1ec7 tr\u01b0\u1edbc s\u1ef1 gia t\u0103ng h\u1eafc s\u1eafc t\u1ed1 g\u00e2y n\u00ean n\u00e1m v\u00e0 s\u1ef1 kh\u00f4ng \u0111\u1ec1u m\u00e0u do tia UVB.<\/p>\n<p> B\u1ea3o v\u1ec7 kh\u1ecfi kh\u00f3i b\u1ee5i \u00f4 nhi\u1ec5m: C\u00f4ng th\u1ee9c PPF &#8211; t\u1ea1o th\u00e0nh l\u1edbp m\u00e0ng b\u1ea3o v\u1ec7 da tr\u01b0\u1edbc t\u00e1c h\u1ea1i t\u1eeb m\u00f4i tr\u01b0\u1eddng v\u00e0 b\u1ee5i PM2.5.<\/p>\n<p> B\u1ea3o v\u1ec7 tr\u01b0\u1edbc \u00e1nh s\u00e1ng xanh: G\u1ea5p 10X Niacinamide b\u1ea3o v\u1ec7 da tr\u01b0\u1edbc t\u00e1c h\u1ea1i \u0111\u1ebfn t\u1eeb \u00e1nh s\u00e1ng xanh v\u00e0 gi\u00fap da s\u00e1ng h\u01a1n g\u1ea5p 2 l\u1ea7n!<\/p>\n<p> B\u1ea3o v\u1ec7 tr\u01b0\u1edbc m\u00f4i tr\u01b0\u1eddng m\u00e1y \u0111i\u1ec1u h\u00f2a: Vaseline Jelly gi\u00fap c\u1ea5p v\u00e0 kh\u00f3a \u1ea9m s\u00e2u tr\u1eeb b\u00ean trong.<\/p>\n<p> C\u00f9ng v\u1edbi h\u1ed7n h\u1ee3p Vitamin g\u1ed3m Niacinamide, Vitamin C &#038; E gi\u00fap da s\u00e1ng r\u1ea1ng r\u1ee1 h\u01a1n g\u1ea5p 2 l\u1ea7n.<\/p>\n<p> C\u00f4ng th\u1ee9c serum th\u1ea5m nhanh, kh\u00f4ng g\u00e2y c\u1ea3m gi\u00e1c nh\u1eddn d\u00ednh. \u0110\u00e3 ki\u1ec3m nghi\u1ec7m tr\u00ean da.<\/p>\n<p> \u0110\u1ed9 an to\u00e0n:<br \/>\n S\u1ea3n ph\u1ea9m kh\u00f4ng ch\u1ee9a c\u1ed3n v\u00e0 \u0111\u01b0\u1ee3c ch\u1ee9ng nh\u1eadn an to\u00e0n cho da.<\/p>\n<p> H\u01b0\u1edbng d\u1eabn b\u1ea3o qu\u1ea3n Serum D\u01b0\u1ee1ng Th\u1ec3 Vaseline Healthy Bright Daily Protection &#038; Brightening Serum SPF 50+ PA++++:<br \/>\n N\u01a1i kh\u00f4 r\u00e1o, tho\u00e1ng m\u00e1t, tr\u00e1nh \u00e1nh n\u1eafng tr\u1ef1c ti\u1ebfp.<\/p>\n<p> \u0110\u1eady n\u1eafp k\u00edn sau khi s\u1eed d\u1ee5ng.<\/p>\n<p> L\u01b0u \u00fd:<br \/>\n Ng\u00e0y s\u1ea3n xu\u1ea5t: Xem chi ti\u1ebft tr\u00ean bao b\u00ec.<\/p>\n<p> H\u1ea1n s\u1eed d\u1ee5ng: 3 n\u0103m k\u1ec3 t\u1eeb ng\u00e0y s\u1ea3n xu\u1ea5t.<\/p>\n<p> Bao b\u00ec thay \u0111\u1ed5i theo t\u1eebng \u0111\u1ee3t nh\u1eadp h\u00e0ng.<\/p>\n","protected":false},"excerpt":{"rendered":"<p>Serum D\u01b0\u1ee1ng Th\u1ec3 Vaseline Healthy Bright Daily Protection &#038; Brightening Serum SPF 50+ PA++++ l\u00e0 d\u00f2ng s\u1ea3n ph\u1ea9m d\u01b0\u1ee1ng th\u1ec3 k\u1ebft h\u1ee3p ch\u1ed1ng n\u1eafng to\u00e0n th\u00e2n \u0111\u1ebfn t\u1eeb th\u01b0\u01a1ng hi\u1ec7u m\u1ef9 ph\u1ea9m Vaseline. Phi\u00ean b\u1ea3n n\u00e2ng c\u1ea5p m\u1edbi nh\u1ea5t cho kh\u1ea3 n\u0103ng b\u1ea3o v\u1ec7 da tr\u01b0\u1edbc 5 t\u00e1c nh\u00e2n c\u00f3 h\u1ea1i (UVA \/ UVB \/&#8230;<\/p>\n","protected":false},"featured_media":6453,"comment_status":"open","ping_status":"closed","template":"","meta":[],"product_brand":[1511],"product_cat":[15,1398,1488,1407,1461],"product_tag":[362,465,472,1798,1796,363,458,1797],"class_list":{"0":"post-9352","1":"product","2":"type-product","3":"status-publish","4":"has-post-thumbnail","6":"product_brand-vaseline","7":"product_cat-chua-phan-loai","8":"product_cat-cham-soc-da","9":"product_cat-cham-soc-mat","10":"product_cat-kem-chong-nang","11":"product_cat-kem-duong-am","12":"product_tag-chong-nang","13":"product_tag-chong-nang-nang-tone","14":"product_tag-chong-nang-nang-tong","15":"product_tag-duong-da-body","16":"product_tag-duong-the","17":"product_tag-kem-chong-nang","18":"product_tag-serum","19":"product_tag-vaseline","21":"first","22":"onbackorder","23":"shipping-taxable","24":"purchasable","25":"product-type-simple"},"acf":[],"_links":{"self":[{"href":"https:\/\/thanglongbeauty.vn\/index.php?rest_route=\/wp\/v2\/product\/9352","targetHints":{"allow":["GET"]}}],"collection":[{"href":"https:\/\/thanglongbeauty.vn\/index.php?rest_route=\/wp\/v2\/product"}],"about":[{"href":"https:\/\/thanglongbeauty.vn\/index.php?rest_route=\/wp\/v2\/types\/product"}],"replies":[{"embeddable":true,"href":"https:\/\/thanglongbeauty.vn\/index.php?rest_route=%2Fwp%2Fv2%2Fcomments&post=9352"}],"wp:featuredmedia":[{"embeddable":true,"href":"https:\/\/thanglongbeauty.vn\/index.php?rest_route=\/wp\/v2\/media\/6453"}],"wp:attachment":[{"href":"https:\/\/thanglongbeauty.vn\/index.php?rest_route=%2Fwp%2Fv2%2Fmedia&parent=9352"}],"wp:term":[{"taxonomy":"product_brand","embeddable":true,"href":"https:\/\/thanglongbeauty.vn\/index.php?rest_route=%2Fwp%2Fv2%2Fproduct_brand&post=9352"},{"taxonomy":"product_cat","embeddable":true,"href":"https:\/\/thanglongbeauty.vn\/index.php?rest_route=%2Fwp%2Fv2%2Fproduct_cat&post=9352"},{"taxonomy":"product_tag","embeddable":true,"href":"https:\/\/thanglongbeauty.vn\/index.php?rest_route=%2Fwp%2Fv2%2Fproduct_tag&post=9352"}],"curies":[{"name":"wp","href":"https:\/\/api.w.org\/{rel}","templated":true}]}}