{"id":9363,"date":"2025-10-20T10:42:43","date_gmt":"2025-10-20T10:42:43","guid":{"rendered":"https:\/\/thanglongbeauty.vn\/?post_type=product&#038;p=9363"},"modified":"2025-10-28T10:53:35","modified_gmt":"2025-10-28T10:53:35","slug":"nuoc-tay-trang-simple-400ml-xanh-duong","status":"publish","type":"product","link":"https:\/\/thanglongbeauty.vn\/?product=nuoc-tay-trang-simple-400ml-xanh-duong","title":{"rendered":"N\u01b0\u1edbc t\u1ea9y trang micellar Simple Water Boost S\u1ea1ch S\u00e2u v\u00e0 C\u1ea5p \u1ea8m 400ml Xanh d\u01b0\u01a1ng"},"content":{"rendered":"<p><strong>N\u01b0\u1edbc T\u1ea9y Trang Simple Water Boost S\u1ea1ch S\u00e2u v\u00e0 C\u1ea5p \u1ea8m<\/strong>\u00a0l\u00e0 s\u1ea3n ph\u1ea9m \u0111\u1ebfn t\u1eeb\u00a0<strong>Simple<\/strong>\u00a0&#8211; m\u1ed9t th\u01b0\u01a1ng hi\u1ec7u \u0111\u1ebfn t\u1eeb Anh Qu\u1ed1c, n\u1ed5i ti\u1ebfng nh\u1edd nh\u1eefng s\u1ea3n ph\u1ea9m si\u00eau l\u00e0nh t\u00ednh, ho\u00e0n to\u00e0n n\u00f3i kh\u00f4ng v\u1edbi c\u00e1c ch\u1ea5t k\u00edch \u1ee9ng. S\u1ea3n ph\u1ea9m s\u1ebd\u00a0gi\u00fap l\u00e0m s\u1ea1ch da s\u00e2u, cung c\u1ea5p \u0111\u1ed9 \u1ea9m c\u00e2n b\u1eb1ng, mang \u0111\u1ebfn l\u00e0n da t\u01b0\u01a1i m\u1edbi, s\u1ea1ch s\u1ebd.<\/p>\n<p><strong>\u01afu \u0111i\u1ec3m n\u1ed5i b\u1eadt:<\/strong><\/p>\n<ul>\n<li>S\u1ea3n ph\u1ea9m gi\u00fap nh\u1eb9 nh\u00e0ng lo\u1ea1i b\u1ecf s\u1ea1ch l\u1edbp trang \u0111i\u1ec3m v\u00e0 b\u1ee5i b\u1ea9n hi\u1ec7u qu\u1ea3.<\/li>\n<li>C\u00f3 kh\u1ea3 n\u0103ng c\u1ea5p \u1ea9m t\u1ee9c th\u00ec cho l\u00e0n da v\u00e0 l\u01b0u gi\u1eef \u0111\u1ed9 \u1ea9m tr\u00ean da \u0111\u1ebfn 4 gi\u1edd, gi\u00fap da s\u1ea1ch tho\u00e1ng m\u00e0 kh\u00f4ng b\u1ecb t\u00ecnh tr\u1ea1ng kh\u00f4 c\u0103ng.<\/li>\n<li>Ph\u00f9 h\u1ee3p v\u1edbi da kh\u00f4.<\/li>\n<li>D\u00f2ng Water Boost l\u00e0nh t\u00ednh, kh\u00f4ng ch\u1ee9a h\u00f3a ch\u1ea5t g\u00e2y h\u1ea1i cho da, h\u01b0\u01a1ng li\u1ec7u nh\u00e2n t\u1ea1o, ph\u1ea9m m\u00e0u nh\u00e2n t\u1ea1o, c\u1ed3n, d\u1ea7u kho\u00e1ng.<\/li>\n<\/ul>\n<p><strong>H\u01b0\u1edbng d\u1eabn s\u1eed d\u1ee5ng:\u00a0<\/strong>Cho l\u01b0\u1ee3ng n\u01b0\u1edbc t\u1ea9y trang v\u1eeba \u0111\u1ee7 ra b\u00f4ng ho\u1eb7c kh\u0103n t\u1ea9y trang, lau s\u1ea1ch l\u1edbp trang \u0111i\u1ec3m, b\u1ee5i b\u1ea9n tr\u00ean m\u1eb7t. Kh\u00f4ng c\u1ea7n r\u1eeda l\u1ea1i v\u1edbi n\u01b0\u1edbc.<\/p>\n<p><img decoding=\"async\" src=\"https:\/\/cdn.lottemart.vn\/media\/description\/product\/cache\/8710908711619-DT.jpg.webp\" alt=\"\" width=\"800\" \/><\/p>\n<p><strong>H\u01b0\u1edbng d\u1eabn b\u1ea3o qu\u1ea3n:\u00a0<\/strong>B\u1ea3o qu\u1ea3n n\u01a1i kh\u00f4 r\u00e1o, tho\u00e1ng m\u00e1t, tr\u00e1nh \u00e1nh n\u1eafng tr\u1ef1c ti\u1ebfp v\u00e0 n\u01a1i c\u00f3 nhi\u1ec7t \u0111\u1ed9 cao.<\/p>\n<p><strong>L\u01b0u \u00fd:<\/strong><\/p>\n<ul>\n<li>\u0110\u1ec3 xa t\u1ea7m tay tr\u1ebb em, tr\u00e1nh ti\u1ebfp x\u00fac v\u1edbi m\u1eaft. N\u1ebfu s\u1ea3n ph\u1ea9m d\u00ednh v\u00e0o m\u1eaft, r\u1eeda k\u0129 v\u1edbi n\u01b0\u1edbc.<\/li>\n<li>\u0110\u00f3ng n\u1eafp sau khi s\u1eed d\u1ee5ng.<\/li>\n<\/ul>\n","protected":false},"excerpt":{"rendered":"<p>N\u01b0\u1edbc T\u1ea9y Trang Simple Water Boost S\u1ea1ch S\u00e2u v\u00e0 C\u1ea5p \u1ea8m\u00a0l\u00e0 s\u1ea3n ph\u1ea9m \u0111\u1ebfn t\u1eeb\u00a0Simple\u00a0&#8211; m\u1ed9t th\u01b0\u01a1ng hi\u1ec7u \u0111\u1ebfn t\u1eeb Anh Qu\u1ed1c, n\u1ed5i ti\u1ebfng nh\u1edd nh\u1eefng s\u1ea3n ph\u1ea9m si\u00eau l\u00e0nh t\u00ednh, ho\u00e0n to\u00e0n n\u00f3i kh\u00f4ng v\u1edbi c\u00e1c ch\u1ea5t k\u00edch \u1ee9ng. S\u1ea3n ph\u1ea9m s\u1ebd\u00a0gi\u00fap l\u00e0m s\u1ea1ch da s\u00e2u, cung c\u1ea5p \u0111\u1ed9 \u1ea9m c\u00e2n b\u1eb1ng, mang \u0111\u1ebfn&#8230;<\/p>\n","protected":false},"featured_media":9868,"comment_status":"open","ping_status":"closed","template":"","meta":[],"product_brand":[1504],"product_cat":[15,1398,1488,1399,1425],"product_tag":[410,1716,399,1715],"class_list":{"0":"post-9363","1":"product","2":"type-product","3":"status-publish","4":"has-post-thumbnail","6":"product_brand-simple","7":"product_cat-chua-phan-loai","8":"product_cat-cham-soc-da","9":"product_cat-cham-soc-mat","10":"product_cat-nuoc-tay-trang","11":"product_cat-simple","12":"product_tag-nuoc-tay-trang","13":"product_tag-nuoc-tay-trang-simple","14":"product_tag-simple","15":"product_tag-tay-trang","17":"first","18":"instock","19":"sale","20":"shipping-taxable","21":"purchasable","22":"product-type-simple"},"acf":[],"_links":{"self":[{"href":"https:\/\/thanglongbeauty.vn\/index.php?rest_route=\/wp\/v2\/product\/9363","targetHints":{"allow":["GET"]}}],"collection":[{"href":"https:\/\/thanglongbeauty.vn\/index.php?rest_route=\/wp\/v2\/product"}],"about":[{"href":"https:\/\/thanglongbeauty.vn\/index.php?rest_route=\/wp\/v2\/types\/product"}],"replies":[{"embeddable":true,"href":"https:\/\/thanglongbeauty.vn\/index.php?rest_route=%2Fwp%2Fv2%2Fcomments&post=9363"}],"wp:featuredmedia":[{"embeddable":true,"href":"https:\/\/thanglongbeauty.vn\/index.php?rest_route=\/wp\/v2\/media\/9868"}],"wp:attachment":[{"href":"https:\/\/thanglongbeauty.vn\/index.php?rest_route=%2Fwp%2Fv2%2Fmedia&parent=9363"}],"wp:term":[{"taxonomy":"product_brand","embeddable":true,"href":"https:\/\/thanglongbeauty.vn\/index.php?rest_route=%2Fwp%2Fv2%2Fproduct_brand&post=9363"},{"taxonomy":"product_cat","embeddable":true,"href":"https:\/\/thanglongbeauty.vn\/index.php?rest_route=%2Fwp%2Fv2%2Fproduct_cat&post=9363"},{"taxonomy":"product_tag","embeddable":true,"href":"https:\/\/thanglongbeauty.vn\/index.php?rest_route=%2Fwp%2Fv2%2Fproduct_tag&post=9363"}],"curies":[{"name":"wp","href":"https:\/\/api.w.org\/{rel}","templated":true}]}}