{"id":9373,"date":"2025-10-20T10:42:44","date_gmt":"2025-10-20T10:42:44","guid":{"rendered":"https:\/\/thanglongbeauty.vn\/san-pham\/san-pham-50\/"},"modified":"2025-10-28T10:44:58","modified_gmt":"2025-10-28T10:44:58","slug":"san-pham-50","status":"publish","type":"product","link":"https:\/\/thanglongbeauty.vn\/?product=san-pham-50","title":{"rendered":"N\u01b0\u1edbc t\u1ea9y trang Senka 2 L\u1edbp S\u1ea1ch S\u00e2u &#038; D\u1ecbu M\u00e1t 230ml Xanh d\u01b0\u01a1ng"},"content":{"rendered":"<p><strong>N\u01b0\u1edbc T\u1ea9y Trang Senka All Clear Water Micellar Formula\u00a0<\/strong>l\u00e0 d\u00f2ng s\u1ea3n ph\u1ea9m\u00a0<strong>t\u1ea9y trang<\/strong>\u00a0d\u1ea1ng n\u01b0\u1edbc t\u1eeb\u00a0<strong>th\u01b0\u01a1ng hi\u1ec7u m\u1ef9 ph\u1ea9m SENKA Nh\u1eadt B\u1ea3n<\/strong>, v\u1edbi c\u00f4ng th\u1ee9c Micellar gi\u00fap\u00a0\u00a0l\u00e0m s\u1ea1ch b\u1ee5i b\u1ea9n, b\u00e3 nh\u1eddn, l\u1edbp trang \u0111i\u1ec3m l\u00e2u tr\u00f4i t\u1eadn\u00a0s\u00e2u\u00a0l\u1ed7 ch\u00e2n l\u00f4ng m\u1ed9t c\u00e1ch hi\u1ec7u qu\u1ea3 m\u00e0 v\u1eabn d\u1ecbu nh\u1eb9 cho l\u00e0n da. \u0110\u1eb7c bi\u1ec7t, m\u1ed7i ph\u00e2n lo\u1ea1i \u0111\u01b0\u1ee3c b\u1ed5 sung c\u00e1c chi\u1ebft xu\u1ea5t thi\u00ean nhi\u00ean gi\u00fap nu\u00f4i d\u01b0\u1ee1ng v\u00e0 h\u1ed7 tr\u1ee3 c\u1ea3i thi\u1ec7n t\u1eebng v\u1ea5n \u0111\u1ec1 v\u1ec1 da ri\u00eang bi\u1ec7t.<\/p>\n<p>Hi\u1ec7n \u0111ang c\u00f3\u00a0<strong>N\u01b0\u1edbc T\u1ea9y Trang Senka\u00a0<\/strong>v\u1edbi 4 ph\u00e2n lo\u1ea1i:<\/p>\n<p><strong>\u00a0 1. N\u01b0\u1edbc T\u1ea9y Trang\u00a0Senka\u00a0All Clear Water Fresh Anti Shine\u00a0230ml:\u00a0<\/strong>l\u00e0m s\u1ea1ch s\u00e2u da, h\u1ed7 tr\u1ee3\u00a0gi\u1ea3m m\u1ee5n, ki\u1ec3m so\u00e1t nh\u1eddn.<\/p>\n<p><strong>\u00a0 2. N\u01b0\u1edbc T\u1ea9y Trang Senka\u00a0All Clear Water White Vibrant White 230ml:\u00a0<\/strong>l\u00e0m s\u1ea1ch s\u00e2u da, \u0111\u1ed3ng th\u1eddi\u00a0c\u1ea5p \u1ea9m, l\u00e0m m\u1edd th\u00e2m s\u1ea1m, d\u01b0\u1ee1ng da s\u00e1ng m\u1ecbn r\u1ea1ng r\u1ee1.<\/p>\n<p><strong>\u00a0 3. N\u01b0\u1edbc T\u1ea9y Trang Senka\u00a0All Clear Water Acne Care\u00a0230ml:\u00a0<\/strong>k\u1ebft h\u1ee3p n\u01b0\u1edbc c\u00e2n b\u1eb1ng, h\u1ed7 tr\u1ee3\u00a0gi\u1ea3m m\u1ee5n, ki\u1ec3m so\u00e1t nh\u1eddn cho da nh\u1ea1y c\u1ea3m<\/p>\n<p><strong>\u00a0 4. N\u01b0\u1edbc S\u1eefa T\u1ea9y Trang Senka 2 L\u1edbp S\u1ea1ch S\u00e2u &amp; D\u1ecbu M\u00e1t 230ml:\u00a0<\/strong>l\u00e0m s\u1ea1ch s\u00e2u l\u1edbp trang \u0111i\u1ec3m, \u0111\u1ed3ng th\u1eddi\u00a0c\u1ea5p \u1ea9m,\u00a0ki\u1ec3m so\u00e1t nh\u1eddn.<\/p>\n<p><img decoding=\"async\" src=\"https:\/\/file.hstatic.net\/200000198575\/file\/nuoc-tay-trang-senka-my-pham-kim-mai_grande.png\" \/><\/p>\n<p><em><strong>1. N\u01b0\u1edbc T\u1ea9y Trang Senka Ng\u1eeba M\u1ee5n Ki\u1ec3m So\u00e1t Nh\u1eddn All Clear Water Micellar Formula Fresh Anti Shine 230ml<\/strong><\/em><\/p>\n<p><strong>\u00a0 N\u01b0\u1edbc t\u1ea9y trang SENKA A.L.L. CLEAR WATER Micellar Formula Fresh Anti Shine<\/strong>\u00a0v\u1edbi c\u00f4ng ngh\u1ec7 Micellar Nh\u1eadt B\u1ea3n, gi\u00fap l\u00e0m s\u1ea1ch l\u1edbp trang \u0111i\u1ec3m v\u00e0 b\u1ee5i b\u1ea9m b\u00e1m s\u00e2u tr\u00ean da, c\u0169ng nh\u01b0 lo\u1ea1i b\u1ecf l\u01b0\u1ee3ng d\u1ea7u th\u1eeba. C\u00f4ng th\u1ee9c ch\u1ee9a chi\u1ebft xu\u1ea5t\u00a0t\u1eeb l\u00e1 tr\u00e0 xanh thi\u00ean nhi\u00ean\u00a0gi\u00fap l\u00e0m s\u1ea1ch da, gi\u1ea3m b\u00f3ng nh\u1eddn &amp; gi\u1ea3m m\u1ee5n hi\u1ec7u qu\u1ea3, k\u1ebft h\u1ee3p v\u1edbi chi\u1ebft xu\u1ea5t l\u00f5i t\u01a1 t\u1eb1m tr\u1eafng v\u00e0 Hyaluronic Acid d\u01b0\u1ee1ng da \u1ea9m m\u01b0\u1ee3t. S\u1ea3n ph\u1ea9m c\u00f3 h\u01b0\u01a1ng th\u01a1m d\u1ecbu nh\u1eb9,\u00a0l\u01b0u l\u1ea1i c\u1ea3m gi\u00e1c t\u01b0\u01a1i m\u00e1t, d\u1ec5 ch\u1ecbu ngay sau khi s\u1eed d\u1ee5ng.<\/p>\n<p><img decoding=\"async\" src=\"https:\/\/file.hstatic.net\/200000198575\/file\/a8f74783c0e42a5a395be2af45bed1f3_1b3848610bde40e0b0b205c8a08a7e8c_grande.jpg\" \/><\/p>\n<h3><strong>Lo\u1ea1i da ph\u00f9 h\u1ee3p:<\/strong><\/h3>\n<p>&#8211;\u00a0S\u1ea3n ph\u1ea9m ph\u00f9 h\u1ee3p cho da d\u1ea7u, h\u1ed7n h\u1ee3p d\u1ea7u, da m\u1ee5n.<\/p>\n<h3><strong>Gi\u1ea3i ph\u00e1p cho t\u00ecnh tr\u1ea1ng da:<\/strong><\/h3>\n<p>&#8211;\u00a0Da d\u1ea7u th\u1eeba &#8211; l\u1ed7 ch\u00e2n l\u00f4ng to<\/p>\n<p>&#8211;\u00a0Da\u00a0m\u1ee5n\u00a0ho\u1eb7c d\u1ec5 n\u1ed5i m\u1ee5n<\/p>\n<h3><strong>\u01afu th\u1ebf n\u1ed5i b\u1eadt:<\/strong><\/h3>\n<p><strong>\u00a0 &#8211; C\u00f4ng ngh\u1ec7 Micellar<\/strong>\u00a0gi\u00fap nh\u1eb9 nh\u00e0ng l\u00e0m s\u1ea1ch 3 l\u1edbp: c\u1eb7n trang \u0111i\u1ec3m &#8211; d\u1ea7u th\u1eeba &#8211; b\u1ee5i b\u1ea9n v\u00e0 \u00f4 nhi\u1ec5m. C\u00f3 kh\u1ea3 n\u0103ng lo\u1ea1i b\u1ecf c\u1ea3 l\u1edbp trang \u0111i\u1ec3m l\u00e2u tr\u00f4i nhanh ch\u00f3ng, d\u1ec5 d\u00e0ng.<\/p>\n<p><strong>\u00a0 &#8211; C\u00f4ng ngh\u1ec7 Gi\u1eef \u1ea9m \u0111\u1ed9c quy\u1ec1n \u201cAqua in Pool\u201d<\/strong>\u00a0c\u1ee7a\u00a0t\u1eadp \u0111o\u00e0n Shiseido\u00a0gi\u00fap l\u1ea5y \u0111i b\u1ee5i b\u1ea9n v\u00e0 b\u00e3 nh\u1eddn nh\u01b0ng v\u1eabn gi\u1eef l\u1ea1i \u0111\u1ed9 \u1ea9m t\u1ef1 nhi\u00ean c\u1ee7a da, gi\u00fap t\u0103ng c\u01b0\u1eddng hi\u1ec7u qu\u1ea3 c\u1ee7a c\u00e1c th\u00e0nh ph\u1ea7n d\u01b0\u1ee1ng \u1ea9m kh\u00e1c.<\/p>\n<p><strong>\u00a0 &#8211; Chi\u1ebft xu\u1ea5t Tr\u00e0 Xanh Uji Nh\u1eadt B\u1ea3n<\/strong>\u00a0ch\u1ee9a c\u00e1c h\u1ee3p ch\u1ea5t ch\u1ed1ng oxy h\u00f3a v\u00e0 gi\u00e0u vitamin E\u00a0gi\u00fap l\u00e0m s\u1ea1ch da, h\u1ed7 tr\u1ee3 gi\u1ea3m m\u1ee5n, gi\u1ea3m b\u00f3ng d\u1ea7u v\u00e0 ng\u0103n qu\u00e1 tr\u00ecnh oxy h\u00f3a g\u00e2y l\u00e3o h\u00f3a da.<\/p>\n<p><strong>\u00a0 &#8211; Chi\u1ebft xu\u1ea5t t\u1eeb ph\u1ee9c h\u1ee3p<\/strong>\u00a0<strong>tinh ch\u1ea5t\u00a0T\u01a1 t\u1eb1m tr\u1eafng\u00a0thi\u00ean nhi\u00ean<\/strong>\u00a0v\u00e0\u00a0<strong>g\u1ea5p \u0111\u00f4i Hyaluronic acid<\/strong>\u00a0gi\u00fap da \u1ea9m m\u1ecbn v\u00e0 m\u1ec1m m\u01b0\u1ee3t.<\/p>\n<p>&#8211; C\u00f4ng th\u1ee9c d\u1ecbu nh\u1eb9:\u00a0kh\u00f4ng c\u1ed3n,\u00a0kh\u00f4ng ch\u1ea5t t\u1ea1o m\u00e0u, kh\u00f4ng ch\u1ee9a d\u1ea7u g\u00e2y nh\u1eddn, kh\u00f4ng l\u00e0m kh\u00f4 c\u0103ng hay k\u00edch \u1ee9ng da.<\/p>\n<p><img decoding=\"async\" src=\"https:\/\/file.hstatic.net\/200000198575\/file\/48f09ab5bb9146e9cde86ea2591d69ff_e4cc94119f00409db11f664ea87c0eca_grande.png\" \/><\/p>\n<p><em><strong>2.\u00a0N\u01b0\u1edbc T\u1ea9y Trang Senka C\u1ea5p \u1ea8m D\u01b0\u1ee1ng S\u00e1ng Da All Clear Water Micellar Formula Bright 230ml<\/strong><\/em><\/p>\n<p><strong>\u00a0 N\u01b0\u1edbc t\u1ea9y trang SENKA A.L.L. CLEAR WATER Micellar Formula Bright (M\u1eabu M\u1edbi 2022)<\/strong>\u00a0v\u1edbi c\u00f4ng ngh\u1ec7 Micellar Nh\u1eadt B\u1ea3n, gi\u00fap l\u00e0m s\u1ea1ch l\u1edbp trang \u0111i\u1ec3m v\u00e0 b\u1ee5i b\u1ea9m b\u00e1m s\u00e2u tr\u00ean da, c\u0169ng nh\u01b0 lo\u1ea1i b\u1ecf l\u01b0\u1ee3ng d\u1ea7u th\u1eeba. C\u00f4ng th\u1ee9c ch\u1ee9a chi\u1ebft xu\u1ea5t Hoa Anh \u0110\u00e0o Fuji Nh\u1eadt B\u1ea3n v\u00e0 Cam Th\u1ea3o gi\u00fap d\u01b0\u1ee1ng s\u00e1ng da &amp; m\u1edd s\u1ea1m n\u00e1m, k\u1ebft h\u1ee3p v\u1edbi chi\u1ebft xu\u1ea5t l\u00f5i t\u01a1 t\u1eb1m tr\u1eafng v\u00e0 Hyaluronic Acid d\u01b0\u1ee1ng da \u1ea9m m\u01b0\u1ee3t. S\u1ea3n ph\u1ea9m c\u00f3 h\u01b0\u01a1ng th\u01a1m d\u1ecbu nh\u1eb9, t\u1ea1o n\u00ean c\u1ea3m gi\u00e1c tho\u1ea3i m\u00e1i, d\u1ec5 ch\u1ecbu khi d\u00f9ng v\u00e0 kh\u00f4ng g\u00e2y nh\u1eddn r\u00edt da, kh\u00f4ng c\u1ea7n r\u1eeda l\u1ea1i v\u1edbi n\u01b0\u1edbc sau khi s\u1eed d\u1ee5ng.<\/p>\n<p><img decoding=\"async\" src=\"https:\/\/file.hstatic.net\/200000198575\/file\/vn-11134207-23010-4tdaduu7r1lv9d_4dde4a389cd6466885cb1938c62ccd47_grande.jpg\" \/><\/p>\n<h3><strong>Lo\u1ea1i da ph\u00f9 h\u1ee3p:<\/strong><\/h3>\n<p>&#8211; S\u1ea3n ph\u1ea9m ph\u00f9 h\u1ee3p cho m\u1ecdi lo\u1ea1i da, \u0111\u1eb7c bi\u1ec7t l\u00e0 da th\u01b0\u1eddng v\u00e0 da kh\u00f4.<\/p>\n<h3><strong>Gi\u1ea3i ph\u00e1p cho t\u00ecnh tr\u1ea1ng da:<\/strong><\/h3>\n<p>&#8211;\u00a0Da thi\u1ebfu \u1ea9m &#8211; thi\u1ebfu n\u01b0\u1edbc<\/p>\n<p>&#8211;\u00a0Da x\u1ec9n m\u00e0u &amp; th\u00e2m s\u1ea1m<\/p>\n<h3><strong>\u01afu th\u1ebf n\u1ed5i b\u1eadt:<\/strong><\/h3>\n<p><strong>\u00a0 &#8211; C\u00f4ng ngh\u1ec7 Micellar<\/strong>\u00a0gi\u00fap nh\u1eb9 nh\u00e0ng l\u00e0m s\u1ea1ch 3 l\u1edbp: c\u1eb7n trang \u0111i\u1ec3m &#8211; d\u1ea7u th\u1eeba &#8211; b\u1ee5i b\u1ea9n v\u00e0 \u00f4 nhi\u1ec5m. C\u00f3 kh\u1ea3 n\u0103ng lo\u1ea1i b\u1ecf c\u1ea3 l\u1edbp trang \u0111i\u1ec3m l\u00e2u tr\u00f4i nhanh ch\u00f3ng, d\u1ec5 d\u00e0ng.<\/p>\n<p><strong>\u00a0 &#8211; C\u00f4ng ngh\u1ec7 Gi\u1eef \u1ea9m \u0111\u1ed9c quy\u1ec1n \u201cAqua in Pool\u201d<\/strong>\u00a0c\u1ee7a\u00a0t\u1eadp \u0111o\u00e0n Shiseido\u00a0gi\u00fap l\u1ea5y \u0111i b\u1ee5i b\u1ea9n v\u00e0 b\u00e3 nh\u1eddn nh\u01b0ng v\u1eabn gi\u1eef l\u1ea1i \u0111\u1ed9 \u1ea9m t\u1ef1 nhi\u00ean c\u1ee7a da, gi\u00fap t\u0103ng c\u01b0\u1eddng hi\u1ec7u qu\u1ea3 c\u1ee7a c\u00e1c th\u00e0nh ph\u1ea7n d\u01b0\u1ee1ng \u1ea9m kh\u00e1c.<\/p>\n<p><strong>\u00a0 &#8211; Chi\u1ebft xu\u1ea5t Hoa Anh \u0110\u00e0o Fuji Nh\u1eadt B\u1ea3n + Cam Tha\u0309o<\/strong>\u00a0gi\u00fap ng\u0103n ng\u1eeba s\u1ef1 h\u00ecnh th\u00e0nh h\u1eafc s\u1eafc t\u1ed1 melanin, t\u1eeb \u0111\u00f3 d\u01b0\u1ee1ng s\u00e1ng da &amp; c\u1ea3i thi\u1ec7n t\u00ecnh tr\u1ea1ng th\u00e2m n\u00e1m; \u0111\u1ed3ng th\u1eddi la\u0300m di\u0323u da, kha\u0301ng vi\u00eam va\u0300 ch\u00f4\u0301ng Oxy ho\u0301a.<\/p>\n<p>&#8211; Chi\u1ebft xu\u1ea5t t\u1eeb ph\u1ee9c h\u1ee3p\u00a0<strong>tinh ch\u1ea5t T\u01a1 t\u1eb1m tr\u1eafng thi\u00ean nhi\u00ean<\/strong>\u00a0v\u00e0\u00a0<strong>g\u1ea5p \u0111\u00f4i Hyaluronic acid<\/strong>\u00a0gi\u00fap da \u1ea9m m\u1ecbn v\u00e0 m\u1ec1m m\u01b0\u1ee3t.<\/p>\n<p>&#8211; C\u00f4ng th\u1ee9c d\u1ecbu nh\u1eb9:\u00a0kh\u00f4ng c\u1ed3n,\u00a0kh\u00f4ng ch\u1ea5t t\u1ea1o m\u00e0u, kh\u00f4ng ch\u1ee9a d\u1ea7u g\u00e2y nh\u1eddn, kh\u00f4ng l\u00e0m kh\u00f4 c\u0103ng hay k\u00edch \u1ee9ng da.<\/p>\n<p><img decoding=\"async\" src=\"https:\/\/file.hstatic.net\/200000198575\/file\/nuoc-tay-trang-senka-3_34504f95730343b29d804e96b9dbc1b1_grande.jpg\" \/><\/p>\n<p><strong><em>3.\u00a0N\u01b0\u1edbc T\u1ea9y Trang Senka Ng\u0103n Ng\u1eeba M\u1ee5n All Clear Water Acne Care\u00a0230ml<\/em><\/strong><\/p>\n<p><strong>\u00a0N\u01b0\u1edbc T\u1ea9y Trang Senka Ng\u0103n Ng\u1eeba M\u1ee5n 230ml\u00a0<\/strong>l\u00e0 s\u1ea3n ph\u1ea9m\u00a0n\u01b0\u1edbc t\u1ea9y trang\u00a0k\u1ebft h\u1ee3p n\u01b0\u1edbc c\u00e2n b\u1eb1ng d\u01b0\u1ee1ng da \u0111\u1ebfn t\u1eeb\u00a0th\u01b0\u01a1ng hi\u1ec7u m\u1ef9 ph\u1ea9m Senka\u00a0c\u1ee7a Nh\u1eadt B\u1ea3n. S\u1edf h\u1eefu c\u00f4ng ngh\u1ec7 Micellar ch\u1ee9a c\u00e1c ph\u00e2n t\u1eed l\u00e0m s\u1ea1ch si\u00eau nh\u1ecf, n\u01b0\u1edbc t\u1ea9y trang gi\u00fap l\u00e0m s\u1ea1ch l\u1edbp trang \u0111i\u1ec3m kh\u00f3 tr\u00f4i, b\u1ee5i b\u1ea9n, b\u00e3 nh\u1eddn n\u1eb1m s\u00e2u b\u00ean trong l\u1ed7 ch\u00e2n l\u00f4ng v\u00e0 lo\u1ea1i b\u1ecf t\u1ebf b\u00e0o da ch\u1ebft. Ch\u0103m da s\u1ea1ch s\u00e2u v\u00e0 ng\u1eeba m\u1ee5n hi\u1ec7u qu\u1ea3, mang \u0111\u1ebfn l\u00e0n da m\u1ed9c \u0111\u1eb9p chu\u1ea9n Nh\u1eadt cho b\u1ea1n.<\/p>\n<p><img decoding=\"async\" src=\"https:\/\/file.hstatic.net\/200000198575\/file\/z5955619308425_59a7c09660e5a0e7ff15ff96c3ff309d_grande.jpg\" \/><\/p>\n<h2>Lo\u1ea1i da ph\u00f9 h\u1ee3p:<\/h2>\n<p>&#8211; S\u1ea3n ph\u1ea9m th\u00edch h\u1ee3p cho m\u1ecdi lo\u1ea1i da, k\u1ec3 c\u1ea3 da nh\u1ea1y c\u1ea3m.<\/p>\n<h2>Gi\u1ea3i ph\u00e1p cho t\u00ecnh tr\u1ea1ng da:<\/h2>\n<p>&#8211; Da th\u01b0\u1eddng g\u1eb7p v\u1ea5n \u0111\u1ec1 v\u1ec1\u00a0m\u1ee5n.<\/p>\n<p>&#8211;\u00a0Da nh\u1ea1y c\u1ea3m, k\u00edch \u1ee9ng.<\/p>\n<h2>\u01afu th\u1ebf n\u1ed5i b\u1eadt:<\/h2>\n<p><strong>\u00a0 &#8211; Chi\u1ebft xu\u1ea5t l\u00f5i t\u01a1 t\u1eb1m tr\u1eafng v\u00e0 g\u1ea5p \u0111\u00f4i HA<\/strong>\u00a0gi\u00fap gi\u1eef \u1ea9m, ng\u0103n ng\u1eeba t\u00ecnh tr\u1ea1ng kh\u00f4 c\u0103ng da sau khi l\u00e0m s\u1ea1ch.<\/p>\n<p><strong>\u00a0 &#8211; 0,5% Salicylic acid<\/strong>\u00a0c\u00f3 kh\u1ea3 n\u0103ng kh\u00e1ng vi\u00eam, l\u00e0m gi\u1ea3m m\u1ee5n, ki\u1ec3m so\u00e1t nh\u1eddn v\u00e0 t\u1ea9y t\u1ebf b\u00e0o ch\u1ebft nh\u1eb9 nh\u00e0ng.<\/p>\n<p><strong>\u00a0 &#8211; Hoa c\u00fac la m\u00e3<\/strong>\u00a0n\u1ed5i ti\u1ebfng l\u00e0m d\u1ecbu, gi\u1ea3m m\u1ee5n v\u00e0 kh\u00e1ng vi\u00eam cho da.<\/p>\n<p>&#8211; C\u1ea3i thi\u1ec7n t\u00ecnh tr\u1ea1ng m\u1ee5n tr\u00ean da v\u00e0 ng\u0103n ng\u1eeba s\u1ef1 xu\u1ea5t hi\u1ec7n m\u1ee5n mang \u0111\u1ebfn l\u00e0n da s\u1ea1ch tho\u00e1ng, m\u01b0\u1edbt m\u1ecbn v\u00e0 s\u1ea1ch m\u1ee5n.<\/p>\n<p>&#8211; C\u00f4ng ngh\u1ec7 gi\u1eef \u1ea9m \u0111\u1ed9c quy\u1ec1n, c\u1ea5p \u1ea9m cho da.<\/p>\n<p>&#8211; Kh\u00e1ng khu\u1ea9n, lo\u1ea1i b\u1ecf 93% t\u00e1c nh\u00e2n g\u00e2y m\u1ee5n v\u00e0 gi\u00fap gi\u1ea3m m\u1ee5n sau 1 tu\u1ea7n s\u1eed d\u1ee5ng.<\/p>\n<p>&#8211; S\u1ea3n ph\u1ea9m c\u00f3 \u0111\u1ed9 pH trung t\u00ednh, kh\u00f4ng g\u00e2y k\u00edch \u1ee9ng cho da.<\/p>\n<p>&#8211; Kh\u00f4ng c\u1ed3n, h\u01b0\u01a1ng li\u1ec7u, paraben, m\u00e0u.\u00a0\u0110\u00e3 \u0111\u01b0\u1ee3c ki\u1ec3m nghi\u1ec7m da li\u1ec5u.<\/p>\n<p><img decoding=\"async\" src=\"https:\/\/file.hstatic.net\/200000198575\/file\/z5955619353651_0db38b17bd1dd1f9d6b54350f2437ed9_grande.jpg\" \/><\/p>\n<p><em><strong>4.\u00a0N\u01b0\u1edbc S\u1eefa T\u1ea9y Trang Senka\u00a02 L\u1edbp S\u1ea1ch S\u00e2u &amp; D\u1ecbu M\u00e1t All Clear Milky Water Nourish 230ml<\/strong><\/em><\/p>\n<p><strong>\u00a0 N\u01b0\u1edbc S\u1eefa T\u1ea9y Trang Senka All Clear Milky Water Nourish 230ml<\/strong>\u00a0l\u00e0 d\u00f2ng\u00a0t\u1ea9y trang\u00a0\u0111\u1ebfn t\u1eeb\u00a0th\u01b0\u01a1ng hi\u1ec7u m\u1ef9 ph\u1ea9m Senka\u00a0c\u1ee7a Nh\u1eadt B\u1ea3n, v\u1edbi k\u1ebft c\u1ea5u 2 l\u1edbp: l\u1edbp n\u01b0\u1edbc t\u1ea9y trang\u00a0<strong>Micellar<\/strong>\u00a0l\u00e0m s\u1ea1ch s\u00e2u l\u1edbp trang \u0111i\u1ec3m v\u00e0 l\u1edbp\u00a0<strong>s\u1eefa\u00a0<\/strong>t\u1ea9y trang t\u1eeb \u0111\u1eadu n\u00e0nh mang l\u1ea1i l\u00e0n da s\u1ea1ch m\u1ecbn, th\u00f4ng tho\u00e1ng l\u1ed7 ch\u00e2n l\u00f4ng.<\/p>\n<p><img decoding=\"async\" src=\"https:\/\/file.hstatic.net\/200000198575\/file\/z5955681197615_893717e337874488f9580d0e7c99c4a3_grande.jpg\" \/><\/p>\n<h2>Lo\u1ea1i da ph\u00f9 h\u1ee3p:<\/h2>\n<p>&#8211; S\u1ea3n ph\u1ea9m ph\u00f9 h\u1ee3p v\u1edbi m\u1ecdi lo\u1ea1i da k\u1ec3 c\u1ea3 da nh\u1ea1y c\u1ea3m.<\/p>\n<h2>Gi\u1ea3i ph\u00e1p cho t\u00ecnh tr\u1ea1ng da:<\/h2>\n<p>&#8211; Th\u01b0\u1eddng xuy\u00ean trang \u0111i\u1ec3m m\u1ed7i ng\u00e0y.<\/p>\n<p>&#8211; Ti\u1ebfp x\u00fac nhi\u1ec1u v\u1edbi m\u00f4i tr\u01b0\u1eddng \u00f4 nhi\u1ec5m, kh\u00f3i b\u1ee5i.<\/p>\n<h2>\u01afu th\u1ebf n\u1ed5i b\u1eadt:<\/h2>\n<p>&#8211; K\u1ebft c\u1ea5u \u0111\u1ed9c \u0111\u00e1o k\u1ebft h\u1ee3p\u00a0<strong>Micellar<\/strong>\u00a0v\u00e0\u00a0<strong>s\u1eefa<\/strong>\u00a0gi\u00fap l\u1ea5y \u0111i m\u1ecdi l\u1edbp trang \u0111i\u1ec3m c\u1ee9ng \u0111\u1ea7u, b\u1ee5i b\u1ea9n, b\u00e3 nh\u1eddn, d\u1ea7u th\u1eeba tr\u00ean da sau m\u1ed9t ng\u00e0y d\u00e0i m\u00e0 v\u1eabn duy tr\u00ec \u0111\u1ed9 \u1ea9m t\u1ef1 nhi\u00ean cho da.<\/p>\n<p>&#8211; Th\u00e0nh ph\u1ea7n t\u1eeb\u00a0<strong>\u0111\u1eadu n\u00e0nh<\/strong>, g\u1ea5p \u0111\u00f4i\u00a0<strong>Hyaluronic Acid<\/strong>\u00a0v\u00e0\u00a0<strong>t\u01a1 t\u1eb1m tr\u1eafng<\/strong>\u00a0cho l\u00e0n da \u1ea9m m\u01b0\u1ee3t, m\u1ec1m m\u1ea1i, t\u0103ng c\u01b0\u1eddng \u0111\u1ed9 \u0111\u00e0n h\u1ed3i.<\/p>\n<p>&#8211; L\u00e0n da \u0111\u01b0\u1ee3c l\u00e0m s\u1ea1ch tho\u00e1ng, kh\u00f4ng g\u00e2y b\u00edt t\u1eafc l\u1ed7 ch\u00e2n l\u00f4ng, kh\u00f4ng g\u00e2y nh\u1eddn r\u00edt, kh\u00f3 ch\u1ecbu.<\/p>\n<ul>\n<li><img decoding=\"async\" src=\"https:\/\/file.hstatic.net\/200000198575\/file\/nuoc-sua-tay-trang-senka-2-lop-sach-sau-diu-mat-230ml-2_grande.jpg\" \/><\/li>\n<\/ul>\n<p><strong>H\u01b0\u1edbng d\u1eabn s\u1eed d\u1ee5ng<\/strong><\/p>\n<p><strong>\u00a0 &#8211; B\u01b0\u1edbc 1:\u00a0<\/strong>L\u00e0m s\u1ea1ch tay<\/p>\n<p><strong>\u00a0 &#8211; B\u01b0\u1edbc 2:\u00a0<\/strong>Th\u1ea5m m\u1ed9t l\u01b0\u1ee3ng s\u1ea3n ph\u1ea9m v\u1eeba \u0111\u1ee7 ra b\u00f4ng t\u1ea9y trang.<\/p>\n<p><strong>\u00a0 &#8211; B\u01b0\u1edbc 3:\u00a0<\/strong>Nh\u1eb9 nh\u00e0ng lau s\u1ea1ch l\u1edbp trang \u0111i\u1ec3m v\u00e0\u00a0r\u1eeda l\u1ea1i b\u1eb1ng n\u01b0\u1edbc.<\/p>\n<h3><img decoding=\"async\" src=\"https:\/\/file.hstatic.net\/200000198575\/file\/25085617ef69ea3538eabf45f81ff2c9_04750f2d0f774334bc56ed6955bbd608_grande.png\" \/><\/h3>\n<h3><strong>B\u1ea3o qu\u1ea3n:<\/strong><\/h3>\n<p>&#8211; N\u01a1i kh\u00f4 r\u00e1o, tho\u00e1ng m\u00e1t.<\/p>\n<p>&#8211; Tr\u00e1nh \u00e1nh n\u1eafng tr\u1ef1c ti\u1ebfp, n\u01a1i c\u00f3 nhi\u1ec7t \u0111\u1ed9 cao ho\u1eb7c \u1ea9m \u01b0\u1edbt.<\/p>\n<p>&#8211; \u0110\u1eady n\u1eafp k\u00edn sau khi s\u1eed d\u1ee5ng.<\/p>\n<h3><strong>Th\u00f4ng s\u1ed1 s\u1ea3n ph\u1ea9m:<\/strong><\/h3>\n<p><strong>\u00a0 &#8211; Th\u01b0\u01a1ng hi\u1ec7u:\u00a0<\/strong>Senka<\/p>\n<p><strong>\u00a0 &#8211; Dung t\u00edch:\u00a0<\/strong>230ml<\/p>\n<p><strong>\u00a0 &#8211; Xu\u1ea5t x\u1ee9 th\u01b0\u01a1ng hi\u1ec7u:<\/strong>\u00a0Nh\u1eadt B\u1ea3n<\/p>\n<p><strong>\u00a0 &#8211; S\u1ea3n xu\u1ea5t t\u1ea1i:<\/strong>\u00a0Vi\u1ec7t Nam<\/p>\n<p><img decoding=\"async\" src=\"https:\/\/file.hstatic.net\/200000198575\/file\/ang-senka-tuoi-mat-da-230ml-5-1673925434_img_680x680_d30c8d_fit_center_grande.png\" \/><\/p>\n","protected":false},"excerpt":{"rendered":"<p>N\u01b0\u1edbc T\u1ea9y Trang Senka All Clear Water Micellar Formula\u00a0l\u00e0 d\u00f2ng s\u1ea3n ph\u1ea9m\u00a0t\u1ea9y trang\u00a0d\u1ea1ng n\u01b0\u1edbc t\u1eeb\u00a0th\u01b0\u01a1ng hi\u1ec7u m\u1ef9 ph\u1ea9m SENKA Nh\u1eadt B\u1ea3n, v\u1edbi c\u00f4ng th\u1ee9c Micellar gi\u00fap\u00a0\u00a0l\u00e0m s\u1ea1ch b\u1ee5i b\u1ea9n, b\u00e3 nh\u1eddn, l\u1edbp trang \u0111i\u1ec3m l\u00e2u tr\u00f4i t\u1eadn\u00a0s\u00e2u\u00a0l\u1ed7 ch\u00e2n l\u00f4ng m\u1ed9t c\u00e1ch hi\u1ec7u qu\u1ea3 m\u00e0 v\u1eabn d\u1ecbu nh\u1eb9 cho l\u00e0n da. \u0110\u1eb7c bi\u1ec7t, m\u1ed7i ph\u00e2n lo\u1ea1i&#8230;<\/p>\n","protected":false},"featured_media":9877,"comment_status":"open","ping_status":"closed","template":"","meta":[],"product_brand":[1512],"product_cat":[15,1398,1488,1399],"product_tag":[410,1735,1734,1736,443,1715],"class_list":{"0":"post-9373","1":"product","2":"type-product","3":"status-publish","4":"has-post-thumbnail","6":"product_brand-senka","7":"product_cat-chua-phan-loai","8":"product_cat-cham-soc-da","9":"product_cat-cham-soc-mat","10":"product_cat-nuoc-tay-trang","11":"product_tag-nuoc-tay-trang","12":"product_tag-nuoc-tay-trang-gia-re","13":"product_tag-nuoc-tay-trang-nhat-ban","14":"product_tag-nuoc-tay-trang-senka","15":"product_tag-senka","16":"product_tag-tay-trang","18":"first","19":"onbackorder","20":"sale","21":"shipping-taxable","22":"purchasable","23":"product-type-simple"},"acf":[],"_links":{"self":[{"href":"https:\/\/thanglongbeauty.vn\/index.php?rest_route=\/wp\/v2\/product\/9373","targetHints":{"allow":["GET"]}}],"collection":[{"href":"https:\/\/thanglongbeauty.vn\/index.php?rest_route=\/wp\/v2\/product"}],"about":[{"href":"https:\/\/thanglongbeauty.vn\/index.php?rest_route=\/wp\/v2\/types\/product"}],"replies":[{"embeddable":true,"href":"https:\/\/thanglongbeauty.vn\/index.php?rest_route=%2Fwp%2Fv2%2Fcomments&post=9373"}],"wp:featuredmedia":[{"embeddable":true,"href":"https:\/\/thanglongbeauty.vn\/index.php?rest_route=\/wp\/v2\/media\/9877"}],"wp:attachment":[{"href":"https:\/\/thanglongbeauty.vn\/index.php?rest_route=%2Fwp%2Fv2%2Fmedia&parent=9373"}],"wp:term":[{"taxonomy":"product_brand","embeddable":true,"href":"https:\/\/thanglongbeauty.vn\/index.php?rest_route=%2Fwp%2Fv2%2Fproduct_brand&post=9373"},{"taxonomy":"product_cat","embeddable":true,"href":"https:\/\/thanglongbeauty.vn\/index.php?rest_route=%2Fwp%2Fv2%2Fproduct_cat&post=9373"},{"taxonomy":"product_tag","embeddable":true,"href":"https:\/\/thanglongbeauty.vn\/index.php?rest_route=%2Fwp%2Fv2%2Fproduct_tag&post=9373"}],"curies":[{"name":"wp","href":"https:\/\/api.w.org\/{rel}","templated":true}]}}