{"id":9399,"date":"2025-10-20T10:42:52","date_gmt":"2025-10-20T10:42:52","guid":{"rendered":"https:\/\/thanglongbeauty.vn\/san-pham\/san-pham-65\/"},"modified":"2025-10-25T08:04:09","modified_gmt":"2025-10-25T08:04:09","slug":"san-pham-65","status":"publish","type":"product","link":"https:\/\/thanglongbeauty.vn\/?product=san-pham-65","title":{"rendered":"T\u1eafm g\u1ed9i b\u00e9 LACTACYD GentleCare 500ml*24 (XD)"},"content":{"rendered":"<p>S\u1eeeA T\u1eaeM G\u1ed8I H\u1eb0NG NG\u00c0Y CHO B\u00c9 LACTACYD BABY GENTLE CARE, GI\u00daP GI\u1ea2M R\u00d4M S\u1ea2Y V\u00c0 H\u0102M K\u1ebc V\u01af\u1ee2T TR\u1ed8I<\/p>\n<p> S\u1eefa t\u1eafm g\u1ed9i h\u1eb1ng ng\u00e0y cho b\u00e9 Lactacyd Baby Gentle Care c\u00f3 chi\u1ebft xu\u1ea5t Lactoserum t\u1eeb s\u1eefa t\u1ef1 nhi\u00ean gi\u00fap l\u00e0m s\u1ea1ch v\u00e0 d\u01b0\u1ee1ng \u1ea9m v\u00e0 Lactic Acid h\u1eefu c\u01a1 gi\u00fap ng\u1eeba m\u1ea9n ng\u1ee9a. S\u1ea3n ph\u1ea9m gi\u00fap gi\u1ea3m r\u00f4m s\u1ea3y v\u00e0 h\u0103m k\u1ebd v\u01b0\u1ee3t tr\u1ed9i, c\u1ee7ng c\u1ed1 v\u00e0 t\u0103ng c\u01b0\u1eddng c\u01a1 ch\u1ebf b\u1ea3o v\u1ec7 cho l\u00e0n da m\u1ecfng manh c\u1ee7a b\u00e9, gi\u1eef cho da b\u00e9 kh\u00f4ng b\u1ecb kh\u00f4 v\u00e0 k\u00edch \u1ee9ng, \u0111\u1ed3ng th\u1eddi nu\u00f4i d\u01b0\u1ee1ng l\u00e0n da b\u00e9 th\u00eam m\u1ec1m m\u1ecbn. S\u1ea3n ph\u1ea9m \u0111\u00e3 \u0111\u01b0\u1ee3c ki\u1ec3m nghi\u1ec7m tr\u00ean da, th\u00edch h\u1ee3p s\u1eed d\u1ee5ng h\u1eb1ng ng\u00e0y, an to\u00e0n cho l\u00e0n da nh\u1ea1y c\u1ea3m c\u1ee7a b\u00e9. H\u01b0\u01a1ng cam th\u01a1m ng\u1ecdt t\u1ef1 nhi\u00ean v\u00e0 d\u1ec5 ch\u1ecbu.<\/p>\n<p> Ngo\u00e0i ra, Lactacyd c\u00f2n c\u00f3 nh\u1eefng d\u00f2ng s\u1ea3n ph\u1ea9m kh\u00e1c, gi\u1ea3i quy\u1ebft nhu c\u1ea7u c\u1ee5 th\u1ec3 c\u1ee7a l\u00e0n da b\u00e9 y\u00eau.<br \/>\n Lactacyd Baby Gentle Care: Gi\u00fap gi\u1ea3m r\u00f4m s\u1ea3y v\u00e0 h\u0103m k\u1ebd v\u01b0\u1ee3t tr\u1ed9i.<br \/>\n Lactacyd Baby Extra Milky: Gi\u00fap l\u00e0m s\u1ea1ch d\u1ecbu nh\u1eb9 v\u00e0 d\u01b0\u1ee1ng \u1ea9m v\u01b0\u1ee3t tr\u1ed9i g\u1ea5p 4 l\u1ea7n.<br \/>\n Lactacyd Baby Active Play: Gi\u00fap \u0111\u1ec1 kh\u00e1ng da v\u00e0 b\u1ea3o v\u1ec7 b\u00e9 kh\u1ecfi vi khu\u1ea9n.<\/p>\n<p> H\u01b0\u1edbng d\u1eabn s\u1eed d\u1ee5ng<br \/>\n &#8211; B\u01b0\u1edbc 1: L\u1eafc \u0111\u1ec1u tr\u01b0\u1edbc khi s\u1eed d\u1ee5ng.<br \/>\n &#8211; B\u01b0\u1edbc 2: \u0110\u1ed5 m\u1ed9t l\u01b0\u1ee3ng nh\u1ecf v\u00e0o l\u00f2ng b\u00e0n tay\/b\u00f4ng t\u1eafm v\u00e0 t\u1ea1o b\u1ecdt.<br \/>\n &#8211; B\u01b0\u1edbc 3: Thoa nh\u1eb9 l\u00ean th\u00e2n v\u00e0 t\u00f3c b\u00e9.<br \/>\n &#8211; B\u01b0\u1edbc 4: T\u1eafm l\u1ea1i b\u1eb1ng n\u01b0\u1edbc s\u1ea1ch.<\/p>\n<p> HSD: 3 n\u0103m k\u1ec3 t\u1eeb ng\u00e0y s\u1ea3n xu\u1ea5t.<\/p>\n","protected":false},"excerpt":{"rendered":"<p>S\u1eeeA T\u1eaeM G\u1ed8I H\u1eb0NG NG\u00c0Y CHO B\u00c9 LACTACYD BABY GENTLE CARE, GI\u00daP GI\u1ea2M R\u00d4M S\u1ea2Y V\u00c0 H\u0102M K\u1ebc V\u01af\u1ee2T TR\u1ed8I S\u1eefa t\u1eafm g\u1ed9i h\u1eb1ng ng\u00e0y cho b\u00e9 Lactacyd Baby Gentle Care c\u00f3 chi\u1ebft xu\u1ea5t Lactoserum t\u1eeb s\u1eefa t\u1ef1 nhi\u00ean gi\u00fap l\u00e0m s\u1ea1ch v\u00e0 d\u01b0\u1ee1ng \u1ea9m v\u00e0 Lactic Acid h\u1eefu c\u01a1 gi\u00fap ng\u1eeba m\u1ea9n ng\u1ee9a. S\u1ea3n&#8230;<\/p>\n","protected":false},"featured_media":6815,"comment_status":"open","ping_status":"closed","template":"","meta":[],"product_brand":[1558],"product_cat":[15,1392,1395],"product_tag":[491,1680,306,307,308,1679],"class_list":{"0":"post-9399","1":"product","2":"type-product","3":"status-publish","4":"has-post-thumbnail","6":"product_brand-lactacyd","7":"product_cat-chua-phan-loai","8":"product_cat-me-va-be","9":"product_cat-sua-tam-goi-cho-be","10":"product_tag-cetaphil","11":"product_tag-purren","12":"product_tag-sua-tam-cho-be-so-sinh","13":"product_tag-sua-tam-em-be","14":"product_tag-sua-tam-goi-be","15":"product_tag-tam-goi-be","17":"first","18":"onbackorder","19":"shipping-taxable","20":"purchasable","21":"product-type-simple"},"acf":[],"_links":{"self":[{"href":"https:\/\/thanglongbeauty.vn\/index.php?rest_route=\/wp\/v2\/product\/9399","targetHints":{"allow":["GET"]}}],"collection":[{"href":"https:\/\/thanglongbeauty.vn\/index.php?rest_route=\/wp\/v2\/product"}],"about":[{"href":"https:\/\/thanglongbeauty.vn\/index.php?rest_route=\/wp\/v2\/types\/product"}],"replies":[{"embeddable":true,"href":"https:\/\/thanglongbeauty.vn\/index.php?rest_route=%2Fwp%2Fv2%2Fcomments&post=9399"}],"wp:featuredmedia":[{"embeddable":true,"href":"https:\/\/thanglongbeauty.vn\/index.php?rest_route=\/wp\/v2\/media\/6815"}],"wp:attachment":[{"href":"https:\/\/thanglongbeauty.vn\/index.php?rest_route=%2Fwp%2Fv2%2Fmedia&parent=9399"}],"wp:term":[{"taxonomy":"product_brand","embeddable":true,"href":"https:\/\/thanglongbeauty.vn\/index.php?rest_route=%2Fwp%2Fv2%2Fproduct_brand&post=9399"},{"taxonomy":"product_cat","embeddable":true,"href":"https:\/\/thanglongbeauty.vn\/index.php?rest_route=%2Fwp%2Fv2%2Fproduct_cat&post=9399"},{"taxonomy":"product_tag","embeddable":true,"href":"https:\/\/thanglongbeauty.vn\/index.php?rest_route=%2Fwp%2Fv2%2Fproduct_tag&post=9399"}],"curies":[{"name":"wp","href":"https:\/\/api.w.org\/{rel}","templated":true}]}}