{"id":9402,"date":"2025-10-20T10:42:53","date_gmt":"2025-10-20T10:42:53","guid":{"rendered":"https:\/\/thanglongbeauty.vn\/san-pham\/san-pham-68\/"},"modified":"2025-10-25T08:04:09","modified_gmt":"2025-10-25T08:04:09","slug":"san-pham-68","status":"publish","type":"product","link":"https:\/\/thanglongbeauty.vn\/?product=san-pham-68","title":{"rendered":"T\u1eafm g\u1ed9i b\u00e9 LACTACYD EtraMilky 250ml*24 (XL)"},"content":{"rendered":"<p>Extra MilkyGi\u00fap l\u00e0m s\u1ea1ch, d\u01b0\u1ee1ng \u1ea9m g\u1ea5p 4 l\u1ea7n, \u0111\u1ec3 l\u1ea1i h\u01b0\u01a1ng ph\u1ea5n th\u01a1m d\u1ecbu nh\u1eb9 tr\u00ean l\u00e0n da b\u00e9. An to\u00e0n cho tr\u1ebb s\u01a1 sinh.<br \/>\n Th\u00e0nh ph\u1ea7n ch\u00ednh<\/p>\n<p> Lactoserum chi\u1ebft xu\u1ea5t t\u1eeb 100% s\u1eefa t\u1ef1 nhi\u00ean<br \/>\n L\u00e0m s\u1ea1ch d\u1ecbu nh\u1eb9 v\u00e0 c\u1ea5p \u1ea9m v\u01b0\u1ee3t tr\u1ed9i cho l\u00e0n da.<br \/>\n 4 th\u00e0nh ph\u1ea7n d\u01b0\u1ee1ng \u1ea9m k\u1ebft h\u1ee3p<br \/>\n Gi\u00fap t\u0103ng c\u01b0\u1eddng 4 l\u1ea7n \u0111\u1ed9 d\u01b0\u1ee1ng \u1ea9m cho l\u00e0n da b\u00e9.<br \/>\n L\u1ee3i \u00edch<\/p>\n<p> G\u1ea5p 4 l\u1ea7n th\u00e0nh ph\u1ea7n chi\u1ebft xu\u1ea5t t\u1eeb s\u1eefa t\u1ef1 nhi\u00ean<br \/>\n Lactoserum, Lactic Acid v\u00e0 2 th\u00e0nh ph\u1ea7n d\u01b0\u1ee1ng \u1ea9m kh\u00e1c s\u1ebd b\u1ea3o v\u1ec7 v\u00e0 l\u00e0m d\u1ecbu l\u00e0n da m\u1ecfng manh c\u1ee7a b\u00e9<\/p>\n<p> Ph\u00f9 h\u1ee3p v\u1edbi tr\u1ebb s\u01a1 sinh<br \/>\n L\u00e0m s\u1ea1ch nh\u1eb9 nh\u00e0ng, b\u1ea3o v\u1ec7 l\u00e0n da m\u1ecfng manh v\u00e0 m\u00e1i t\u00f3c t\u01a1 c\u1ee7a b\u00e9, ph\u00f9 h\u1ee3p cho c\u1ea3 tr\u1ebb s\u01a1 sinh.<\/p>\n<p> \u0110\u00e3 ki\u1ec3m nghi\u1ec7m l\u00e2m s\u00e0ng<br \/>\n \u0110\u01b0\u1ee3c ki\u1ec3m nghi\u1ec7m v\u00e0 khuy\u00ean d\u00f9ng b\u1edfi c\u00e1c chuy\u00ean gia da li\u1ec5u.<\/p>\n<p> Extra MilkyS\u1eefa t\u1eafm g\u1ed9i cho b\u00e9<br \/>\n D\u01b0\u1ee1ng \u1ea9m<br \/>\n Nh\u1eb9 nh\u00e0ng<br \/>\n Gi\u00fap l\u00e0m s\u1ea1ch, d\u01b0\u1ee1ng \u1ea9m g\u1ea5p 4 l\u1ea7n, \u0111\u1ec3 l\u1ea1i h\u01b0\u01a1ng ph\u1ea5n th\u01a1m d\u1ecbu nh\u1eb9 tr\u00ean l\u00e0n da b\u00e9. An to\u00e0n cho tr\u1ebb s\u01a1 sinh.<br \/>\n Th\u00e0nh ph\u1ea7n ch\u00ednh<\/p>\n<p> Lactoserum chi\u1ebft xu\u1ea5t t\u1eeb 100% s\u1eefa t\u1ef1 nhi\u00ean<br \/>\n L\u00e0m s\u1ea1ch d\u1ecbu nh\u1eb9 v\u00e0 c\u1ea5p \u1ea9m v\u01b0\u1ee3t tr\u1ed9i cho l\u00e0n da.<br \/>\n 4 th\u00e0nh ph\u1ea7n d\u01b0\u1ee1ng \u1ea9m k\u1ebft h\u1ee3p<br \/>\n Gi\u00fap t\u0103ng c\u01b0\u1eddng 4 l\u1ea7n \u0111\u1ed9 d\u01b0\u1ee1ng \u1ea9m cho l\u00e0n da b\u00e9.<br \/>\n L\u1ee3i \u00edch<br \/>\n G\u1ea5p 4 l\u1ea7n th\u00e0nh ph\u1ea7n chi\u1ebft xu\u1ea5t t\u1eeb s\u1eefa t\u1ef1 nhi\u00ean<br \/>\n Lactoserum, Lactic Acid v\u00e0 2 th\u00e0nh ph\u1ea7n d\u01b0\u1ee1ng \u1ea9m kh\u00e1c s\u1ebd b\u1ea3o v\u1ec7 v\u00e0 l\u00e0m d\u1ecbu l\u00e0n da m\u1ecfng manh c\u1ee7a b\u00e9<br \/>\n Ph\u00f9 h\u1ee3p v\u1edbi tr\u1ebb s\u01a1 sinh<br \/>\n L\u00e0m s\u1ea1ch nh\u1eb9 nh\u00e0ng, b\u1ea3o v\u1ec7 l\u00e0n da m\u1ecfng manh v\u00e0 m\u00e1i t\u00f3c t\u01a1 c\u1ee7a b\u00e9, ph\u00f9 h\u1ee3p cho c\u1ea3 tr\u1ebb s\u01a1 sinh.<br \/>\n \u0110\u00e3 ki\u1ec3m nghi\u1ec7m l\u00e2m s\u00e0ng<br \/>\n \u0110\u01b0\u1ee3c ki\u1ec3m nghi\u1ec7m v\u00e0 khuy\u00ean d\u00f9ng b\u1edfi c\u00e1c chuy\u00ean gia da li\u1ec5u.<br \/>\n Th\u00f4ng tin s\u1ea3n ph\u1ea9mS\u1ea3n ph\u1ea9m n\u00e0y d\u00f9ng \u0111\u1ec3 l\u00e0m g\u00ec?S\u1ea3n ph\u1ea9m s\u1eefa t\u1eafm g\u1ed9i h\u1eb1ng ng\u00e0y cho b\u00e9 Lactacyd Baby Extra Milky th\u00edch h\u1ee3p \u0111\u1ec3 t\u1eafm r\u1eeda h\u1eb1ng ng\u00e0y cho tr\u1ebb s\u01a1 sinh. S\u1ea3n ph\u1ea9m gi\u00fap l\u00e0m s\u1ea1ch d\u1ecbu nh\u1eb9 v\u00e0 d\u01b0\u1ee1ng \u1ea9m v\u01b0\u1ee3t tr\u1ed9i g\u1ea5p 4 l\u1ea7n cho l\u00e0n da b\u00e9.<\/p>\n<p> *S\u1ea3n ph\u1ea9m \u0111\u01b0\u1ee3c khuy\u00ean d\u00f9ng h\u1eb1ng ng\u00e0y.<br \/>\n S\u1ea3n ph\u1ea9m n\u00e0y d\u00f9ng nh\u01b0 th\u1ebf n\u00e0o?L\u1eafc tr\u01b0\u1edbc khi d\u00f9ng. Cho m\u1ed9t \u00edt s\u1eefa t\u1eafm g\u1ed9i ra b\u00f4ng t\u1eafm ho\u1eb7c l\u00f2ng b\u00e0n tay, r\u1ed3i thoa nh\u1eb9 l\u00ean to\u00e0n th\u00e2n v\u00e0 t\u00f3c b\u00e9. T\u1eafm l\u1ea1i b\u1eb1ng n\u01b0\u1edbc s\u1ea1ch.<br \/>\n S\u1ea3n ph\u1ea9m n\u00e0y c\u00f3 t\u00e1c d\u1ee5ng g\u00ec?S\u1eefa t\u1eafm g\u1ed9i h\u1eb1<\/p>\n","protected":false},"excerpt":{"rendered":"<p>Extra MilkyGi\u00fap l\u00e0m s\u1ea1ch, d\u01b0\u1ee1ng \u1ea9m g\u1ea5p 4 l\u1ea7n, \u0111\u1ec3 l\u1ea1i h\u01b0\u01a1ng ph\u1ea5n th\u01a1m d\u1ecbu nh\u1eb9 tr\u00ean l\u00e0n da b\u00e9. An to\u00e0n cho tr\u1ebb s\u01a1 sinh. Th\u00e0nh ph\u1ea7n ch\u00ednh Lactoserum chi\u1ebft xu\u1ea5t t\u1eeb 100% s\u1eefa t\u1ef1 nhi\u00ean L\u00e0m s\u1ea1ch d\u1ecbu nh\u1eb9 v\u00e0 c\u1ea5p \u1ea9m v\u01b0\u1ee3t tr\u1ed9i cho l\u00e0n da. 4 th\u00e0nh ph\u1ea7n d\u01b0\u1ee1ng \u1ea9m k\u1ebft&#8230;<\/p>\n","protected":false},"featured_media":8274,"comment_status":"open","ping_status":"closed","template":"","meta":[],"product_brand":[1558],"product_cat":[15,1392,1395],"product_tag":[491,1680,306,307,308,1679],"class_list":{"0":"post-9402","1":"product","2":"type-product","3":"status-publish","4":"has-post-thumbnail","6":"product_brand-lactacyd","7":"product_cat-chua-phan-loai","8":"product_cat-me-va-be","9":"product_cat-sua-tam-goi-cho-be","10":"product_tag-cetaphil","11":"product_tag-purren","12":"product_tag-sua-tam-cho-be-so-sinh","13":"product_tag-sua-tam-em-be","14":"product_tag-sua-tam-goi-be","15":"product_tag-tam-goi-be","17":"first","18":"onbackorder","19":"shipping-taxable","20":"purchasable","21":"product-type-simple"},"acf":[],"_links":{"self":[{"href":"https:\/\/thanglongbeauty.vn\/index.php?rest_route=\/wp\/v2\/product\/9402","targetHints":{"allow":["GET"]}}],"collection":[{"href":"https:\/\/thanglongbeauty.vn\/index.php?rest_route=\/wp\/v2\/product"}],"about":[{"href":"https:\/\/thanglongbeauty.vn\/index.php?rest_route=\/wp\/v2\/types\/product"}],"replies":[{"embeddable":true,"href":"https:\/\/thanglongbeauty.vn\/index.php?rest_route=%2Fwp%2Fv2%2Fcomments&post=9402"}],"wp:featuredmedia":[{"embeddable":true,"href":"https:\/\/thanglongbeauty.vn\/index.php?rest_route=\/wp\/v2\/media\/8274"}],"wp:attachment":[{"href":"https:\/\/thanglongbeauty.vn\/index.php?rest_route=%2Fwp%2Fv2%2Fmedia&parent=9402"}],"wp:term":[{"taxonomy":"product_brand","embeddable":true,"href":"https:\/\/thanglongbeauty.vn\/index.php?rest_route=%2Fwp%2Fv2%2Fproduct_brand&post=9402"},{"taxonomy":"product_cat","embeddable":true,"href":"https:\/\/thanglongbeauty.vn\/index.php?rest_route=%2Fwp%2Fv2%2Fproduct_cat&post=9402"},{"taxonomy":"product_tag","embeddable":true,"href":"https:\/\/thanglongbeauty.vn\/index.php?rest_route=%2Fwp%2Fv2%2Fproduct_tag&post=9402"}],"curies":[{"name":"wp","href":"https:\/\/api.w.org\/{rel}","templated":true}]}}