{"id":9407,"date":"2025-10-20T10:42:53","date_gmt":"2025-10-20T10:42:53","guid":{"rendered":"https:\/\/thanglongbeauty.vn\/san-pham\/san-pham-73\/"},"modified":"2026-01-13T10:37:30","modified_gmt":"2026-01-13T10:37:30","slug":"san-pham-73","status":"publish","type":"product","link":"https:\/\/thanglongbeauty.vn\/?product=san-pham-73","title":{"rendered":"N\u01b0\u1edbc hoa v\u00f9ng k\u00edn Foellie"},"content":{"rendered":"<p>N\u01b0\u1edbc hoa v\u00f9ng k\u00edn Foellie \u0110en v\u1edbi h\u01b0\u01a1ng th\u01a1m \u0111\u1eb7c tr\u01b0ng huy\u1ec1n b\u00ed v\u00e0 g\u1ee3i c\u1ea3m s\u1ebd l\u00e0m say \u0111\u1eafm m\u1ecdi gi\u00e1c quan c\u1ee7a b\u1ea1n, \u0111\u01b0\u1ee3c t\u1ea1o n\u00ean t\u1eeb 6 lo\u1ea1i tinh d\u1ea7u th\u1ef1c v\u1eadt t\u1ef1 nhi\u00ean, gi\u00fap lo\u1ea1i b\u1ecf m\u00f9i kh\u00f3 ch\u1ecbu t\u1eeb v\u00f9ng k\u00edn, c\u00e2n b\u1eb1ng \u0111\u1ed9 pH, b\u1ea3o v\u1ec7 v\u00f9ng nh\u1ea1y c\u1ea3m kh\u1ecfi vi khu\u1ea9n g\u00e2y h\u1ea1i v\u00e0 ng\u0103n ch\u1eb7n c\u00e1c v\u1ea5n \u0111\u1ec1 v\u1ec1 s\u1ee9c kh\u1ecfe ph\u1ee5 khoa. \u0110\u1ed3ng th\u1eddi, n\u01b0\u1edbc hoa c\u00f2n t\u1ea1o c\u1ea3m gi\u00e1c m\u00e1t l\u1ea1nh v\u00e0 s\u1ea3n kho\u00e1i, gi\u00fap b\u1ea1n t\u1ef1 tin h\u01a1n trong nh\u1eefng cu\u1ed9c y\u00eau \u0111\u1ea7y c\u1ea3m s\u00fac.<\/p>\n<p> N\u01b0\u1edbc hoa v\u00f9ng k\u00edn Foellie \u0110en l\u00e0 m\u1ed9t trong nh\u1eefng s\u1ea3n ph\u1ea9m b\u00e1n ch\u1ea1y nh\u1ea5t t\u1ea1i H\u00e0n Qu\u1ed1c. V\u1edbi h\u01b0\u01a1ng th\u01a1m m\u00e3nh li\u1ec7t v\u00e0 tr\u00e0n \u0111\u1ea7y s\u1ef1 quy\u1ebfn r\u0169, s\u1ea3n ph\u1ea9m n\u00e0y l\u00e0 l\u1ef1a ch\u1ecdn tuy\u1ec7t v\u1eddi cho nh\u1eefng c\u00f4 g\u00e1i hi\u1ec7n \u0111\u1ea1i, tr\u01b0\u1edfng th\u00e0nh, \u0111am m\u00ea t\u00ecnh y\u00eau m\u00e3nh li\u1ec7t v\u00e0 cu\u1ed1n h\u00fat.<br \/>\n N\u01b0\u1edbc hoa v\u00f9ng k\u00edn Foellie Eau De Bijou Inner Perfume \u0111\u00e3 tr\u1ea3i qua h\u00e0ng lo\u1ea1t b\u00e0i ki\u1ec3m tra v\u1ec1 \u0111\u1ed9 an to\u00e0n, t\u1eeb 8 c\u1ea5p \u0111\u1ed9 v\u00e0 lo\u1ea1i tr\u1eeb \u0111\u1ebfn 26 th\u00e0nh ph\u1ea7n g\u00e2y d\u1ecb \u1ee9ng, \u0111\u1ea3m b\u1ea3o s\u1ef1 an to\u00e0n tuy\u1ec7t \u0111\u1ed1i cho ng\u01b0\u1eddi s\u1eed d\u1ee5ng. B\u1ea1n c\u00f3 th\u1ec3 y\u00ean t\u00e2m s\u1eed d\u1ee5ng s\u1ea3n ph\u1ea9m n\u00e0y m\u00e0 kh\u00f4ng lo h\u1ea1i cho da v\u00e0 v\u00f9ng k\u00edn c\u1ee7a b\u1ea1n.<\/p>\n<p> C\u00f4ng d\u1ee5ng v\u01b0\u1ee3t tr\u1ed9i N\u01b0\u1edbc hoa v\u00f9ng k\u00edn Foellie \u0110en:<br \/>\n \u2705 LO\u1ea0I B\u1ece M\u00d9I H\u00d4I KH\u00d3 CH\u1ecaU<br \/>\n V\u1edbi m\u00f9i h\u01b0\u01a1ng \u0111\u1eb7c bi\u1ec7t gi\u00fap lo\u1ea1i b\u1ecf ho\u00e0n to\u00e0n m\u00f9i h\u00f4i kh\u00f3 ch\u1ecbu t\u1eeb v\u00f9ng k\u00edn, mang \u0111\u1ebfn c\u1ea3m gi\u00e1c t\u01b0\u01a1i m\u1edbi v\u00e0 \u0111\u1ea7y t\u1ef1 tin h\u01a1n tr\u01b0\u1edbc cu\u1ed9c y\u00eau.<br \/>\n \u2705 C\u00c2N B\u1eb0NG \u0110\u1ed8 pH<br \/>\n C\u00f3 t\u00e1c d\u1ee5ng c\u00e2n b\u1eb1ng \u0111\u1ed9 pH cho v\u00f9ng k\u00edn, gi\u1eef cho v\u00f9ng nh\u1ea1y c\u1ea3m \u1edf tr\u1ea1ng th\u00e1i c\u00e2n b\u1eb1ng v\u00e0 kh\u1ecfe m\u1ea1nh.<br \/>\n \u2705 NG\u0102N NG\u1eeaA VI\u00caM NHI\u1ec4M<br \/>\n B\u1ea3o v\u1ec7 v\u00f9ng nh\u1ea1y c\u1ea3m \u1edf v\u00f9ng k\u00edn kh\u1ecfi vi khu\u1ea9n g\u00e2y h\u1ea1i, ng\u0103n ng\u1eeba vi\u00eam nhi\u1ec5m \u00e2m \u0111\u1ea1o v\u00e0 c\u00e1c v\u1ea5n \u0111\u1ec1 v\u1ec1 s\u1ee9c kh\u1ecfe ph\u1ee5 khoa kh\u00e1c.<br \/>\n \u2705 T\u1ea0O H\u01af\u01a0NG TH\u01a0M \u0110\u1eb6C BI\u1ec6T<br \/>\n S\u1ea3n ph\u1ea9m mang \u0111\u1ebfn h\u01b0\u01a1ng th\u01a1m \u0111\u1eb7c bi\u1ec7t v\u00e0 \u0111\u1ea7y quy\u1ebfn r\u0169 cho v\u00f9ng k\u00edn, l\u01b0u h\u01b0\u01a1ng t\u1edbi 48h, t\u1ea1o c\u1ea3m gi\u00e1c t\u1ef1 tin v\u00e0 h\u1ea5p d\u1eabn h\u01a1n.<br \/>\n \u2705 AN TO\u00c0N, L\u00c0NH T\u00cdNH<br \/>\n Ch\u1ee9a c\u00e1c th\u00e0nh ph\u1ea7n t\u1ef1 nhi\u00ean l\u00e0nh t\u00ednh, \u0111\u00e3 tr\u1ea3i qua ki\u1ec3m tra ch\u1ea5t l\u01b0\u1ee3ng, lo\u1ea1i tr\u1eeb c\u00e1c th\u00e0nh ph\u1ea7n g\u00e2y d\u1ecb \u1ee9ng, \u0111\u1ea3m b\u1ea3o an to\u00e0n cho v\u00f9ng k\u00edn.<br \/>\n \u2705 NHI\u1ec0U M\u00d9I H\u01af\u01a0NG CHO B\u1ea0N<br \/>\n C\u00f3 s\u1eb5n trong nhi\u1ec1u m\u00f9i h\u01b0\u01a1ng kh\u00e1c nhau, cho ph\u00e9p b\u1ea1n l\u1ef1a ch\u1ecdn theo s\u1edf th\u00edch v\u00e0 phong c\u00e1ch c\u00e1 nh\u00e2n c\u1ee7a m\u00ecnh.<\/p>\n<p> N\u01b0\u1edbc hoa v\u00f9ng k\u00edn Foellie c\u00f3 ch\u1ee9a 6 lo\u1ea1i tinh d\u1ea7u t\u1eeb th\u1ef1c v\u1eadt, 99% kh\u00f4ng pha lo\u00e3ng, \u0111\u00e3 tr\u1ea3i qua nhi\u1ec1u b\u00e0i ki\u1ec3m tra an to\u00e0n, cam k\u1ebft kh\u00f4ng ch\u1ee9a c\u00e1c th\u00e0nh ph\u1ea7n g\u00e2y d\u1ecb \u1ee9ng, v\u00ec v\u1eady m\u00e0 b\u1ea1n c\u00f3 th\u1ec3 y\u00ean t\u00e2m s\u1eed d\u1ee5ng m\u1ed7i ng\u00e0y.<\/p>\n<p> Th\u00e0nh ph\u1ea7n ch\u00ednh N\u01b0\u1edbc hoa v\u00f9ng k\u00edn Foellie \u0110en:<br \/>\n D\u1ea7u hoa h\u01b0\u1edbng d\u01b0\u01a1ng: T\u1ea1o m\u00f9i th\u01a1m d\u1ecbu nh\u1eb9 v\u00e0 c\u00f3 kh\u1ea3 n\u0103ng kh\u00e1ng vi\u00eam, kh\u00e1ng khu\u1ea9n. \u0110\u1ed3ng th\u1eddi, l\u00e0m m\u1ec1m da v\u00e0 cung c\u1ea5p \u0111\u1ed9 \u1ea9m.<br \/>\n D\u1ea7u Jojoba: Ng\u0103n ng\u1eeba vi\u00eam nhi\u1ec5m, cung c\u1ea5p \u0111\u1ed9 \u1ea9m cho da, gi\u00fap gi\u1ea3m n\u1ebfp nh\u0103n v\u00e0 ch\u1ed1ng l\u00e3o h\u00f3a, \u0111\u1ec3 l\u1ea1i l\u00e0n da m\u1ec1m m\u1ecbn.<br \/>\n D\u1ea7u Argan: L\u00e0m m\u1ec1m da, cung c\u1ea5p \u0111\u1ed9 \u1ea9m cho da, ch\u1ed1ng l\u00e3o h\u00f3a, kh\u00e1ng vi\u00eam v\u00e0 kh\u00e1ng khu\u1ea9n.<br \/>\n D\u1ea7u hoa anh th\u1ea3o: Duy tr\u00ec v\u00e0 \u0111i\u1ec1u ho\u00e0 n\u1ed9i ti\u1ebft t\u1ed1 n\u1eef, c\u00e2n b\u1eb1ng hormone v\u00e0 \u0111\u1ed9 pH c\u1ee7a da, gi\u1ea3m t\u00ecnh tr\u1ea1ng m\u1ee5n n\u1ed9i ti\u1ebft.<br \/>\n D\u1ea7u Macadamia: D\u01b0\u1ee1ng da, cung c\u1ea5p \u0111\u1ed9 \u1ea9m, gi\u1eef cho da lu\u00f4n m\u1ec1m m\u1ecbn, ch\u1ed1ng oxy h\u00f3a v\u00e0 th\u00fac \u0111\u1ea9y qu\u00e1 tr\u00ecnh l\u00e0m l\u00e0nh v\u1ebft th\u01b0\u01a1ng.<br \/>\n D\u1ea7u l\u00e1 Camellia Oleifera: L\u00e0m d\u1ecbu da, se l\u1ed7 ch\u00e2n l\u00f4ng v\u00e0 c\u00f3 kh\u1ea3 n\u0103ng ch\u1ed1ng oxy h\u00f3a.<\/p>\n<p> Th\u00e0nh ph\u1ea7n kh\u00e1c:<br \/>\n Phytoncide: Gi\u00fap gi\u1ea3m stress v\u00e0 c\u0103ng th\u1eb3ng, mang l\u1ea1i c\u1ea3m gi\u00e1c tho\u1ea3i m\u00e1i.<br \/>\n Dipropylene Glycol: L\u00e0 ch\u1ea5t gi\u1eef \u1ea9m v\u00e0 gi\u1ea3m \u0111\u1ed9 nh\u1edbt trong m\u1ef9 ph\u1ea9m.<br \/>\n Benzyl Acetate: H\u1ee3p ch\u1ea5t h\u1eefu c\u01a1 c\u00f3 m\u00f9i h\u01b0\u01a1ng hoa nh\u00e0i.<br \/>\n Phenethyl Alcohol: C\u00f3 t\u00ednh kh\u00e1ng khu\u1ea9n v\u00e0 l\u00e0 ch\u1ea5t b\u1ea3o qu\u1ea3n t\u0103ng t\u00ednh \u1ed5n \u0111\u1ecbnh trong m\u1ef9 ph\u1ea9m.<\/p>\n<p> C\u00e1ch d\u00f9ng N\u01b0\u1edbc hoa v\u00f9ng k\u00edn Foellie \u0110en:<br \/>\n Nh\u1ecf 1-2 gi\u1ecdt n\u01b0\u1edbc hoa v\u00e0o qu\u1ea7n l\u00f3t: Dung d\u1ecbch s\u1ebd nhanh ch\u00f3ng kh\u1eed m\u00f9i hi\u1ec7u qu\u1ea3 v\u00e0 gi\u1eef m\u00f9i th\u01a1m l\u00e2u.<br \/>\n Th\u00eam 3-4 gi\u1ecdt v\u00e0o n\u01b0\u1edbc b\u1ed3n t\u1eafm: Khi t\u1eafm, n\u01b0\u1edbc hoa s\u1ebd lan t\u1ecfa m\u1ed9t m\u00f9i h\u01b0\u01a1ng d\u1ecbu nh\u1eb9 v\u00e0 mang l\u1ea1i c\u1ea3m gi\u00e1c th\u01b0 gi\u00e3n.<br \/>\n Nh\u1ecf 1-2 gi\u1ecdt l\u00ean b\u0103ng v\u1ec7 sinh: Trong th\u1eddi k\u1ef3 \u201c\u0111\u00e8n \u0111\u1ecf\u201d, n\u01b0\u1edbc hoa gi\u00fap kh\u1eed m\u00f9i h\u00f4i v\u00e0 c\u00e2n b\u1eb1ng \u0111\u1ed9 pH, mang l\u1ea1i s\u1ef1 t\u01b0\u01a1i m\u1edbi v\u00e0 t\u1ef1 tin.<br \/>\n \u00c1p d\u1ee5ng l\u00ean c\u00e1c v\u00f9ng tr\u00ean c\u01a1 th\u1ec3: Nh\u1ecf v\u00e0i gi\u1ecdt l\u00ean qu\u1ea7n l\u00f3t, c\u1ed5, c\u1ed5 tay, ho\u1eb7c ph\u1ea7n g\u00e1y \u0111\u1ec3 to\u00e0n b\u1ed9 c\u01a1 th\u1ec3 t\u1ecfa ra m\u00f9i h\u01b0\u01a1ng d\u1ecbu nh\u1eb9.<br \/>\n Nh\u1ecf 1-2 gi\u1ecdt v\u00e0o ph\u1ea7n mu \u00e2m \u0111\u1ea1o: C\u00e1ch n\u00e0y kh\u00f4ng g\u00e2y \u1ea3nh h\u01b0\u1edfng v\u00e0 gi\u00fap \u201cc\u00f4 b\u00e9\u201d lu\u00f4n th\u01a1m m\u00e1t v\u00e0 t\u1ecfa h\u01b0\u01a1ng su\u1ed1t c\u1ea3 ng\u00e0y.<br \/>\n Nh\u1ecf n\u01b0\u1edbc hoa v\u00e0o ph\u1ea7n khe \u0111\u00f9i: Gi\u1eef h\u01b0\u01a1ng th\u01a1m l\u00e2u b\u1eb1ng c\u00e1ch \u00e1p d\u1ee5ng n\u01b0\u1edbc hoa l\u00ean ph\u1ea7n khe \u0111\u00f9i.<\/p>\n<p> \u0110\u1ed1i t\u01b0\u1ee3ng s\u1eed d\u1ee5ng N\u01b0\u1edbc hoa v\u00f9ng k\u00edn Foellie \u0110en:<br \/>\n Ph\u1ee5 n\u1eef t\u1eeb 18 tu\u1ed5i tr\u1edf l\u00ean.<br \/>\n Ph\u00f9 h\u1ee3p nh\u1ea5t v\u1edbi nh\u1eefng c\u00f4 n\u00e0ng m\u1ea1nh m\u1ebd, c\u00e1 t\u00ednh v\u00e0 t\u00e1o b\u1ea1o.<br \/>\n L\u01b0u \u00fd:<br \/>\n Hi\u1ec7u qu\u1ea3 l\u01b0u h\u01b0\u01a1ng c\u00f2n t\u00f9y thu\u1ed9c v\u00e0o c\u01a1 \u0111\u1ecba m\u1ed7i ng\u01b0\u1eddi.<br \/>\n \u0110\u1ec3 xa t\u1ea7m tay tr\u1ebb em, n\u01a1i kh\u00f4 r\u00e1o, tho\u00e1ng m\u00e1t, tr\u00e1nh \u00e1nh n\u1eafng tr\u1ef1c ti\u1ebfp.<\/p>\n","protected":false},"excerpt":{"rendered":"<p>N\u01b0\u1edbc hoa v\u00f9ng k\u00edn Foellie \u0110en v\u1edbi h\u01b0\u01a1ng th\u01a1m \u0111\u1eb7c tr\u01b0ng huy\u1ec1n b\u00ed v\u00e0 g\u1ee3i c\u1ea3m s\u1ebd l\u00e0m say \u0111\u1eafm m\u1ecdi gi\u00e1c quan c\u1ee7a b\u1ea1n, \u0111\u01b0\u1ee3c t\u1ea1o n\u00ean t\u1eeb 6 lo\u1ea1i tinh d\u1ea7u th\u1ef1c v\u1eadt t\u1ef1 nhi\u00ean, gi\u00fap lo\u1ea1i b\u1ecf m\u00f9i kh\u00f3 ch\u1ecbu t\u1eeb v\u00f9ng k\u00edn, c\u00e2n b\u1eb1ng \u0111\u1ed9 pH, b\u1ea3o v\u1ec7 v\u00f9ng nh\u1ea1y c\u1ea3m&#8230;<\/p>\n","protected":false},"featured_media":7851,"comment_status":"open","ping_status":"closed","template":"","meta":[],"product_brand":[1586],"product_cat":[15,1782],"product_tag":[],"class_list":{"0":"post-9407","1":"product","2":"type-product","3":"status-publish","4":"has-post-thumbnail","6":"product_brand-foellie","7":"product_cat-chua-phan-loai","8":"product_cat-nuoc-hoa-vung-kin","10":"first","11":"onbackorder","12":"shipping-taxable","13":"purchasable","14":"product-type-simple"},"acf":[],"_links":{"self":[{"href":"https:\/\/thanglongbeauty.vn\/index.php?rest_route=\/wp\/v2\/product\/9407","targetHints":{"allow":["GET"]}}],"collection":[{"href":"https:\/\/thanglongbeauty.vn\/index.php?rest_route=\/wp\/v2\/product"}],"about":[{"href":"https:\/\/thanglongbeauty.vn\/index.php?rest_route=\/wp\/v2\/types\/product"}],"replies":[{"embeddable":true,"href":"https:\/\/thanglongbeauty.vn\/index.php?rest_route=%2Fwp%2Fv2%2Fcomments&post=9407"}],"wp:featuredmedia":[{"embeddable":true,"href":"https:\/\/thanglongbeauty.vn\/index.php?rest_route=\/wp\/v2\/media\/7851"}],"wp:attachment":[{"href":"https:\/\/thanglongbeauty.vn\/index.php?rest_route=%2Fwp%2Fv2%2Fmedia&parent=9407"}],"wp:term":[{"taxonomy":"product_brand","embeddable":true,"href":"https:\/\/thanglongbeauty.vn\/index.php?rest_route=%2Fwp%2Fv2%2Fproduct_brand&post=9407"},{"taxonomy":"product_cat","embeddable":true,"href":"https:\/\/thanglongbeauty.vn\/index.php?rest_route=%2Fwp%2Fv2%2Fproduct_cat&post=9407"},{"taxonomy":"product_tag","embeddable":true,"href":"https:\/\/thanglongbeauty.vn\/index.php?rest_route=%2Fwp%2Fv2%2Fproduct_tag&post=9407"}],"curies":[{"name":"wp","href":"https:\/\/api.w.org\/{rel}","templated":true}]}}