{"id":9416,"date":"2025-10-20T10:43:00","date_gmt":"2025-10-20T10:43:00","guid":{"rendered":"https:\/\/thanglongbeauty.vn\/san-pham\/san-pham-75\/"},"modified":"2026-01-13T09:14:51","modified_gmt":"2026-01-13T09:14:51","slug":"san-pham-75","status":"publish","type":"product","link":"https:\/\/thanglongbeauty.vn\/?product=san-pham-75","title":{"rendered":"H\u1ed9p N\u01b0\u1edbc Y\u1ebfn Sunnest \u0110\u00f4ng Tr\u00f9ng H\u1ea1 Th\u1ea3o"},"content":{"rendered":"<p>N\u01af\u1edaC Y\u1ebeN S\u00c0O THI\u00caN NHI\u00caN CAO C\u1ea4P SUNNEST 30% Y\u1ebeN \u0110\u00d4NG TR\u00d9NG H\u1ea0 TH\u1ea2O 30% Y\u1ebeN.<\/p>\n<p> &#8211; Th\u00e0nh ph\u1ea7n :<\/p>\n<p> Y\u1ebfn s\u00e0o 30%, \u0110\u00f4ng Tr\u00f9ng H\u1ea1 Th\u1ea3o 0,15% \u0111\u01b0\u1eddng ph\u00e8n, n\u01b0\u1edbc tinh khi\u1ebft, ch\u1ea5t \u1ed5n \u0111\u1ecbnh(calcium lattate), ch\u1ea5t l\u00e0m d\u00e0y(gella gum, sodium alginate), xanthan gum, guar gum), ch\u1ea5t b\u1ea3o qu\u1ea3n,( posstasium sorbate), h\u01b0\u01a1ng y\u1ebfn, c\u00e1c h\u01b0\u01a1ng li\u1ec7u \u0111\u1eb7c bi\u1ec7t kh\u00e1c<\/p>\n<p> &#8211; C\u00f4ng D\u1ee5ng C\u1ee7a Y\u1ebfn S\u00e0o Ch\u01b0ng \u0110\u00f4ng Tr\u00f9ng H\u1ea1 Th\u1ea3o Sunnest:<br \/>\n &#8211; T\u1ed1t cho s\u1ee9c kh\u1ecfe ng\u01b0\u1eddi cao tu\u1ed5i. T\u0103ng c\u01b0\u1eddng collagen, c\u1ea3i thi\u1ec7n l\u00e0n da, ch\u1ed1ng l\u00e3o h\u00f3a cho ph\u00e1i n\u1eef, b\u1ed9 th\u1eadn tr\u00e1ng d\u01b0\u01a1ng, kh\u00f4i ph\u1ee5c th\u1ec3 l\u1ef1c, t\u0103ng c\u01b0\u1eddng sinh l\u00fd ph\u00e1i m\u1ea1nh.<\/p>\n<p> &#8211; Y\u1ebfn s\u00e0o thi\u00ean nhi\u00ean (30%): Gi\u00fap b\u1ed5 sung dinh d\u01b0\u1ee1ng, ph\u1ee5c h\u1ed3i s\u1ee9c kh\u1ecfe, \u1ed5n \u0111\u1ecbnh th\u1ea7n kinh, ti\u00eau h\u00f3a t\u1ed1t.<br \/>\n &#8211; B\u1ed5 sung canxi gi\u1ea3m nguy c\u01a1 lo\u00e3ng x\u01b0\u01a1ng.<br \/>\n \u0110\u00f4ng Tr\u00f9ng gi\u00fap c\u01a1 th\u1ec3 t\u0103ng c\u01b0\u1eddng s\u1ee9c \u0111\u1ec1 kh\u00e1ng, b\u1ed3i b\u1ed5 c\u01a1 th\u1ec3. H\u1ed7 tr\u1ee3 ph\u1ee5c h\u1ed3i s\u1ee9c kh\u1ecfe sau ng\u00e0y d\u00e0i l\u00e0m vi\u1ec7c m\u1ec7t m\u1ecfi.<br \/>\n &#8211; S\u1ee3i t\u1ea3o bi\u1ec3n gi\u00fap cung c\u1ea5p m\u1ed9t d\u01b0\u1ee1ng ch\u1ea5t c\u1ea7n thi\u1ebft cho c\u01a1 th\u1ec3 ph\u00f9 h\u1ee3p v\u1edbi ho\u1ea1t \u0111\u1ed9ng c\u1ee7a c\u01a1 th\u1ec3.<br \/>\n &#8211; Y\u1ebfn s\u00e0o \u0111\u00f4ng tr\u00f9ng h\u1ea1 th\u1ea3o rottnest s\u1eed d\u1ee5ng tr\u1ef1c ti\u1ebfp<\/p>\n<p> C\u00c1CH D\u00d9NG:<br \/>\n &#8211; L\u1eafc nh\u1eb9 tr\u01b0\u1edbc khi d\u00f9ng, ngon h\u01a1n khi u\u1ed1ng l\u1ea1nh, n\u00ean s\u1eed d\u1ee5ng h\u1ebft khi m\u1edf n\u1eafp<\/p>\n<p> &#8211; Th\u1ec3 t\u00edch: h\u1ee7 70ml<br \/>\n &#8211; H\u1ea1n s\u1eed d\u1ee5ng:<\/p>\n<p> &#8211; 24 th\u00e1ng k\u1ec3 t\u1eeb ng\u00e0y s\u1ea3n xu\u1ea5t<\/p>\n","protected":false},"excerpt":{"rendered":"<p>N\u01af\u1edaC Y\u1ebeN S\u00c0O THI\u00caN NHI\u00caN CAO C\u1ea4P SUNNEST 30% Y\u1ebeN \u0110\u00d4NG TR\u00d9NG H\u1ea0 TH\u1ea2O 30% Y\u1ebeN. &#8211; Th\u00e0nh ph\u1ea7n : Y\u1ebfn s\u00e0o 30%, \u0110\u00f4ng Tr\u00f9ng H\u1ea1 Th\u1ea3o 0,15% \u0111\u01b0\u1eddng ph\u00e8n, n\u01b0\u1edbc tinh khi\u1ebft, ch\u1ea5t \u1ed5n \u0111\u1ecbnh(calcium lattate), ch\u1ea5t l\u00e0m d\u00e0y(gella gum, sodium alginate), xanthan gum, guar gum), ch\u1ea5t b\u1ea3o qu\u1ea3n,( posstasium sorbate), h\u01b0\u01a1ng y\u1ebfn, c\u00e1c&#8230;<\/p>\n","protected":false},"featured_media":6982,"comment_status":"open","ping_status":"closed","template":"","meta":[],"product_brand":[1570],"product_cat":[15,1765,1566],"product_tag":[1767,1766,1760,1761],"class_list":{"0":"post-9416","1":"product","2":"type-product","3":"status-publish","4":"has-post-thumbnail","6":"product_brand-sun-nest","7":"product_cat-chua-phan-loai","8":"product_cat-sun-nest","9":"product_cat-yen","10":"product_tag-sun-nest","11":"product_tag-ye-hu","12":"product_tag-yen","13":"product_tag-yen-xao","15":"first","16":"onbackorder","17":"shipping-taxable","18":"purchasable","19":"product-type-simple"},"acf":[],"_links":{"self":[{"href":"https:\/\/thanglongbeauty.vn\/index.php?rest_route=\/wp\/v2\/product\/9416","targetHints":{"allow":["GET"]}}],"collection":[{"href":"https:\/\/thanglongbeauty.vn\/index.php?rest_route=\/wp\/v2\/product"}],"about":[{"href":"https:\/\/thanglongbeauty.vn\/index.php?rest_route=\/wp\/v2\/types\/product"}],"replies":[{"embeddable":true,"href":"https:\/\/thanglongbeauty.vn\/index.php?rest_route=%2Fwp%2Fv2%2Fcomments&post=9416"}],"wp:featuredmedia":[{"embeddable":true,"href":"https:\/\/thanglongbeauty.vn\/index.php?rest_route=\/wp\/v2\/media\/6982"}],"wp:attachment":[{"href":"https:\/\/thanglongbeauty.vn\/index.php?rest_route=%2Fwp%2Fv2%2Fmedia&parent=9416"}],"wp:term":[{"taxonomy":"product_brand","embeddable":true,"href":"https:\/\/thanglongbeauty.vn\/index.php?rest_route=%2Fwp%2Fv2%2Fproduct_brand&post=9416"},{"taxonomy":"product_cat","embeddable":true,"href":"https:\/\/thanglongbeauty.vn\/index.php?rest_route=%2Fwp%2Fv2%2Fproduct_cat&post=9416"},{"taxonomy":"product_tag","embeddable":true,"href":"https:\/\/thanglongbeauty.vn\/index.php?rest_route=%2Fwp%2Fv2%2Fproduct_tag&post=9416"}],"curies":[{"name":"wp","href":"https:\/\/api.w.org\/{rel}","templated":true}]}}