{"id":9430,"date":"2025-10-20T11:05:13","date_gmt":"2025-10-20T11:05:13","guid":{"rendered":"https:\/\/thanglongbeauty.vn\/?post_type=product&#038;p=9430"},"modified":"2026-01-13T09:36:36","modified_gmt":"2026-01-13T09:36:36","slug":"bong-tay-trang-meo-cotton-pads-222-mieng","status":"publish","type":"product","link":"https:\/\/thanglongbeauty.vn\/?product=bong-tay-trang-meo-cotton-pads-222-mieng","title":{"rendered":"B\u00f4ng t\u1ea9y trang M\u00e8o cotton pads 222 mi\u1ebfng gi\u00e1 r\u1ebb"},"content":{"rendered":"<p>B\u00f4ng t\u1ea9y trang 3 l\u1edbp Cotton Pads [T\u00fai 222 mi\u1ebfng]\n<p><a href=\"https:\/\/thanglongbeauty.vn\/wp-content\/uploads\/2025\/10\/bong-tay-trang-cotton-pads-meo-222.png\"><img loading=\"lazy\" decoding=\"async\" class=\"alignnone size-medium wp-image-9648\" src=\"https:\/\/thanglongbeauty.vn\/wp-content\/uploads\/2025\/10\/bong-tay-trang-cotton-pads-meo-222-300x300.png\" alt=\"\" width=\"300\" height=\"300\" srcset=\"https:\/\/thanglongbeauty.vn\/wp-content\/uploads\/2025\/10\/bong-tay-trang-cotton-pads-meo-222-300x300.png 300w, https:\/\/thanglongbeauty.vn\/wp-content\/uploads\/2025\/10\/bong-tay-trang-cotton-pads-meo-222-150x150.png 150w, https:\/\/thanglongbeauty.vn\/wp-content\/uploads\/2025\/10\/bong-tay-trang-cotton-pads-meo-222-768x768.png 768w, https:\/\/thanglongbeauty.vn\/wp-content\/uploads\/2025\/10\/bong-tay-trang-cotton-pads-meo-222-600x600.png 600w, https:\/\/thanglongbeauty.vn\/wp-content\/uploads\/2025\/10\/bong-tay-trang-cotton-pads-meo-222-100x100.png 100w, https:\/\/thanglongbeauty.vn\/wp-content\/uploads\/2025\/10\/bong-tay-trang-cotton-pads-meo-222-64x64.png 64w, https:\/\/thanglongbeauty.vn\/wp-content\/uploads\/2025\/10\/bong-tay-trang-cotton-pads-meo-222.png 900w\" sizes=\"auto, (max-width: 300px) 100vw, 300px\" \/><\/a> <a href=\"https:\/\/thanglongbeauty.vn\/wp-content\/uploads\/2025\/10\/si-bong-tay-trang-222.png\"><img loading=\"lazy\" decoding=\"async\" class=\"alignnone size-medium wp-image-9649\" src=\"https:\/\/thanglongbeauty.vn\/wp-content\/uploads\/2025\/10\/si-bong-tay-trang-222-300x300.png\" alt=\"\" width=\"300\" height=\"300\" srcset=\"https:\/\/thanglongbeauty.vn\/wp-content\/uploads\/2025\/10\/si-bong-tay-trang-222-300x300.png 300w, https:\/\/thanglongbeauty.vn\/wp-content\/uploads\/2025\/10\/si-bong-tay-trang-222-150x150.png 150w, https:\/\/thanglongbeauty.vn\/wp-content\/uploads\/2025\/10\/si-bong-tay-trang-222-768x768.png 768w, https:\/\/thanglongbeauty.vn\/wp-content\/uploads\/2025\/10\/si-bong-tay-trang-222-600x600.png 600w, https:\/\/thanglongbeauty.vn\/wp-content\/uploads\/2025\/10\/si-bong-tay-trang-222-100x100.png 100w, https:\/\/thanglongbeauty.vn\/wp-content\/uploads\/2025\/10\/si-bong-tay-trang-222-64x64.png 64w, https:\/\/thanglongbeauty.vn\/wp-content\/uploads\/2025\/10\/si-bong-tay-trang-222.png 900w\" sizes=\"auto, (max-width: 300px) 100vw, 300px\" \/><\/a><br \/>\n&#8211; 100% b\u00f4ng t\u1ef1 nhi\u00ean.<br \/>\n&#8211; C\u00f3 t\u00fai PP r\u00fat si\u00eau ti\u1ec7n l\u1ee3i v\u00e0 gi\u1eef v\u1ec7 sinh. Mi\u1ebfng b\u00f4ng \u0111\u01b0\u1ee3c vi\u1ec1n xung quanh \u0111\u1ec3 tr\u00e1nh b\u1ecb r\u00e1ch, hay x\u00f9 b\u00f4ng.<br \/>\nThi\u1ebft k\u1ebf v\u1edbi 2 m\u1eb7t b\u00f4ng v\u01a1i 2 c\u00f4ng d\u1ee5ng kh\u00e1c nhau: M\u1ed9t m\u1eb7t \u0111\u01b0\u1ee3c d\u00f9ng \u0111\u1ec3 l\u1ea5y l\u1edbp trang, b\u1ee5i b\u1ea9n \u0111\u01b0\u1ee3c d\u1ec5 d\u00e0ng. M\u1eb7t c\u00f2n l\u1ea1i \u0111\u01b0\u1ee3c d\u00f9ng \u0111\u1ec3 l\u00e0m s\u1ea1ch nh\u1eb9 nh\u00e0ng sau khi l\u1edbp trang \u0111i\u1ec3m v\u00e0 b\u1ee5i b\u1ea9n \u0111\u00e3 \u0111\u01b0\u1ee3c l\u1ea5y \u0111i.<br \/>\nH\u01b0\u1edbng d\u1eabn s\u1eed d\u1ee5ng: B\u00f4ng t\u1ea9y trang 3 l\u1edbp Cotton Pads [T\u00fai 222 mi\u1ebfng]\n&#8211; Khi d\u01b0\u1ee1ng da: T\u1ea9m n\u01b0\u1edbc hoa h\u1ed3ng c\u01a1 b\u1ea3n l\u00ean mi\u1ebfng b\u00f4ng t\u1ea9y trang r\u1ed3i s\u1eed d\u1ee5ng<br \/>\n&#8211; Khi t\u1ea9y trang:<br \/>\n+ D\u00f9ng dung d\u1ecbch t\u1ea9y trang massage m\u1eb7t, ti\u1ebfp theo \u0111\u00f3 s\u1eed d\u1ee5ng b\u00f4ng t\u1ea9y trang lau s\u1ea1ch<br \/>\n+ Th\u1ea5m dung d\u1ecbch t\u1ea9y trang l\u00ean b\u00f4ng, sau \u0111\u00f3 d\u00f9ng b\u00f4ng lau nh\u1eefng v\u00f9ng da c\u1ea7n t\u1ea9y trang.<\/p>\n<p><a href=\"https:\/\/thanglongbeauty.vn\/wp-content\/uploads\/2025\/10\/bong-tay-trang-222.png\"><img loading=\"lazy\" decoding=\"async\" class=\"alignnone size-medium wp-image-9644\" src=\"https:\/\/thanglongbeauty.vn\/wp-content\/uploads\/2025\/10\/bong-tay-trang-222-300x300.png\" alt=\"\" width=\"300\" height=\"300\" srcset=\"https:\/\/thanglongbeauty.vn\/wp-content\/uploads\/2025\/10\/bong-tay-trang-222-300x300.png 300w, https:\/\/thanglongbeauty.vn\/wp-content\/uploads\/2025\/10\/bong-tay-trang-222-150x150.png 150w, https:\/\/thanglongbeauty.vn\/wp-content\/uploads\/2025\/10\/bong-tay-trang-222-768x768.png 768w, https:\/\/thanglongbeauty.vn\/wp-content\/uploads\/2025\/10\/bong-tay-trang-222-600x600.png 600w, https:\/\/thanglongbeauty.vn\/wp-content\/uploads\/2025\/10\/bong-tay-trang-222-100x100.png 100w, https:\/\/thanglongbeauty.vn\/wp-content\/uploads\/2025\/10\/bong-tay-trang-222-64x64.png 64w, https:\/\/thanglongbeauty.vn\/wp-content\/uploads\/2025\/10\/bong-tay-trang-222.png 900w\" sizes=\"auto, (max-width: 300px) 100vw, 300px\" \/><\/a><\/p>\n<p><a href=\"https:\/\/thanglongbeauty.vn\/wp-content\/uploads\/2025\/10\/si-bong-tay-trang-1.png\"><img loading=\"lazy\" decoding=\"async\" class=\"alignnone size-medium wp-image-9613\" src=\"https:\/\/thanglongbeauty.vn\/wp-content\/uploads\/2025\/10\/si-bong-tay-trang-1-300x157.png\" alt=\"\" width=\"300\" height=\"157\" srcset=\"https:\/\/thanglongbeauty.vn\/wp-content\/uploads\/2025\/10\/si-bong-tay-trang-1-300x157.png 300w, https:\/\/thanglongbeauty.vn\/wp-content\/uploads\/2025\/10\/si-bong-tay-trang-1-1024x536.png 1024w, https:\/\/thanglongbeauty.vn\/wp-content\/uploads\/2025\/10\/si-bong-tay-trang-1-768x402.png 768w, https:\/\/thanglongbeauty.vn\/wp-content\/uploads\/2025\/10\/si-bong-tay-trang-1-600x314.png 600w, https:\/\/thanglongbeauty.vn\/wp-content\/uploads\/2025\/10\/si-bong-tay-trang-1-64x33.png 64w, https:\/\/thanglongbeauty.vn\/wp-content\/uploads\/2025\/10\/si-bong-tay-trang-1.png 1200w\" sizes=\"auto, (max-width: 300px) 100vw, 300px\" \/><\/a><\/p>\n","protected":false},"excerpt":{"rendered":"<p>B\u00f4ng t\u1ea9y trang 3 l\u1edbp Cotton Pads [T\u00fai 222 mi\u1ebfng] &#8211; 100% b\u00f4ng t\u1ef1 nhi\u00ean. &#8211; C\u00f3 t\u00fai PP r\u00fat si\u00eau ti\u1ec7n l\u1ee3i v\u00e0 gi\u1eef v\u1ec7 sinh. Mi\u1ebfng b\u00f4ng \u0111\u01b0\u1ee3c vi\u1ec1n xung quanh \u0111\u1ec3 tr\u00e1nh b\u1ecb r\u00e1ch, hay x\u00f9 b\u00f4ng. Thi\u1ebft k\u1ebf v\u1edbi 2 m\u1eb7t b\u00f4ng v\u01a1i 2 c\u00f4ng d\u1ee5ng kh\u00e1c nhau: M\u1ed9t m\u1eb7t \u0111\u01b0\u1ee3c&#8230;<\/p>\n","protected":false},"featured_media":9647,"comment_status":"open","ping_status":"closed","template":"","meta":[],"product_brand":[1516],"product_cat":[15,1475,1486,1398,1668,1669,1419],"product_tag":[148,532,197,520,212,1670,1664,214],"class_list":{"0":"post-9430","1":"product","2":"type-product","3":"status-publish","4":"has-post-thumbnail","6":"product_brand-cotton-pads","7":"product_cat-chua-phan-loai","8":"product_cat-bong-tay-trang","9":"product_cat-bong-tay-trang-2","10":"product_cat-cham-soc-da","11":"product_cat-cotton-pad","12":"product_cat-meo","13":"product_cat-thuong-hieu-ban-yeu-thich","14":"product_tag-bong-tay-trang","15":"product_tag-bong-tay-trang-150-mieng","16":"product_tag-bong-tay-trang-222","17":"product_tag-bong-tay-trang-cotton","18":"product_tag-bong-tay-trang-han-quoc","19":"product_tag-bong-tay-trang-meo","20":"product_tag-bong-tay-trang-quoc-dan","21":"product_tag-cotton-pads","23":"first","24":"instock","25":"sale","26":"shipping-taxable","27":"purchasable","28":"product-type-simple"},"acf":[],"_links":{"self":[{"href":"https:\/\/thanglongbeauty.vn\/index.php?rest_route=\/wp\/v2\/product\/9430","targetHints":{"allow":["GET"]}}],"collection":[{"href":"https:\/\/thanglongbeauty.vn\/index.php?rest_route=\/wp\/v2\/product"}],"about":[{"href":"https:\/\/thanglongbeauty.vn\/index.php?rest_route=\/wp\/v2\/types\/product"}],"replies":[{"embeddable":true,"href":"https:\/\/thanglongbeauty.vn\/index.php?rest_route=%2Fwp%2Fv2%2Fcomments&post=9430"}],"wp:featuredmedia":[{"embeddable":true,"href":"https:\/\/thanglongbeauty.vn\/index.php?rest_route=\/wp\/v2\/media\/9647"}],"wp:attachment":[{"href":"https:\/\/thanglongbeauty.vn\/index.php?rest_route=%2Fwp%2Fv2%2Fmedia&parent=9430"}],"wp:term":[{"taxonomy":"product_brand","embeddable":true,"href":"https:\/\/thanglongbeauty.vn\/index.php?rest_route=%2Fwp%2Fv2%2Fproduct_brand&post=9430"},{"taxonomy":"product_cat","embeddable":true,"href":"https:\/\/thanglongbeauty.vn\/index.php?rest_route=%2Fwp%2Fv2%2Fproduct_cat&post=9430"},{"taxonomy":"product_tag","embeddable":true,"href":"https:\/\/thanglongbeauty.vn\/index.php?rest_route=%2Fwp%2Fv2%2Fproduct_tag&post=9430"}],"curies":[{"name":"wp","href":"https:\/\/api.w.org\/{rel}","templated":true}]}}