{"id":9474,"date":"2025-10-20T11:05:20","date_gmt":"2025-10-20T11:05:20","guid":{"rendered":"https:\/\/thanglongbeauty.vn\/san-pham\/kem-chong-nang-hemia-50ml\/"},"modified":"2025-10-31T08:24:44","modified_gmt":"2025-10-31T08:24:44","slug":"kem-chong-nang-hemia-50ml","status":"publish","type":"product","link":"https:\/\/thanglongbeauty.vn\/?product=kem-chong-nang-hemia-50ml","title":{"rendered":"Kem ch\u1ed1ng n\u1eafng HEMIA v\u1eadt l\u00fd n\u00e2ng tone 50ml"},"content":{"rendered":"<p>KEM CH\u1ed0NG N\u1eaeNG HEMIA<br \/>\nKem ch\u1ed1ng n\u1eafng Hemia d\u01b0\u1ee1ng tr\u1eafng make up b\u1ea3o v\u1ec7 da ch\u1ed1ng l\u00e3o ho\u00e1-da d\u1ea7u, da m\u1ee5n, da kh\u00f4, da th\u01b0\u1eddng- H\u00e0n qu\u1ed1c. Ch\u1ea5t kem c\u00f3 k\u1ebft c\u1ea5u x\u1ed1p, ki\u1ec3m so\u00e1t b\u00e3 nh\u1eddn ki\u1ec1m d\u1ea7u. S\u1ea3n ph\u1ea9m \u0111\u01b0\u1ee3c thi\u1ebft k\u1ebf ph\u00f9 h\u1ee3p v\u1edbi m\u1ecdi lo\u1ea1i da, nh\u1ecf g\u1ecdn ti\u1ec7n l\u1ee3i mang theo m\u1ecdi n\u01a1i. Ch\u1ea5t kem c\u00f3 k\u1ebft c\u1ea5u x\u1ed1p, ki\u1ec3m so\u00e1t b\u00e3 nh\u1eddn ki\u1ec1m d\u1ea7u, s\u1ea3n ph\u1ea9m \u0111\u01b0\u1ee3c thi\u1ebft k\u1ebf ph\u00f9 h\u1ee3p v\u1edbi m\u1ecdi lo\u1ea1i da, k\u1ec3 c\u1ea3 b\u1ea7u b\u00ed v\u00e0 da nh\u1ea1y c\u1ea3m nh\u1ea5t.<\/p>\n<p><a href=\"https:\/\/thanglongbeauty.vn\/wp-content\/uploads\/2025\/10\/chong-nang-hemia-kem.png\"><img loading=\"lazy\" decoding=\"async\" class=\"alignnone size-medium wp-image-9963\" src=\"https:\/\/thanglongbeauty.vn\/wp-content\/uploads\/2025\/10\/chong-nang-hemia-kem-300x300.png\" alt=\"\" width=\"300\" height=\"300\" srcset=\"https:\/\/thanglongbeauty.vn\/wp-content\/uploads\/2025\/10\/chong-nang-hemia-kem-300x300.png 300w, https:\/\/thanglongbeauty.vn\/wp-content\/uploads\/2025\/10\/chong-nang-hemia-kem-1024x1024.png 1024w, https:\/\/thanglongbeauty.vn\/wp-content\/uploads\/2025\/10\/chong-nang-hemia-kem-150x150.png 150w, https:\/\/thanglongbeauty.vn\/wp-content\/uploads\/2025\/10\/chong-nang-hemia-kem-768x768.png 768w, https:\/\/thanglongbeauty.vn\/wp-content\/uploads\/2025\/10\/chong-nang-hemia-kem-600x600.png 600w, https:\/\/thanglongbeauty.vn\/wp-content\/uploads\/2025\/10\/chong-nang-hemia-kem-100x100.png 100w, https:\/\/thanglongbeauty.vn\/wp-content\/uploads\/2025\/10\/chong-nang-hemia-kem-64x64.png 64w, https:\/\/thanglongbeauty.vn\/wp-content\/uploads\/2025\/10\/chong-nang-hemia-kem.png 1375w\" sizes=\"auto, (max-width: 300px) 100vw, 300px\" \/><\/a><\/p>\n<p>TH\u00c0NH PH\u1ea6N<br \/>\nTh\u00e0nh ph\u1ea7n: EGF, titanium dioxide, Ethylhexy meyhoxycinnamate, chi\u1ebft xu\u1ea5t d\u01b0a v\u00e0ng, c\u00e2y alpine sanice, Hyaluronic Acid<\/p>\n<p>C\u00d4NG D\u1ee4NG<br \/>\nC\u00f3 ch\u1ec9 s\u1ed1 ch\u1ed1ng n\u1eafng cao SPF 50+ PA++++ gi\u00fap ch\u1ed1ng n\u1eafng v\u00e0 ch\u1ed1ng tia UV c\u00f3 h\u1ea1i cho l\u00e0n da nh\u01b0 tia UVA v\u00e0 UVB hi\u1ec7u qu\u1ea3, b\u1ea3o v\u1ec7 da su\u1ed1t c\u1ea3 ng\u00e0y d\u00e0i.<br \/>\nB\u1ea3o v\u1ec7 da kh\u1ecfi c\u00e1c t\u00e1c nh\u00e2n g\u00e2y h\u1ea1i t\u1eeb m\u00f4i tr\u01b0\u1eddng xung quanh khi\u1ebfn da b\u1ecb ch\u00e1y n\u1eafng, \u0111en s\u1ea1m v\u00e0 t\u00ecnh tr\u1ea1ng ung th\u01b0 da.<br \/>\nGi\u00fap c\u1ea5p n\u01b0\u1edbc, c\u1ea5p \u1ea9m v\u00e0 d\u01b0\u1ee1ng tr\u1eafng cho da m\u1ecbn m\u00e0ng t\u1eeb b\u00ean trong.<br \/>\nKh\u1ea3 n\u0103ng ki\u1ec3m so\u00e1t b\u00e3 nh\u1eddn v\u00e0 ki\u1ec1m d\u1ea7u hi\u1ec7u qu\u1ea3 tr\u00ean da.<br \/>\nH\u1ed7 tr\u1ee3 l\u00e0m m\u1edd c\u0169ng nh\u01b0 ng\u0103n ng\u1eeba xu\u1ea5t hi\u1ec7n l\u1ea1i c\u00e1c v\u1ebft th\u00e2m, s\u1ea1m n\u00e1m, \u0111\u1ed3i m\u1ed3i.<br \/>\nS\u1ea3n ph\u1ea9m ph\u00f9 h\u1ee3p v\u1edbi m\u1ecdi lo\u1ea1i da, k\u1ec3 c\u1ea3 v\u1edbi l\u00e0n da nh\u1ea1y c\u1ea3m, kh\u00f3 chi\u1ec1u nh\u1ea5t.<br \/>\nH\u1ed7 tr\u1ee3 t\u00e1i t\u1ea1o v\u00e0 k\u00edch th\u00edch s\u1ea3n sinh collagen t\u1eeb b\u00ean trong cho da kh\u1ecfe kho\u1eafn, m\u1ecbn m\u00e0ng h\u01a1n.<br \/>\nH\u01af\u1edaNG D\u1eaaN S\u1eec D\u1ee4NG<br \/>\nThoa m\u1ed9t l\u01b0\u1ee3ng kem v\u1eeba m\u1ecfng l\u00ean da sau b\u01b0\u1edbc d\u01b0\u1ee1ng.<br \/>\nThoa l\u1ea1i sau 3 gi\u1edd \u0111\u1ec3 duy tr\u00ec t\u00e1c d\u1ee5ng d\u01b0\u1edbi tr\u1eddi n\u1eafng li\u00ean t\u1ee5c<br \/>\nS\u1eed d\u1ee5ng m\u1ed7i ng\u00e0y tr\u01b0\u1edbc khi ra n\u1eafng \u00edt nh\u1ea5t 20 ph\u00fat.<br \/>\nB\u1ea3o qu\u1ea3n n\u01a1i kh\u00f4 r\u00e1o tho\u00e1ng m\u00e1t,tr\u00e1nh \u00e1nh s\u00e1ng tr\u1ef1c ti\u1ebfp.<\/p>\n<p><a href=\"https:\/\/thanglongbeauty.vn\/wp-content\/uploads\/2025\/10\/nguon-si-my-pham-kem-cho-nang.png\"><img loading=\"lazy\" decoding=\"async\" class=\"alignnone size-medium wp-image-9965\" src=\"https:\/\/thanglongbeauty.vn\/wp-content\/uploads\/2025\/10\/nguon-si-my-pham-kem-cho-nang-300x300.png\" alt=\"\" width=\"300\" height=\"300\" srcset=\"https:\/\/thanglongbeauty.vn\/wp-content\/uploads\/2025\/10\/nguon-si-my-pham-kem-cho-nang-300x300.png 300w, https:\/\/thanglongbeauty.vn\/wp-content\/uploads\/2025\/10\/nguon-si-my-pham-kem-cho-nang-1024x1024.png 1024w, https:\/\/thanglongbeauty.vn\/wp-content\/uploads\/2025\/10\/nguon-si-my-pham-kem-cho-nang-150x150.png 150w, https:\/\/thanglongbeauty.vn\/wp-content\/uploads\/2025\/10\/nguon-si-my-pham-kem-cho-nang-768x768.png 768w, https:\/\/thanglongbeauty.vn\/wp-content\/uploads\/2025\/10\/nguon-si-my-pham-kem-cho-nang-600x600.png 600w, https:\/\/thanglongbeauty.vn\/wp-content\/uploads\/2025\/10\/nguon-si-my-pham-kem-cho-nang-100x100.png 100w, https:\/\/thanglongbeauty.vn\/wp-content\/uploads\/2025\/10\/nguon-si-my-pham-kem-cho-nang-64x64.png 64w, https:\/\/thanglongbeauty.vn\/wp-content\/uploads\/2025\/10\/nguon-si-my-pham-kem-cho-nang.png 1375w\" sizes=\"auto, (max-width: 300px) 100vw, 300px\" \/><\/a> <a href=\"https:\/\/thanglongbeauty.vn\/wp-content\/uploads\/2025\/10\/chong-nang-nang-tone-hemia-gia-tot.png\"><img loading=\"lazy\" decoding=\"async\" class=\"alignnone size-medium wp-image-9964\" src=\"https:\/\/thanglongbeauty.vn\/wp-content\/uploads\/2025\/10\/chong-nang-nang-tone-hemia-gia-tot-300x300.png\" alt=\"\" width=\"300\" height=\"300\" srcset=\"https:\/\/thanglongbeauty.vn\/wp-content\/uploads\/2025\/10\/chong-nang-nang-tone-hemia-gia-tot-300x300.png 300w, https:\/\/thanglongbeauty.vn\/wp-content\/uploads\/2025\/10\/chong-nang-nang-tone-hemia-gia-tot-1024x1024.png 1024w, https:\/\/thanglongbeauty.vn\/wp-content\/uploads\/2025\/10\/chong-nang-nang-tone-hemia-gia-tot-150x150.png 150w, https:\/\/thanglongbeauty.vn\/wp-content\/uploads\/2025\/10\/chong-nang-nang-tone-hemia-gia-tot-768x768.png 768w, https:\/\/thanglongbeauty.vn\/wp-content\/uploads\/2025\/10\/chong-nang-nang-tone-hemia-gia-tot-600x600.png 600w, https:\/\/thanglongbeauty.vn\/wp-content\/uploads\/2025\/10\/chong-nang-nang-tone-hemia-gia-tot-100x100.png 100w, https:\/\/thanglongbeauty.vn\/wp-content\/uploads\/2025\/10\/chong-nang-nang-tone-hemia-gia-tot-64x64.png 64w, https:\/\/thanglongbeauty.vn\/wp-content\/uploads\/2025\/10\/chong-nang-nang-tone-hemia-gia-tot.png 1375w\" sizes=\"auto, (max-width: 300px) 100vw, 300px\" \/><\/a><a href=\"https:\/\/thanglongbeauty.vn\/wp-content\/uploads\/2025\/10\/chong-nang-hemia-gia-re-2.png\"><img loading=\"lazy\" decoding=\"async\" class=\"alignnone size-medium wp-image-9961\" src=\"https:\/\/thanglongbeauty.vn\/wp-content\/uploads\/2025\/10\/chong-nang-hemia-gia-re-2-300x300.png\" alt=\"\" width=\"300\" height=\"300\" srcset=\"https:\/\/thanglongbeauty.vn\/wp-content\/uploads\/2025\/10\/chong-nang-hemia-gia-re-2-300x300.png 300w, https:\/\/thanglongbeauty.vn\/wp-content\/uploads\/2025\/10\/chong-nang-hemia-gia-re-2-1024x1024.png 1024w, https:\/\/thanglongbeauty.vn\/wp-content\/uploads\/2025\/10\/chong-nang-hemia-gia-re-2-150x150.png 150w, https:\/\/thanglongbeauty.vn\/wp-content\/uploads\/2025\/10\/chong-nang-hemia-gia-re-2-768x768.png 768w, https:\/\/thanglongbeauty.vn\/wp-content\/uploads\/2025\/10\/chong-nang-hemia-gia-re-2-600x600.png 600w, https:\/\/thanglongbeauty.vn\/wp-content\/uploads\/2025\/10\/chong-nang-hemia-gia-re-2-100x100.png 100w, https:\/\/thanglongbeauty.vn\/wp-content\/uploads\/2025\/10\/chong-nang-hemia-gia-re-2-64x64.png 64w, https:\/\/thanglongbeauty.vn\/wp-content\/uploads\/2025\/10\/chong-nang-hemia-gia-re-2.png 1375w\" sizes=\"auto, (max-width: 300px) 100vw, 300px\" \/><\/a><\/p>\n","protected":false},"excerpt":{"rendered":"<p>KEM CH\u1ed0NG N\u1eaeNG HEMIA Kem ch\u1ed1ng n\u1eafng Hemia d\u01b0\u1ee1ng tr\u1eafng make up b\u1ea3o v\u1ec7 da ch\u1ed1ng l\u00e3o ho\u00e1-da d\u1ea7u, da m\u1ee5n, da kh\u00f4, da th\u01b0\u1eddng- H\u00e0n qu\u1ed1c. Ch\u1ea5t kem c\u00f3 k\u1ebft c\u1ea5u x\u1ed1p, ki\u1ec3m so\u00e1t b\u00e3 nh\u1eddn ki\u1ec1m d\u1ea7u. S\u1ea3n ph\u1ea9m \u0111\u01b0\u1ee3c thi\u1ebft k\u1ebf ph\u00f9 h\u1ee3p v\u1edbi m\u1ecdi lo\u1ea1i da, nh\u1ecf g\u1ecdn ti\u1ec7n l\u1ee3i mang&#8230;<\/p>\n","protected":false},"featured_media":9962,"comment_status":"open","ping_status":"closed","template":"","meta":[],"product_brand":[1646],"product_cat":[15,1398,1488,1407],"product_tag":[362,465,472,363,1740,1737],"class_list":{"0":"post-9474","1":"product","2":"type-product","3":"status-publish","4":"has-post-thumbnail","6":"product_brand-hemia","7":"product_cat-chua-phan-loai","8":"product_cat-cham-soc-da","9":"product_cat-cham-soc-mat","10":"product_cat-kem-chong-nang","11":"product_tag-chong-nang","12":"product_tag-chong-nang-nang-tone","13":"product_tag-chong-nang-nang-tong","14":"product_tag-kem-chong-nang","15":"product_tag-kem-chong-nang-hemia","16":"product_tag-kem-chong-nang-vat-ly","18":"first","19":"onbackorder","20":"sale","21":"shipping-taxable","22":"purchasable","23":"product-type-simple"},"acf":[],"_links":{"self":[{"href":"https:\/\/thanglongbeauty.vn\/index.php?rest_route=\/wp\/v2\/product\/9474","targetHints":{"allow":["GET"]}}],"collection":[{"href":"https:\/\/thanglongbeauty.vn\/index.php?rest_route=\/wp\/v2\/product"}],"about":[{"href":"https:\/\/thanglongbeauty.vn\/index.php?rest_route=\/wp\/v2\/types\/product"}],"replies":[{"embeddable":true,"href":"https:\/\/thanglongbeauty.vn\/index.php?rest_route=%2Fwp%2Fv2%2Fcomments&post=9474"}],"wp:featuredmedia":[{"embeddable":true,"href":"https:\/\/thanglongbeauty.vn\/index.php?rest_route=\/wp\/v2\/media\/9962"}],"wp:attachment":[{"href":"https:\/\/thanglongbeauty.vn\/index.php?rest_route=%2Fwp%2Fv2%2Fmedia&parent=9474"}],"wp:term":[{"taxonomy":"product_brand","embeddable":true,"href":"https:\/\/thanglongbeauty.vn\/index.php?rest_route=%2Fwp%2Fv2%2Fproduct_brand&post=9474"},{"taxonomy":"product_cat","embeddable":true,"href":"https:\/\/thanglongbeauty.vn\/index.php?rest_route=%2Fwp%2Fv2%2Fproduct_cat&post=9474"},{"taxonomy":"product_tag","embeddable":true,"href":"https:\/\/thanglongbeauty.vn\/index.php?rest_route=%2Fwp%2Fv2%2Fproduct_tag&post=9474"}],"curies":[{"name":"wp","href":"https:\/\/api.w.org\/{rel}","templated":true}]}}