{"id":9515,"date":"2025-10-20T11:28:06","date_gmt":"2025-10-20T11:28:06","guid":{"rendered":"https:\/\/thanglongbeauty.vn\/?post_type=product&#038;p=9515"},"modified":"2025-10-25T10:09:48","modified_gmt":"2025-10-25T10:09:48","slug":"khan-uot-fressi-care-face-20-mieng","status":"publish","type":"product","link":"https:\/\/thanglongbeauty.vn\/?product=khan-uot-fressi-care-face-20-mieng","title":{"rendered":"Kh\u0103n \u01af\u1edbt Fressi Care Face 20 mi\u1ebfng"},"content":{"rendered":"<p>L\u00e0 lo\u1ea1i kh\u0103n \u01b0\u1edbt \u0111\u01b0\u1ee3c l\u00e0m t\u1eeb ch\u1ea5t li\u1ec7u v\u1ea3i kh\u00f4ng d\u1ec7t cao c\u1ea5p c\u00f3 t\u00ednh \u0111\u00e0n h\u1ed3i cao, \u0111\u1ea3m b\u1ea3o \u0111\u1ed9 dai v\u00e0 m\u1ec1m m\u1ecbn c\u00f9ng h\u01b0\u01a1ng t\u1ef1 nhi\u00ean \u0111\u1ebfn t\u1eeb th\u01b0\u01a1ng hi\u1ec7u kh\u0103n \u01b0\u1edbt Fressi. Kh\u0103n \u01b0\u1edbt ch\u0103m s\u00f3c da Fressi Care Face h\u01b0\u01a1ng t\u1ef1 nhi\u00ean g\u00f3i 20 mi\u1ebfng chi\u1ebft xu\u1ea5t l\u00f4 h\u1ed9i gi\u00fap b\u1ed5 sung \u1ea9m cho l\u00e0n da m\u1ec1m m\u1ea1i<br \/>\nTh\u01b0\u01a1ng hi\u1ec7u Fressi (Vi\u1ec7t Nam)<\/p>\n<p><a href=\"https:\/\/thanglongbeauty.vn\/wp-content\/uploads\/2025\/10\/khan-uot-fressi-care-face-huong-20-to.png\"><img loading=\"lazy\" decoding=\"async\" class=\"alignnone size-medium wp-image-9812\" src=\"https:\/\/thanglongbeauty.vn\/wp-content\/uploads\/2025\/10\/khan-uot-fressi-care-face-huong-20-to-300x300.png\" alt=\"\" width=\"300\" height=\"300\" srcset=\"https:\/\/thanglongbeauty.vn\/wp-content\/uploads\/2025\/10\/khan-uot-fressi-care-face-huong-20-to-300x300.png 300w, https:\/\/thanglongbeauty.vn\/wp-content\/uploads\/2025\/10\/khan-uot-fressi-care-face-huong-20-to-150x150.png 150w, https:\/\/thanglongbeauty.vn\/wp-content\/uploads\/2025\/10\/khan-uot-fressi-care-face-huong-20-to-768x768.png 768w, https:\/\/thanglongbeauty.vn\/wp-content\/uploads\/2025\/10\/khan-uot-fressi-care-face-huong-20-to-600x600.png 600w, https:\/\/thanglongbeauty.vn\/wp-content\/uploads\/2025\/10\/khan-uot-fressi-care-face-huong-20-to-100x100.png 100w, https:\/\/thanglongbeauty.vn\/wp-content\/uploads\/2025\/10\/khan-uot-fressi-care-face-huong-20-to-64x64.png 64w, https:\/\/thanglongbeauty.vn\/wp-content\/uploads\/2025\/10\/khan-uot-fressi-care-face-huong-20-to.png 1000w\" sizes=\"auto, (max-width: 300px) 100vw, 300px\" \/><\/a><a href=\"https:\/\/thanglongbeauty.vn\/wp-content\/uploads\/2025\/10\/khan-uot-fressi-care-face-huong-nha-dam-goi-20-to-2.png\"><img loading=\"lazy\" decoding=\"async\" class=\"alignnone size-medium wp-image-9814\" src=\"https:\/\/thanglongbeauty.vn\/wp-content\/uploads\/2025\/10\/khan-uot-fressi-care-face-huong-nha-dam-goi-20-to-2-300x300.png\" alt=\"\" width=\"300\" height=\"300\" srcset=\"https:\/\/thanglongbeauty.vn\/wp-content\/uploads\/2025\/10\/khan-uot-fressi-care-face-huong-nha-dam-goi-20-to-2-300x300.png 300w, https:\/\/thanglongbeauty.vn\/wp-content\/uploads\/2025\/10\/khan-uot-fressi-care-face-huong-nha-dam-goi-20-to-2-150x150.png 150w, https:\/\/thanglongbeauty.vn\/wp-content\/uploads\/2025\/10\/khan-uot-fressi-care-face-huong-nha-dam-goi-20-to-2-768x768.png 768w, https:\/\/thanglongbeauty.vn\/wp-content\/uploads\/2025\/10\/khan-uot-fressi-care-face-huong-nha-dam-goi-20-to-2-600x600.png 600w, https:\/\/thanglongbeauty.vn\/wp-content\/uploads\/2025\/10\/khan-uot-fressi-care-face-huong-nha-dam-goi-20-to-2-100x100.png 100w, https:\/\/thanglongbeauty.vn\/wp-content\/uploads\/2025\/10\/khan-uot-fressi-care-face-huong-nha-dam-goi-20-to-2-64x64.png 64w, https:\/\/thanglongbeauty.vn\/wp-content\/uploads\/2025\/10\/khan-uot-fressi-care-face-huong-nha-dam-goi-20-to-2.png 1000w\" sizes=\"auto, (max-width: 300px) 100vw, 300px\" \/><\/a><br \/>\nS\u1ea3n xu\u1ea5t t\u1ea1i Vi\u1ec7t Nam<br \/>\n\u0110\u1eb7c t\u00ednh s\u1ea3n ph\u1ea9m S\u1ea3n xu\u1ea5t trong m\u00f4i tr\u01b0\u1eddng v\u00f4 tr\u00f9ng. C\u00f4ng th\u1ee9c s\u1ea1ch nh\u1eddn, an to\u00e0n cho da. S\u1ea3n ph\u1ea9m v\u1edbi 99% n\u01b0\u1edbc tinh khi\u1ebft v\u00e0 l\u00f4 h\u1ed9i gi\u00fap b\u1ed5 sung \u1ea9m cho l\u00e0n da m\u1ec1m m\u1ea1i<br \/>\nM\u00f9i h\u01b0\u01a1ng H\u01b0\u01a1ng t\u1ef1 nhi\u00ean<br \/>\nS\u1ed1 l\u01b0\u1ee3ng 20 mi\u1ebfng<br \/>\nCh\u1ec9 ti\u00eau k\u00edch \u1ee9ng An to\u00e0n cho da. N\u1ebfu c\u00f3 k\u00edch \u1ee9ng x\u1ea3y ra vui l\u00f2ng ng\u1eebng s\u1eed d\u1ee5ng v\u00e0 h\u1ecfi \u00fd ki\u1ebfn b\u00e1c s\u0129<br \/>\nL\u01b0u \u00fd S\u1ea3n ph\u1ea9m kh\u00f4ng tan trong n\u01b0\u1edbc, xin \u0111\u1eebng v\u1ee9t v\u00e0o toilet<br \/>\n\u01afu \u0111i\u1ec3m Kh\u00f4ng ch\u1ee9a c\u1ed3n, kh\u00f4ng ch\u1ee9a Paraben<br \/>\nB\u1ea3o qu\u1ea3n B\u1ea3o qu\u1ea3n n\u01a1i kh\u00f4 m\u00e1t, tr\u00e1nh \u00e1nh n\u1eafng tr\u1ef1c ti\u1ebfp v\u00e0 nh\u1eefng n\u01a1i c\u00f3 nhi\u1ec7t \u0111\u1ed9 cao<\/p>\n<p>#kh\u0103n\u01b0\u1edbt #kh\u0103n_\u01b0\u1edbt #khanuot #khan_uot #kh\u0103n\u01b0\u1edbtemb\u00e9<br \/>\n#kh\u0103n_\u01b0\u1edbt_em_b\u00e9 #khanuotembe #khan_uot_em_be #kh\u0103n\u01b0\u1edbtbobby #kh\u0103n_\u01b0\u1edbt_bobby #khanuotbobby #khan_uot_bobby #kh\u0103n\u01b0\u1edbtallcare #kh\u0103n_\u01b0\u1edbt_all_care #khanuotallcare<br \/>\n#khan_uot_all_care #kh\u0103n\u01b0\u1edbtallfressicare #kh\u0103n_\u01b0\u1edbt_all_fressi_care #khanuotallfressicare #khan_uot_all_fressi_care #Kh\u0103n\u01b0\u1edbtgi\u00e1b\u1ea3onhi\u1ec1u #Kh\u0103n_\u01b0\u1edbt_gi\u00e1_b\u1ea3o_nhi\u1ec1u #khanuotgiabaonhieu #khan_uot_gia_bao_nhieu #Kh\u0103n\u01b0\u1edbtBobby #Kh\u0103n_\u01b0\u1edbt_Bobby #Gi\u00e1kh\u0103n\u01b0\u1edbtBaby #Gi\u00e1_kh\u0103n_\u01b0\u1edbt_Baby #giakhanuotbaby #gia_khan_uot_baby #Kh\u0103n\u01b0\u1edbtkh\u00f4ngm\u00f9i #Kh\u0103n_\u01b0\u1edbt_kh\u00f4ng_m\u00f9i #khanuotkhongmui #khan_uot_khong_mui #Kh\u0103ngi\u1ea5y\u01b0\u1edbtAgi #Kh\u0103n_gi\u1ea5y_\u01b0\u1edbt_Agi #khangiayuotagi<br \/>\n#khan_giay_uot_agi #Kh\u0103ngi\u1ea5y\u01b0\u1edbtqu\u00e1nan #Kh\u0103n_gi\u1ea5y_\u01b0\u1edbt_qu\u00e1n_an #khangiayuotquanan #khan_giay_uot_quan_an #Kh\u0103n\u01b0\u1edbt100to #Kh\u0103n_\u01b0\u1edbt_100_to #khanuot100to #khan_uot_100_to #Kh\u0103ngi\u1ea5y\u01b0\u1edbtgi\u00e1s\u1ec9 #Kh\u0103n_gi\u1ea5y_\u01b0\u1edbt_gi\u00e1_s\u1ec9 #khangiayuotgiasi #khan_giay_uot_gia_si<br \/>\n&#8212;<br \/>\nTh\u0103ng Long_beauty- C\u00f4ng TY TNHH D\u1ecaCH V\u1ee4 PH\u00c2N PH\u1ed0I TH\u0102NG LONG l\u00e0 m\u1ed9t c\u00f4ng ty chuy\u00ean cung c\u1ea5p c\u00e1c s\u1ea3n ph\u1ea9m \u0111\u1ed3 cho m\u1eb9 v\u00e0 b\u00e9, nh\u1eefng s\u1ea3n ph\u1ea9m ch\u0103m s\u00f3c s\u1ee9c kh\u1ecfe \u2013 l\u00e0m \u0111\u1eb9p v\u00e0 kh\u1ea9u trang y t\u1ebf.<br \/>\nLi\u00ean h\u1ec7 \u0111\u1ec3 \u0111\u01b0\u1ee3c mua gi\u00e1 s\u1ec9 c\u1ef1c \u01b0u<\/p>\n<p><a href=\"https:\/\/thanglongbeauty.vn\/wp-content\/uploads\/2025\/10\/khan-uot-fressi-care-face-huong-goi-20-to.png\"><img loading=\"lazy\" decoding=\"async\" class=\"alignnone size-medium wp-image-9813\" src=\"https:\/\/thanglongbeauty.vn\/wp-content\/uploads\/2025\/10\/khan-uot-fressi-care-face-huong-goi-20-to-300x300.png\" alt=\"\" width=\"300\" height=\"300\" srcset=\"https:\/\/thanglongbeauty.vn\/wp-content\/uploads\/2025\/10\/khan-uot-fressi-care-face-huong-goi-20-to-300x300.png 300w, https:\/\/thanglongbeauty.vn\/wp-content\/uploads\/2025\/10\/khan-uot-fressi-care-face-huong-goi-20-to-150x150.png 150w, https:\/\/thanglongbeauty.vn\/wp-content\/uploads\/2025\/10\/khan-uot-fressi-care-face-huong-goi-20-to-768x768.png 768w, https:\/\/thanglongbeauty.vn\/wp-content\/uploads\/2025\/10\/khan-uot-fressi-care-face-huong-goi-20-to-600x600.png 600w, https:\/\/thanglongbeauty.vn\/wp-content\/uploads\/2025\/10\/khan-uot-fressi-care-face-huong-goi-20-to-100x100.png 100w, https:\/\/thanglongbeauty.vn\/wp-content\/uploads\/2025\/10\/khan-uot-fressi-care-face-huong-goi-20-to-64x64.png 64w, https:\/\/thanglongbeauty.vn\/wp-content\/uploads\/2025\/10\/khan-uot-fressi-care-face-huong-goi-20-to.png 1000w\" sizes=\"auto, (max-width: 300px) 100vw, 300px\" \/><\/a> <a href=\"https:\/\/thanglongbeauty.vn\/wp-content\/uploads\/2025\/10\/khan-uot-fressi-care-face-huong-20-to.png\"><img loading=\"lazy\" decoding=\"async\" class=\"alignnone size-medium wp-image-9812\" src=\"https:\/\/thanglongbeauty.vn\/wp-content\/uploads\/2025\/10\/khan-uot-fressi-care-face-huong-20-to-300x300.png\" alt=\"\" width=\"300\" height=\"300\" srcset=\"https:\/\/thanglongbeauty.vn\/wp-content\/uploads\/2025\/10\/khan-uot-fressi-care-face-huong-20-to-300x300.png 300w, https:\/\/thanglongbeauty.vn\/wp-content\/uploads\/2025\/10\/khan-uot-fressi-care-face-huong-20-to-150x150.png 150w, https:\/\/thanglongbeauty.vn\/wp-content\/uploads\/2025\/10\/khan-uot-fressi-care-face-huong-20-to-768x768.png 768w, https:\/\/thanglongbeauty.vn\/wp-content\/uploads\/2025\/10\/khan-uot-fressi-care-face-huong-20-to-600x600.png 600w, https:\/\/thanglongbeauty.vn\/wp-content\/uploads\/2025\/10\/khan-uot-fressi-care-face-huong-20-to-100x100.png 100w, https:\/\/thanglongbeauty.vn\/wp-content\/uploads\/2025\/10\/khan-uot-fressi-care-face-huong-20-to-64x64.png 64w, https:\/\/thanglongbeauty.vn\/wp-content\/uploads\/2025\/10\/khan-uot-fressi-care-face-huong-20-to.png 1000w\" sizes=\"auto, (max-width: 300px) 100vw, 300px\" \/><\/a> <a href=\"https:\/\/thanglongbeauty.vn\/wp-content\/uploads\/2025\/10\/khan-uot-fressi-care-face-huong-nha-dam-goi-20-to-3.png\"><img loading=\"lazy\" decoding=\"async\" class=\"alignnone size-medium wp-image-9815\" src=\"https:\/\/thanglongbeauty.vn\/wp-content\/uploads\/2025\/10\/khan-uot-fressi-care-face-huong-nha-dam-goi-20-to-3-300x300.png\" alt=\"\" width=\"300\" height=\"300\" srcset=\"https:\/\/thanglongbeauty.vn\/wp-content\/uploads\/2025\/10\/khan-uot-fressi-care-face-huong-nha-dam-goi-20-to-3-300x300.png 300w, https:\/\/thanglongbeauty.vn\/wp-content\/uploads\/2025\/10\/khan-uot-fressi-care-face-huong-nha-dam-goi-20-to-3-150x150.png 150w, https:\/\/thanglongbeauty.vn\/wp-content\/uploads\/2025\/10\/khan-uot-fressi-care-face-huong-nha-dam-goi-20-to-3-768x768.png 768w, https:\/\/thanglongbeauty.vn\/wp-content\/uploads\/2025\/10\/khan-uot-fressi-care-face-huong-nha-dam-goi-20-to-3-600x600.png 600w, https:\/\/thanglongbeauty.vn\/wp-content\/uploads\/2025\/10\/khan-uot-fressi-care-face-huong-nha-dam-goi-20-to-3-100x100.png 100w, https:\/\/thanglongbeauty.vn\/wp-content\/uploads\/2025\/10\/khan-uot-fressi-care-face-huong-nha-dam-goi-20-to-3-64x64.png 64w, https:\/\/thanglongbeauty.vn\/wp-content\/uploads\/2025\/10\/khan-uot-fressi-care-face-huong-nha-dam-goi-20-to-3.png 1000w\" sizes=\"auto, (max-width: 300px) 100vw, 300px\" \/><\/a><\/p>\n","protected":false},"excerpt":{"rendered":"<p>L\u00e0 lo\u1ea1i kh\u0103n \u01b0\u1edbt \u0111\u01b0\u1ee3c l\u00e0m t\u1eeb ch\u1ea5t li\u1ec7u v\u1ea3i kh\u00f4ng d\u1ec7t cao c\u1ea5p c\u00f3 t\u00ednh \u0111\u00e0n h\u1ed3i cao, \u0111\u1ea3m b\u1ea3o \u0111\u1ed9 dai v\u00e0 m\u1ec1m m\u1ecbn c\u00f9ng h\u01b0\u01a1ng t\u1ef1 nhi\u00ean \u0111\u1ebfn t\u1eeb th\u01b0\u01a1ng hi\u1ec7u kh\u0103n \u01b0\u1edbt Fressi. Kh\u0103n \u01b0\u1edbt ch\u0103m s\u00f3c da Fressi Care Face h\u01b0\u01a1ng t\u1ef1 nhi\u00ean g\u00f3i 20 mi\u1ebfng chi\u1ebft xu\u1ea5t l\u00f4 h\u1ed9i&#8230;<\/p>\n","protected":false},"featured_media":9816,"comment_status":"open","ping_status":"closed","template":"","meta":[],"product_brand":[1499],"product_cat":[15,1401],"product_tag":[516,1615,1617,1616,1620,1618,1619,1703],"class_list":{"0":"post-9515","1":"product","2":"type-product","3":"status-publish","4":"has-post-thumbnail","6":"product_brand-fressi","7":"product_cat-chua-phan-loai","8":"product_cat-khan-uot","9":"product_tag-khan-giay","10":"product_tag-khan-uot","11":"product_tag-khan-uot-bobby","12":"product_tag-khan-uot-cho-be","13":"product_tag-khan-uot-khong-con","14":"product_tag-khan-uot-khong-mui","15":"product_tag-khan-uot-mini","16":"product_tag-khan-uot-nguoi-lon","18":"first","19":"instock","20":"shipping-taxable","21":"purchasable","22":"product-type-simple"},"acf":[],"_links":{"self":[{"href":"https:\/\/thanglongbeauty.vn\/index.php?rest_route=\/wp\/v2\/product\/9515","targetHints":{"allow":["GET"]}}],"collection":[{"href":"https:\/\/thanglongbeauty.vn\/index.php?rest_route=\/wp\/v2\/product"}],"about":[{"href":"https:\/\/thanglongbeauty.vn\/index.php?rest_route=\/wp\/v2\/types\/product"}],"replies":[{"embeddable":true,"href":"https:\/\/thanglongbeauty.vn\/index.php?rest_route=%2Fwp%2Fv2%2Fcomments&post=9515"}],"wp:featuredmedia":[{"embeddable":true,"href":"https:\/\/thanglongbeauty.vn\/index.php?rest_route=\/wp\/v2\/media\/9816"}],"wp:attachment":[{"href":"https:\/\/thanglongbeauty.vn\/index.php?rest_route=%2Fwp%2Fv2%2Fmedia&parent=9515"}],"wp:term":[{"taxonomy":"product_brand","embeddable":true,"href":"https:\/\/thanglongbeauty.vn\/index.php?rest_route=%2Fwp%2Fv2%2Fproduct_brand&post=9515"},{"taxonomy":"product_cat","embeddable":true,"href":"https:\/\/thanglongbeauty.vn\/index.php?rest_route=%2Fwp%2Fv2%2Fproduct_cat&post=9515"},{"taxonomy":"product_tag","embeddable":true,"href":"https:\/\/thanglongbeauty.vn\/index.php?rest_route=%2Fwp%2Fv2%2Fproduct_tag&post=9515"}],"curies":[{"name":"wp","href":"https:\/\/api.w.org\/{rel}","templated":true}]}}